{"id":4233,"date":"2024-04-09T21:30:53","date_gmt":"2024-04-09T21:30:53","guid":{"rendered":"https:\/\/www.unioviedo.es\/cestudiantes\/?page_id=4233"},"modified":"2025-11-09T17:10:50","modified_gmt":"2025-11-09T17:10:50","slug":"comunicado-inicio-campana","status":"publish","type":"page","link":"https:\/\/www.unioviedo.es\/cestudiantes\/index.php\/comunicado-inicio-campana\/","title":{"rendered":"Comunicado sobre inicio de la campa\u00f1a a candidato a Rector"},"content":{"rendered":"\t\t<div data-elementor-type=\"wp-page\" data-elementor-id=\"4233\" class=\"elementor elementor-4233\">\n\t\t\t\t\t\t<section class=\"elementor-section elementor-top-section elementor-element elementor-element-10d5c5d elementor-section-boxed elementor-section-height-default elementor-section-height-default\" data-id=\"10d5c5d\" data-element_type=\"section\" data-e-type=\"section\">\n\t\t\t\t\t\t<div class=\"elementor-container elementor-column-gap-default\">\n\t\t\t\t\t<div class=\"elementor-column elementor-col-100 elementor-top-column elementor-element elementor-element-8b6d475\" data-id=\"8b6d475\" data-element_type=\"column\" data-e-type=\"column\">\n\t\t\t<div class=\"elementor-widget-wrap elementor-element-populated\">\n\t\t\t\t\t\t<div class=\"elementor-element elementor-element-1c93ee5 elementor-widget elementor-widget-html\" data-id=\"1c93ee5\" data-element_type=\"widget\" data-e-type=\"widget\" data-widget_type=\"html.default\">\n\t\t\t\t<div class=\"elementor-widget-container\">\n\t\t\t\t\t<!-- ======= ACLARACIONES \u00b7 CANDIDATO A RECTOR (scope: #rector-clar) ======= -->\r\n<section id=\"rector-clar\" lang=\"es\" aria-labelledby=\"rc-title\">\r\n  <style>\r\n    \/* ===== Scope total: solo #rector-clar ===== *\/\r\n    #rector-clar{\r\n      --brand:#03827C; --brand2:#0fb9b1; --ink:#0f172a; --muted:#475569;\r\n      --bg:#ffffff; --bg-soft:#f7fffd; --line:rgba(2,6,23,.10); --ring:rgba(3,130,124,.38);\r\n      --shadow:0 22px 60px rgba(2,6,23,.10);\r\n      --radius-xl:26px; --radius:18px; --space:clamp(12px,2vw,24px); --w:1100px;\r\n      --h1:clamp(26px,3vw,44px); --text:clamp(15px,1.35vw,17px);\r\n      font-family:ui-sans-serif,system-ui,-apple-system,\"Segoe UI\",Roboto,Arial,sans-serif;\r\n      color:var(--ink); padding:clamp(12px,2vw,26px); background:linear-gradient(180deg,#fff,#f7fffd);\r\n      text-rendering:optimizeLegibility; -webkit-font-smoothing:antialiased;\r\n    }\r\n    #rector-clar *{ box-sizing:border-box }\r\n    #rector-clar a{ color:inherit; text-decoration:none }\r\n\r\n    #rector-clar .wrap{ max-width:var(--w); margin:0 auto }\r\n\r\n    \/* ===== Hero ===== *\/\r\n    #rector-clar .hero{\r\n      border:1px solid var(--line); border-radius:var(--radius-xl);\r\n      background:\r\n        linear-gradient(180deg,rgba(255,255,255,.96),rgba(247,255,253,.98)) padding-box,\r\n        linear-gradient(180deg,rgba(3,130,124,.28),rgba(15,185,177,.28)) border-box;\r\n      overflow:hidden; box-shadow:var(--shadow);\r\n      padding:clamp(18px,2.4vw,30px);\r\n      position:relative;\r\n    }\r\n    #rector-clar .hero::after{\r\n      content:\"\"; position:absolute; left:0; right:0; bottom:0;\r\n      height:4px; background:linear-gradient(90deg,var(--brand),var(--brand2));\r\n      opacity:.75;\r\n    }\r\n    #rector-clar h1{\r\n      margin:0; font-size:var(--h1); line-height:1.06; font-weight:900; letter-spacing:.2px;\r\n      background:linear-gradient(90deg,var(--brand),var(--brand2));\r\n      -webkit-background-clip:text; background-clip:text; color:transparent; text-wrap:balance;\r\n    }\r\n    #rector-clar .meta{\r\n      margin:.65rem 0 0; color:var(--muted); font-weight:700; letter-spacing:.3px;\r\n    }\r\n\r\n    \/* ===== Contenido ===== *\/\r\n    #rector-clar .content{\r\n      margin:clamp(16px,2.6vw,30px) 0 0;\r\n      border:1px solid var(--line); border-radius:22px; background:#fff; box-shadow:var(--shadow);\r\n      padding:clamp(16px,2.2vw,22px);\r\n    }\r\n    #rector-clar .content p{\r\n      font-size:var(--text); line-height:1.78; margin:0 0 1.05rem; color:var(--ink);\r\n      text-align:justify; text-justify:inter-word; hyphens:auto; overflow-wrap:anywhere;\r\n    }\r\n    #rector-clar .content p:first-child::first-letter{\r\n      float:left; font-weight:900; font-size:2.6em; line-height:.9; margin:.04em .22em 0 0;\r\n      background:linear-gradient(180deg,var(--brand),var(--brand2));\r\n      -webkit-background-clip:text; background-clip:text; color:transparent;\r\n    }\r\n\r\n    \/* ===== CTAs ===== *\/\r\n    #rector-clar .cta{\r\n      display:grid; grid-template-columns:repeat(2,minmax(0,1fr)); gap:14px; margin:clamp(14px,2.2vw,22px) 0 0;\r\n    }\r\n    #rector-clar .btn{\r\n      display:flex; align-items:center; justify-content:center; padding:14px 16px;\r\n      border-radius:16px; font-weight:800; letter-spacing:.2px; text-align:center;\r\n      background:\r\n        linear-gradient(180deg,#ffffff,#f4fbf8) padding-box,\r\n        linear-gradient(180deg,rgba(3,130,124,.38),rgba(15,185,177,.38)) border-box;\r\n      border:1px solid transparent; box-shadow:0 14px 34px rgba(2,6,23,.14);\r\n      transition:transform .18s ease, box-shadow .18s ease, background .18s ease;\r\n    }\r\n    #rector-clar .btn:hover{ transform:translateY(-2px); box-shadow:0 20px 44px rgba(2,6,23,.18) }\r\n    #rector-clar .btn.secondary{\r\n      background:\r\n        linear-gradient(180deg,#ffffff,#fafafa) padding-box,\r\n        linear-gradient(180deg,rgba(2,6,23,.22),rgba(2,6,23,.14)) border-box;\r\n    }\r\n    #rector-clar .btn:focus-visible, #rector-clar a:focus-visible{\r\n      outline:3px solid var(--ring); outline-offset:2px; border-radius:16px\r\n    }\r\n\r\n    \/* ===== Responsive ===== *\/\r\n    @media (max-width: 880px){\r\n      #rector-clar .cta{ grid-template-columns:1fr }\r\n    }\r\n\r\n    \/* ===== Print ===== *\/\r\n    @media print{\r\n      #rector-clar{ background:#fff; padding:0 }\r\n      #rector-clar .hero, #rector-clar .content{ box-shadow:none; border:0 }\r\n      #rector-clar .cta{ display:none }\r\n    }\r\n  <\/style>\r\n\r\n  <div class=\"wrap\">\r\n    <header class=\"hero\">\r\n      <h1 id=\"rc-title\">Aclaraciones y Exigencias ante Declaraciones del Candidato a Rector<\/h1>\r\n      <p class=\"meta\">Oviedo\/Uvi\u00e9u \u2014 9 de abril de 2024<\/p>\r\n    <\/header>\r\n\r\n    <article class=\"content\">\r\n      <p>El Consejo de Estudiantes de la, en su compromiso con la transparencia y la participaci\u00f3n estudiantil en el proceso electoral para elegir al pr\u00f3ximo Rector, ha emitido una carta dirigida a todos los candidatos a Rector de la instituci\u00f3n.<\/p>\r\n      <p>En la misiva, el Presidente del Consejo de Estudiantes invita a los candidatos a participar en una reuni\u00f3n crucial que se propone para la tarde del 11 o 12 del mes corriente, en la sede del Consejo de Estudiantes, con el objetivo de presentar y debatir de primera mano sus programas electorales ante la Directiva del Consejo. La reuni\u00f3n tambi\u00e9n servir\u00e1 para discutir el desarrollo de campa\u00f1a y presentar propuestas acordadas con las Asambleas de Centro.<\/p>\r\n      <p>Adem\u00e1s, se informa que, una vez concluida esta reuni\u00f3n, se instar\u00e1 a los candidatos a llevar a cabo reuniones abiertas en cada uno de los campus universitarios, con el fin de involucrar a toda la comunidad estudiantil en este proceso electoral.<\/p>\r\n      <p>Por otro lado, el Consejo de Estudiantes tambi\u00e9n ha anunciado la organizaci\u00f3n de un debate entre los candidatos para el 22 de abril, donde se discutir\u00e1n temas que impactan directamente en el estudiantado.<\/p>\r\n      <p>El Consejo de Estudiantes reitera su compromiso con la transparencia, la participaci\u00f3n estudiantil y el fortalecimiento de los canales de representaci\u00f3n establecidos, con el objetivo de asegurar un proceso electoral justo y equitativo en beneficio de toda la comunidad universitaria.<\/p>\r\n    <\/article>\r\n\r\n    <nav class=\"cta\" aria-label=\"Acciones\">\r\n      <a class=\"btn\" href=\"https:\/\/www.unioviedo.es\/cestudiantes\/wp-content\/uploads\/2024\/08\/Comunicado-sobre-el-inicio-de-la-campana-a-Rector.pdf\" target=\"_blank\" rel=\"noopener\">Acceder al documento (PDF)<\/a>\r\n      <a class=\"btn secondary\" href=\"https:\/\/www.unioviedo.es\/cestudiantes\/index.php\/comunicados\/\">Volver a \u201cComunicados\u201d<\/a>\r\n    <\/nav>\r\n  <\/div>\r\n<\/section>\r\n<!-- ======= \/FIN ======= -->\r\n\t\t\t\t<\/div>\n\t\t\t\t<\/div>\n\t\t\t\t\t<\/div>\n\t\t<\/div>\n\t\t\t\t\t<\/div>\n\t\t<\/section>\n\t\t\t\t<\/div>\n\t\t","protected":false},"excerpt":{"rendered":"<p>Aclaraciones y Exigencias ante Declaraciones del Candidato a Rector Oviedo\/Uvi\u00e9u \u2014 9 de abril de 2024 El Consejo de Estudiantes de la, en su compromiso con la transparencia y la participaci\u00f3n estudiantil en el proceso electoral para elegir al pr\u00f3ximo Rector, ha emitido una carta dirigida a todos los candidatos a Rector de la instituci\u00f3n.&hellip;&nbsp;<a href=\"https:\/\/www.unioviedo.es\/cestudiantes\/index.php\/comunicado-inicio-campana\/\" rel=\"bookmark\">Leer m\u00e1s &raquo;<span class=\"screen-reader-text\">Comunicado sobre inicio de la campa\u00f1a a candidato a Rector<\/span><\/a><\/p>\n","protected":false},"author":1,"featured_media":0,"parent":0,"menu_order":0,"comment_status":"closed","ping_status":"closed","template":"page-templates\/template-pagebuilder-full-width.php","meta":{"neve_meta_sidebar":"","neve_meta_container":"","neve_meta_enable_content_width":"off","neve_meta_content_width":100,"neve_meta_title_alignment":"","neve_meta_author_avatar":"","neve_post_elements_order":"","neve_meta_disable_header":"","neve_meta_disable_footer":"","neve_meta_disable_title":"","footnotes":""},"class_list":["post-4233","page","type-page","status-publish","hentry"],"_links":{"self":[{"href":"https:\/\/www.unioviedo.es\/cestudiantes\/index.php\/wp-json\/wp\/v2\/pages\/4233","targetHints":{"allow":["GET"]}}],"collection":[{"href":"https:\/\/www.unioviedo.es\/cestudiantes\/index.php\/wp-json\/wp\/v2\/pages"}],"about":[{"href":"https:\/\/www.unioviedo.es\/cestudiantes\/index.php\/wp-json\/wp\/v2\/types\/page"}],"author":[{"embeddable":true,"href":"https:\/\/www.unioviedo.es\/cestudiantes\/index.php\/wp-json\/wp\/v2\/users\/1"}],"replies":[{"embeddable":true,"href":"https:\/\/www.unioviedo.es\/cestudiantes\/index.php\/wp-json\/wp\/v2\/comments?post=4233"}],"version-history":[{"count":3,"href":"https:\/\/www.unioviedo.es\/cestudiantes\/index.php\/wp-json\/wp\/v2\/pages\/4233\/revisions"}],"predecessor-version":[{"id":16830,"href":"https:\/\/www.unioviedo.es\/cestudiantes\/index.php\/wp-json\/wp\/v2\/pages\/4233\/revisions\/16830"}],"wp:attachment":[{"href":"https:\/\/www.unioviedo.es\/cestudiantes\/index.php\/wp-json\/wp\/v2\/media?parent=4233"}],"curies":[{"name":"wp","href":"https:\/\/api.w.org\/{rel}","templated":true}]}}

Comunicado sobre inicio de la campaña a candidato a Rector

<div data-elementor-type="wp-page" data-elementor-id="4233" class="elementor elementor-4233">
						<section class="elementor-section elementor-top-section elementor-element elementor-element-10d5c5d elementor-section-boxed elementor-section-height-default elementor-section-height-default" data-id="10d5c5d" data-element_type="section" data-e-type="section">
						<div class="elementor-container elementor-column-gap-default">
					<div class="elementor-column elementor-col-100 elementor-top-column elementor-element elementor-element-8b6d475" data-id="8b6d475" data-element_type="column" data-e-type="column">
			<div class="elementor-widget-wrap elementor-element-populated">
						<div class="elementor-element elementor-element-1c93ee5 elementor-widget elementor-widget-html" data-id="1c93ee5" data-element_type="widget" data-e-type="widget" data-widget_type="html.default">
				<div class="elementor-widget-container">
					<!-- ======= ACLARACIONES · CANDIDATO A RECTOR (scope: #rector-clar) ======= -->
<section id="rector-clar" lang="es" aria-labelledby="rc-title">
  <style>
    /* ===== Scope total: solo #rector-clar ===== */
    #rector-clar{
      --brand:#03827C; --brand2:#0fb9b1; --ink:#0f172a; --muted:#475569;
      --bg:#ffffff; --bg-soft:#f7fffd; --line:rgba(2,6,23,.10); --ring:rgba(3,130,124,.38);
      --shadow:0 22px 60px rgba(2,6,23,.10);
      --radius-xl:26px; --radius:18px; --space:clamp(12px,2vw,24px); --w:1100px;
      --h1:clamp(26px,3vw,44px); --text:clamp(15px,1.35vw,17px);
      font-family:ui-sans-serif,system-ui,-apple-system,"Segoe UI",Roboto,Arial,sans-serif;
      color:var(--ink); padding:clamp(12px,2vw,26px); background:linear-gradient(180deg,#fff,#f7fffd);
      text-rendering:optimizeLegibility; -webkit-font-smoothing:antialiased;
    }
    #rector-clar *{ box-sizing:border-box }
    #rector-clar a{ color:inherit; text-decoration:none }

    #rector-clar .wrap{ max-width:var(--w); margin:0 auto }

    /* ===== Hero ===== */
    #rector-clar .hero{
      border:1px solid var(--line); border-radius:var(--radius-xl);
      background:
        linear-gradient(180deg,rgba(255,255,255,.96),rgba(247,255,253,.98)) padding-box,
        linear-gradient(180deg,rgba(3,130,124,.28),rgba(15,185,177,.28)) border-box;
      overflow:hidden; box-shadow:var(--shadow);
      padding:clamp(18px,2.4vw,30px);
      position:relative;
    }
    #rector-clar .hero::after{
      content:""; position:absolute; left:0; right:0; bottom:0;
      height:4px; background:linear-gradient(90deg,var(--brand),var(--brand2));
      opacity:.75;
    }
    #rector-clar h1{
      margin:0; font-size:var(--h1); line-height:1.06; font-weight:900; letter-spacing:.2px;
      background:linear-gradient(90deg,var(--brand),var(--brand2));
      -webkit-background-clip:text; background-clip:text; color:transparent; text-wrap:balance;
    }
    #rector-clar .meta{
      margin:.65rem 0 0; color:var(--muted); font-weight:700; letter-spacing:.3px;
    }

    /* ===== Contenido ===== */
    #rector-clar .content{
      margin:clamp(16px,2.6vw,30px) 0 0;
      border:1px solid var(--line); border-radius:22px; background:#fff; box-shadow:var(--shadow);
      padding:clamp(16px,2.2vw,22px);
    }
    #rector-clar .content p{
      font-size:var(--text); line-height:1.78; margin:0 0 1.05rem; color:var(--ink);
      text-align:justify; text-justify:inter-word; hyphens:auto; overflow-wrap:anywhere;
    }
    #rector-clar .content p:first-child::first-letter{
      float:left; font-weight:900; font-size:2.6em; line-height:.9; margin:.04em .22em 0 0;
      background:linear-gradient(180deg,var(--brand),var(--brand2));
      -webkit-background-clip:text; background-clip:text; color:transparent;
    }

    /* ===== CTAs ===== */
    #rector-clar .cta{
      display:grid; grid-template-columns:repeat(2,minmax(0,1fr)); gap:14px; margin:clamp(14px,2.2vw,22px) 0 0;
    }
    #rector-clar .btn{
      display:flex; align-items:center; justify-content:center; padding:14px 16px;
      border-radius:16px; font-weight:800; letter-spacing:.2px; text-align:center;
      background:
        linear-gradient(180deg,#ffffff,#f4fbf8) padding-box,
        linear-gradient(180deg,rgba(3,130,124,.38),rgba(15,185,177,.38)) border-box;
      border:1px solid transparent; box-shadow:0 14px 34px rgba(2,6,23,.14);
      transition:transform .18s ease, box-shadow .18s ease, background .18s ease;
    }
    #rector-clar .btn:hover{ transform:translateY(-2px); box-shadow:0 20px 44px rgba(2,6,23,.18) }
    #rector-clar .btn.secondary{
      background:
        linear-gradient(180deg,#ffffff,#fafafa) padding-box,
        linear-gradient(180deg,rgba(2,6,23,.22),rgba(2,6,23,.14)) border-box;
    }
    #rector-clar .btn:focus-visible, #rector-clar a:focus-visible{
      outline:3px solid var(--ring); outline-offset:2px; border-radius:16px
    }

    /* ===== Responsive ===== */
    @media (max-width: 880px){
      #rector-clar .cta{ grid-template-columns:1fr }
    }

    /* ===== Print ===== */
    @media print{
      #rector-clar{ background:#fff; padding:0 }
      #rector-clar .hero, #rector-clar .content{ box-shadow:none; border:0 }
      #rector-clar .cta{ display:none }
    }
  </style>

  <div class="wrap">
    <header class="hero">
      <h1 id="rc-title">Aclaraciones y Exigencias ante Declaraciones del Candidato a Rector</h1>
      <p class="meta">Oviedo/Uviéu — 9 de abril de 2024</p>
    </header>

    <article class="content">
      <p>El Consejo de Estudiantes de la, en su compromiso con la transparencia y la participación estudiantil en el proceso electoral para elegir al próximo Rector, ha emitido una carta dirigida a todos los candidatos a Rector de la institución.</p>
      <p>En la misiva, el Presidente del Consejo de Estudiantes invita a los candidatos a participar en una reunión crucial que se propone para la tarde del 11 o 12 del mes corriente, en la sede del Consejo de Estudiantes, con el objetivo de presentar y debatir de primera mano sus programas electorales ante la Directiva del Consejo. La reunión también servirá para discutir el desarrollo de campaña y presentar propuestas acordadas con las Asambleas de Centro.</p>
      <p>Además, se informa que, una vez concluida esta reunión, se instará a los candidatos a llevar a cabo reuniones abiertas en cada uno de los campus universitarios, con el fin de involucrar a toda la comunidad estudiantil en este proceso electoral.</p>
      <p>Por otro lado, el Consejo de Estudiantes también ha anunciado la organización de un debate entre los candidatos para el 22 de abril, donde se discutirán temas que impactan directamente en el estudiantado.</p>
      <p>El Consejo de Estudiantes reitera su compromiso con la transparencia, la participación estudiantil y el fortalecimiento de los canales de representación establecidos, con el objetivo de asegurar un proceso electoral justo y equitativo en beneficio de toda la comunidad universitaria.</p>
    </article>

    <nav class="cta" aria-label="Acciones">
      <a class="btn" href="https://www.unioviedo.es/cestudiantes/wp-content/uploads/2024/08/Comunicado-sobre-el-inicio-de-la-campana-a-Rector.pdf" target="_blank" rel="noopener">Acceder al documento (PDF)</a>
      <a class="btn secondary" href="https://www.unioviedo.es/cestudiantes/index.php/comunicados/">Volver a “Comunicados”</a>
    </nav>
  </div>
</section>
<!-- ======= /FIN ======= -->
				</div>
				</div>
					</div>
		</div>
					</div>
		</section>
				</div>

<p>Aclaraciones y Exigencias ante Declaraciones del Candidato a Rector Oviedo/Uviéu — 9 de abril de 2024 El Consejo de Estudiantes de la, en su compromiso con la transparencia y la participación estudiantil en el proceso electoral para elegir al próximo Rector, ha emitido una carta dirigida a todos los candidatos a Rector de la institución.&hellip;&nbsp;<a href="https://www.unioviedo.es/cestudiantes/index.php/comunicado-inicio-campana/" rel="bookmark">Leer más &raquo;<span class="screen-reader-text">Comunicado sobre inicio de la campaña a candidato a Rector</span></a></p>
