{"id":4775,"date":"2024-05-12T21:51:42","date_gmt":"2024-05-12T21:51:42","guid":{"rendered":"https:\/\/www.unioviedo.es\/cestudiantes\/?page_id=4775"},"modified":"2025-11-08T10:42:18","modified_gmt":"2025-11-08T10:42:18","slug":"asistencia","status":"publish","type":"page","link":"https:\/\/www.unioviedo.es\/cestudiantes\/index.php\/asistencia\/","title":{"rendered":"Certificados de asistenica"},"content":{"rendered":"\t\t<div data-elementor-type=\"wp-page\" data-elementor-id=\"4775\" class=\"elementor elementor-4775\">\n\t\t\t\t\t\t<section class=\"elementor-section elementor-top-section elementor-element elementor-element-7377ef2 elementor-section-boxed elementor-section-height-default elementor-section-height-default\" data-id=\"7377ef2\" data-element_type=\"section\" data-e-type=\"section\">\n\t\t\t\t\t\t<div class=\"elementor-container elementor-column-gap-default\">\n\t\t\t\t\t<div class=\"elementor-column elementor-col-100 elementor-top-column elementor-element elementor-element-9b1196b\" data-id=\"9b1196b\" data-element_type=\"column\" data-e-type=\"column\">\n\t\t\t<div class=\"elementor-widget-wrap elementor-element-populated\">\n\t\t\t\t\t\t<div class=\"elementor-element elementor-element-f7c5b11 elementor-widget elementor-widget-html\" data-id=\"f7c5b11\" data-element_type=\"widget\" data-e-type=\"widget\" data-widget_type=\"html.default\">\n\t\t\t\t<div class=\"elementor-widget-container\">\n\t\t\t\t\t<section id=\"certificado-asistencia\" aria-labelledby=\"ca-title\">\r\n  <div class=\"ca__inner\">\r\n    <!-- ENCABEZADO -->\r\n    <header class=\"ca__header\">\r\n      <h2 id=\"ca-title\" class=\"ca__h\">Solicita un certificado de asistencia a un evento<\/h2>\r\n      <p class=\"ca__lead\">Emite tu certificado oficial tras asistir a actividades reconocidas por el Consejo de Estudiantes y la Universidad de Oviedo.<\/p>\r\n    <\/header>\r\n\r\n    <!-- CUERPO -->\r\n    <div class=\"ca__grid\">\r\n      <!-- Panel informativo -->\r\n      <aside class=\"ca__card ca__info\" aria-labelledby=\"ca-info\">\r\n        <h3 id=\"ca-info\" class=\"ca__h3\">\r\n          <svg class=\"ca__ico\" viewBox=\"0 0 24 24\" aria-hidden=\"true\"><path d=\"M12 2a10 10 0 1 0 .001 20.001A10 10 0 0 0 12 2Zm1 5v6h4v2h-6V7h2Z\"\/><\/svg>\r\n          Instrucciones\r\n        <\/h3>\r\n        <p>Rellena el formulario con tu <strong>nombre y apellidos<\/strong>, tu <strong>correo @uniovi.es<\/strong>, la <strong>fecha del evento<\/strong> y selecciona el <strong>evento al que asististe<\/strong>. Al enviar la solicitud, el equipo verificar\u00e1 la asistencia y generar\u00e1 tu certificado.<\/p>\r\n        <p class=\"ca__note\"><strong>Nota:<\/strong> si tu evento no aparece en la lista, contacta con <a class=\"ca__link\" href=\"mailto:cestudiantes@uniovi.es\">cestudiantes@uniovi.es<\/a>.<\/p>\r\n      <\/aside>\r\n\r\n      <!-- Panel formulario -->\r\n      <article class=\"ca__card ca__form\" aria-labelledby=\"ca-form\">\r\n        <h3 id=\"ca-form\" class=\"ca__h3\">\r\n          <svg class=\"ca__ico\" viewBox=\"0 0 24 24\" aria-hidden=\"true\"><path d=\"M4 4h16v14H4V4Zm2 2v10h12V6H6Zm2 12h8v2H8v-2Z\"\/><\/svg>\r\n          Formulario\r\n        <\/h3>\r\n\r\n        <!-- Shortcode Fluent Forms (aseg\u00farate de insertarlo en un widget de Shortcode\/Texto, NO HTML puro) -->\r\n        <div class=\"ca__shortcode\">\r\n          <div class='fluentform ff-default fluentform_wrapper_7 ffs_default_wrap'><form data-form_id=\"7\" id=\"fluentform_7\" class=\"frm-fluent-form fluent_form_7 ff-el-form-top ff_form_instance_7_1 ff-form-loading ffs_default\" data-form_instance=\"ff_form_instance_7_1\" method=\"POST\" ><fieldset  style=\"border: none!important;margin: 0!important;padding: 0!important;background-color: transparent!important;box-shadow: none!important;outline: none!important; min-inline-size: 100%;\">\n                    <legend class=\"ff_screen_reader_title\" style=\"display: block; margin: 0!important;padding: 0!important;height: 0!important;text-indent: -999999px;width: 0!important;overflow:hidden;\">Certificado representatividad (#7)<\/legend><input type='hidden' name='__fluent_form_embded_post_id' value='4775' \/><input type=\"hidden\" id=\"_fluentform_7_fluentformnonce\" name=\"_fluentform_7_fluentformnonce\" value=\"9c8dacdd0d\" \/><input type=\"hidden\" name=\"_wp_http_referer\" value=\"\/cestudiantes\/index.php\/wp-json\/wp\/v2\/pages\/4775\" \/><div data-type=\"name-element\" data-name=\"Nombre_y_Apellidos\" class=\" ff-field_container ff-name-field-wrapper Nombre y Apellidos\" ><div class='ff-t-container'><div class='ff-t-cell '><div class='ff-el-group ff-el-form-top'><div class=\"ff-el-input--label asterisk-right\"><label for='ff_7_Nombre_y_Apellidos_first_name_' id='label_ff_7_Nombre_y_Apellidos_first_name_' >Nombre<\/label><\/div><div class='ff-el-input--content'><input type=\"text\" name=\"Nombre_y_Apellidos[first_name]\" id=\"ff_7_Nombre_y_Apellidos_first_name_\" class=\"ff-el-form-control\" placeholder=\"Nombre\" aria-invalid=\"false\" aria-required=false><\/div><\/div><\/div><div class='ff-t-cell '><div class='ff-el-group ff-el-form-top'><div class=\"ff-el-input--label asterisk-right\"><label for='ff_7_Nombre_y_Apellidos_last_name_' id='label_ff_7_Nombre_y_Apellidos_last_name_' >Apellidos<\/label><\/div><div class='ff-el-input--content'><input type=\"text\" name=\"Nombre_y_Apellidos[last_name]\" id=\"ff_7_Nombre_y_Apellidos_last_name_\" class=\"ff-el-form-control\" placeholder=\"Apellidos\" aria-invalid=\"false\" aria-required=false><\/div><\/div><\/div><\/div><\/div><div class='ff-el-group Correo electr\u00f3nico'><div class=\"ff-el-input--label ff-el-is-required asterisk-right\"><label for='ff_7_Correo_electronico' id='label_ff_7_Correo_electronico' aria-label=\"Correo electr\u00f3nico\">Correo electr\u00f3nico<\/label><div class=\"ff-el-tooltip\" data-content=\"Correo institucional de la Universidad de Oviedo\"><svg width=\"16\" height=\"16\" viewBox=\"0 0 25 25\"><path d=\"m329 393l0-46c0-2-1-4-2-6-2-2-4-3-7-3l-27 0 0-146c0-3-1-5-3-7-2-1-4-2-7-2l-91 0c-3 0-5 1-7 2-1 2-2 4-2 7l0 46c0 2 1 5 2 6 2 2 4 3 7 3l27 0 0 91-27 0c-3 0-5 1-7 3-1 2-2 4-2 6l0 46c0 3 1 5 2 7 2 1 4 2 7 2l128 0c3 0 5-1 7-2 1-2 2-4 2-7z m-36-256l0-46c0-2-1-4-3-6-2-2-4-3-7-3l-54 0c-3 0-5 1-7 3-2 2-3 4-3 6l0 46c0 3 1 5 3 7 2 1 4 2 7 2l54 0c3 0 5-1 7-2 2-2 3-4 3-7z m182 119c0 40-9 77-29 110-20 34-46 60-80 80-33 20-70 29-110 29-40 0-77-9-110-29-34-20-60-46-80-80-20-33-29-70-29-110 0-40 9-77 29-110 20-34 46-60 80-80 33-20 70-29 110-29 40 0 77 9 110 29 34 20 60 46 80 80 20 33 29 70 29 110z\" transform=\"scale(0.046875 0.046875)\"><\/path><\/svg><\/div><\/div><div class='ff-el-input--content'><input type=\"email\" name=\"Correo_electronico\" id=\"ff_7_Correo_electronico\" class=\"ff-el-form-control Correo electr\u00f3nico\" placeholder=\"Correo @uniovi.es\" data-name=\"Correo_electronico\"  aria-invalid=\"false\" aria-required=true><\/div><\/div><div class='ff-el-group'><div class=\"ff-el-input--label ff-el-is-required asterisk-right\"><label for='ff_7_DNI_NIE' id='label_ff_7_DNI_NIE' aria-label=\"DNI\/NIE\">DNI\/NIE<\/label><\/div><div class='ff-el-input--content'><input type=\"text\" name=\"DNI_NIE\" class=\"ff-el-form-control\" data-name=\"DNI_NIE\" id=\"ff_7_DNI_NIE\"  aria-invalid=\"false\" aria-required=true><\/div><\/div><div class='ff-el-group'><div class=\"ff-el-input--label ff-el-is-required asterisk-right\"><label for='ff_7_multi_select_1' id='label_ff_7_multi_select_1' aria-label=\"Centro de estudios\">Centro de estudios<\/label><\/div><div class='ff-el-input--content'><select name=\"multi_select_1[]\" id=\"ff_7_multi_select_1\" class=\"ff-el-form-control  ff_has_multi_select\" placeholder=\"Facultad\/Escuela\" multiple=\"1\" data-name=\"multi_select_1\" data-max_selected_options=\"1\" data-calc_value=\"0\"  aria-invalid=\"false\" aria-required=\"true\" aria-labelledby=\"label_ff_7_multi_select_1\"><option value=\"\">Facultad\/Escuela<\/option><option value=\"Facultad de Biolog\u00eda\"  >Facultad de Biolog\u00eda<\/option><option value=\"Facultad de Ciencias\"  >Facultad de Ciencias<\/option><option value=\"Facultad de Comercio, Turismo y Ciencias Sociales Jovellanos\"  >Facultad de Comercio, Turismo y Ciencias Sociales Jovellanos<\/option><option value=\"Facultad de Derecho\"  >Facultad de Derecho<\/option><option value=\"Escuela de Ingenier\u00eda Inform\u00e1tica\"  >Escuela de Ingenier\u00eda Inform\u00e1tica<\/option><option value=\"Facultad de Econom\u00eda y Empresa\"  >Facultad de Econom\u00eda y Empresa<\/option><option value=\"Facultad de Filosof\u00eda y Letras\"  >Facultad de Filosof\u00eda y Letras<\/option><option value=\"Facultad de Formaci\u00f3n del Profesorado y Educaci\u00f3n\"  >Facultad de Formaci\u00f3n del Profesorado y Educaci\u00f3n<\/option><option value=\"Facultad de Geolog\u00eda\"  >Facultad de Geolog\u00eda<\/option><option value=\"Facultad de Medicina y Ciencias de la Salud\"  >Facultad de Medicina y Ciencias de la Salud<\/option><option value=\"Facultad de Psicolog\u00eda\"  >Facultad de Psicolog\u00eda<\/option><option value=\"Facultad de Qu\u00edmica\"  >Facultad de Qu\u00edmica<\/option><option value=\"Facultad &quot;Padre Oss\u00f3&quot;\"  >Facultad \"Padre Oss\u00f3\"<\/option><option value=\"Facultad de Enfermer\u00eda de Gij\u00f3n\"  >Facultad de Enfermer\u00eda de Gij\u00f3n<\/option><option value=\"Escuela Polit\u00e9cnica de Ingenier\u00eda de Gij\u00f3n\"  >Escuela Polit\u00e9cnica de Ingenier\u00eda de Gij\u00f3n<\/option><option value=\"Escuela Polit\u00e9cnica de Mieres\"  >Escuela Polit\u00e9cnica de Mieres<\/option><option value=\"Escuela Superior de la Marina Civil\"  >Escuela Superior de la Marina Civil<\/option><option value=\"Centro Internacional de Postgrado\"  >Centro Internacional de Postgrado<\/option><\/select><\/div><\/div><div class='ff-el-group'><div class=\"ff-el-input--label ff-el-is-required asterisk-right\"><label for='ff_7_organo' id='label_ff_7_organo' aria-label=\"\u00d3rgano para el que solicitas el certificado\">\u00d3rgano para el que solicitas el certificado<\/label><\/div><div class='ff-el-input--content'><select name=\"organo[]\" id=\"ff_7_organo\" class=\"ff-el-form-control  ff_has_multi_select\" multiple=\"1\" data-name=\"organo\" data-max_selected_options=\"1\" data-calc_value=\"0\"  aria-invalid=\"false\" aria-required=\"true\" aria-labelledby=\"label_ff_7_organo\"><option value=\"miembro de la Asamblea de Centro\/Delegaci\u00f3n de Estudiantes\"  >miembro de la Asamblea de Centro\/Delegaci\u00f3n de Estudiantes<\/option><option value=\"Presidencia de la Asamblea de Centro\/Delegaci\u00f3n de Estudiantes\"  >Presidencia de la Asamblea de Centro\/Delegaci\u00f3n de Estudiantes<\/option><option value=\"Secretar\u00eda de la Asamblea de Centro\/Delegaci\u00f3n de Estudiantes\"  >Secretar\u00eda de la Asamblea de Centro\/Delegaci\u00f3n de Estudiantes<\/option><option value=\"miembro del Consejo de Estudiantes\"  >miembro del Consejo de Estudiantes<\/option><option value=\"miembro de la Comisi\u00f3n de Gobierno del Consejo de Estudiantes\"  >miembro de la Comisi\u00f3n de Gobierno del Consejo de Estudiantes<\/option><option value=\"miembro de la Junta Local de Estudiantes de la Alianza INGENIUM\"  >miembro de la Junta Local de Estudiantes de la Alianza INGENIUM<\/option><option value=\"miembro de la Junta de Estudiantes de la Alianza INGENIUM\"  >miembro de la Junta de Estudiantes de la Alianza INGENIUM<\/option><option value=\"miembro de la Vocal\u00eda de Comunicaciones del Consejo de Estudiantes\"  >miembro de la Vocal\u00eda de Comunicaciones del Consejo de Estudiantes<\/option><option value=\"miembro de la Vocal\u00eda de Relaciones Externas del Consejo de Estudiantes\"  >miembro de la Vocal\u00eda de Relaciones Externas del Consejo de Estudiantes<\/option><option value=\"miembro de la Vocal\u00eda de Organizaci\u00f3n de Actividades del Consejo de Estudiantes\"  >miembro de la Vocal\u00eda de Organizaci\u00f3n de Actividades del Consejo de Estudiantes<\/option><option value=\"miembro de la Vocal\u00eda de Igualdad del Consejo de Estudiantes\"  >miembro de la Vocal\u00eda de Igualdad del Consejo de Estudiantes<\/option><option value=\"miembro de la Vocal\u00eda de Desarrollo Web del Consejo de Estudiantes\"  >miembro de la Vocal\u00eda de Desarrollo Web del Consejo de Estudiantes<\/option><\/select><\/div><\/div><div class='ff-el-group'><div class=\"ff-el-input--label ff-el-is-required asterisk-right\"><label   aria-label=\"Curso acad\u00e9mico para el que solicita el certificado\">Curso acad\u00e9mico para el que solicita el certificado<\/label><\/div><div class='ff-el-input--content'><div class='ff-el-form-check ff-el-form-check-'><label class='ff-el-form-check-label' for='Curso_29302e95f46622f4be9920b69466d1c0'><input  type=\"checkbox\" name=\"Curso[]\" data-name=\"Curso\" class=\"ff-el-form-check-input ff-el-form-check-checkbox\" value=\"2022-2023\"  id='Curso_29302e95f46622f4be9920b69466d1c0' aria-label='2022-2023' aria-invalid='false' aria-required=true> <span>2022-2023<\/span><\/label><\/div><div class='ff-el-form-check ff-el-form-check-'><label class='ff-el-form-check-label' for='Curso_dee8b8cf3d27b91118a34754744ddcb5'><input  type=\"checkbox\" name=\"Curso[]\" data-name=\"Curso\" class=\"ff-el-form-check-input ff-el-form-check-checkbox\" value=\"2023-2024\"  id='Curso_dee8b8cf3d27b91118a34754744ddcb5' aria-label='2023-2024' aria-invalid='false' aria-required=true> <span>2023-2024<\/span><\/label><\/div><div class='ff-el-form-check ff-el-form-check-'><label class='ff-el-form-check-label' for='Curso_af9a82337816a45c0a1002cc00e9c616'><input  type=\"checkbox\" name=\"Curso[]\" data-name=\"Curso\" class=\"ff-el-form-check-input ff-el-form-check-checkbox\" value=\"2024-2025\"  id='Curso_af9a82337816a45c0a1002cc00e9c616' aria-label='2024-2025' aria-invalid='false' aria-required=true> <span>2024-2025<\/span><\/label><\/div><\/div><\/div><div class='ff-el-group'><div class=\"ff-el-input--label ff-el-is-required asterisk-right\"><label   aria-label=\"\u00bfDeseas solicitar reconocimiento de cr\u00e9ditos?\">\u00bfDeseas solicitar reconocimiento de cr\u00e9ditos?<\/label><\/div><div class='ff-el-input--content'><div class='ff-el-form-check ff-el-form-check-'><label class='ff-el-form-check-label' for='checkbox_f39fd6b0e14931e3718200609ed3a12c'><input  type=\"checkbox\" name=\"checkbox[]\" data-name=\"checkbox\" class=\"ff-el-form-check-input ff-el-form-check-checkbox\" value=\"S\u00ed\"  id='checkbox_f39fd6b0e14931e3718200609ed3a12c' aria-label='S\u00ed' aria-invalid='false' aria-required=true> <span>S\u00ed<\/span><\/label><\/div><div class='ff-el-form-check ff-el-form-check-'><label class='ff-el-form-check-label' for='checkbox_2811556d8989f15fddf480a1b55331ae'><input  type=\"checkbox\" name=\"checkbox[]\" data-name=\"checkbox\" class=\"ff-el-form-check-input ff-el-form-check-checkbox\" value=\"No\"  id='checkbox_2811556d8989f15fddf480a1b55331ae' aria-label='No' aria-invalid='false' aria-required=true> <span>No<\/span><\/label><\/div><\/div><\/div><div class='ff-el-group ff-text-center ff_submit_btn_wrapper'><button type=\"submit\" class=\"ff-btn ff-btn-submit ff-btn-md ff_btn_style\"  aria-label=\"Solicitar certificado\">Solicitar certificado<\/button><\/div><\/fieldset><\/form><div id='fluentform_7_errors' class='ff-errors-in-stack ff_form_instance_7_1 ff-form-loading_errors ff_form_instance_7_1_errors'><\/div><\/div>            <script type=\"text\/javascript\">\n                window.fluent_form_ff_form_instance_7_1 = {\"id\":\"7\",\"ajaxUrl\":\"https:\\\/\\\/www.unioviedo.es\\\/cestudiantes\\\/wp-admin\\\/admin-ajax.php\",\"settings\":{\"layout\":{\"labelPlacement\":\"top\",\"helpMessagePlacement\":\"with_label\",\"errorMessagePlacement\":\"inline\",\"cssClassName\":\"\",\"asteriskPlacement\":\"asterisk-right\"},\"restrictions\":{\"denyEmptySubmission\":{\"enabled\":false}}},\"form_instance\":\"ff_form_instance_7_1\",\"form_id_selector\":\"fluentform_7\",\"rules\":{\"Nombre_y_Apellidos[first_name]\":{\"required\":{\"value\":false,\"message\":\"Este campo es obligatorio\",\"global_message\":\"Este campo es obligatorio\",\"global\":true}},\"Nombre_y_Apellidos[middle_name]\":{\"required\":{\"value\":false,\"message\":\"Este campo es obligatorio\",\"global_message\":\"Este campo es obligatorio\",\"global\":true}},\"Nombre_y_Apellidos[last_name]\":{\"required\":{\"value\":false,\"message\":\"Este campo es obligatorio\",\"global_message\":\"Este campo es obligatorio\",\"global\":true}},\"Correo_electronico\":{\"required\":{\"value\":true,\"message\":\"Este campo es obligatorio\",\"global_message\":\"Este campo es obligatorio\",\"global\":true},\"email\":{\"value\":false,\"message\":\"Este campo debe contener un correo electr\\u00f3nico v\\u00e1lido\",\"global_message\":\"Este campo debe contener un correo electr\\u00f3nico v\\u00e1lido\",\"global\":true}},\"DNI_NIE\":{\"required\":{\"value\":true,\"message\":\"Este campo es obligatorio\",\"global_message\":\"Este campo es obligatorio\",\"global\":true}},\"multi_select_1\":{\"required\":{\"value\":true,\"message\":\"Este campo es obligatorio\",\"global_message\":\"Este campo es obligatorio\",\"global\":true}},\"organo\":{\"required\":{\"value\":true,\"message\":\"Este campo es obligatorio\",\"global_message\":\"Este campo es obligatorio\",\"global\":true}},\"Curso\":{\"required\":{\"value\":true,\"message\":\"Este campo es obligatorio\",\"global_message\":\"Este campo es obligatorio\",\"global\":true}},\"checkbox\":{\"required\":{\"value\":true,\"message\":\"Este campo es obligatorio\",\"global_message\":\"Este campo es obligatorio\",\"global\":true}}},\"debounce_time\":300};\n                            <\/script>\n            \r\n        <\/div>\r\n\r\n        <!-- Aviso breve -->\r\n        <p class=\"ca__muted\">Tus datos se tratar\u00e1n conforme a la normativa vigente de protecci\u00f3n de datos de la Universidad de Oviedo. El certificado se emite \u00fanicamente para eventos con control de asistencia habilitado.<\/p>\r\n      <\/article>\r\n    <\/div>\r\n  <\/div>\r\n<\/section>\r\n\r\n<style>\r\n\/* ==================================================\r\n   Scope aislado: #certificado-asistencia\r\n   ================================================== *\/\r\n#certificado-asistencia{\r\n  --brand:#00827C;\r\n  --brand-2:#6EC1E4;\r\n  --ink:#0f172a;\r\n  --muted:#475569;\r\n  --paper:#ffffff;\r\n  --ring:rgba(2,6,23,.10);\r\n  --ring-2:rgba(2,6,23,.16);\r\n  --shadow:0 10px 26px rgba(2,6,23,.08);\r\n  --radius:16px;\r\n\r\n  color:var(--ink);\r\n  font-family: inherit;\r\n}\r\n#certificado-asistencia *{ box-sizing:border-box; min-inline-size:0; }\r\n#certificado-asistencia p{ text-align:justify; }\r\n\r\n\/* Contenedor *\/\r\n#certificado-asistencia .ca__inner{\r\n  max-width:min(1080px,96vw);\r\n  margin:0 auto;\r\n  padding: clamp(12px,2vw,18px);\r\n}\r\n\r\n\/* Encabezado *\/\r\n#certificado-asistencia .ca__header{ text-align:center; margin: clamp(8px,2vw,16px) 0; }\r\n#certificado-asistencia .ca__h{\r\n  margin:0;\r\n  font-weight:800;\r\n  letter-spacing:.01em;\r\n  font-size: clamp(1.25rem, 1rem + 2vw, 2.1rem);\r\n  line-height:1.12;\r\n}\r\n#certificado-asistencia .ca__h::after{\r\n  content:\"\";\r\n  display:block;\r\n  width:min(220px,55%);\r\n  height:6px;\r\n  margin:12px auto 0;\r\n  border-radius:999px;\r\n  background:linear-gradient(90deg,var(--brand),var(--brand-2));\r\n  box-shadow:0 6px 16px rgba(0,0,0,.08);\r\n}\r\n#certificado-asistencia .ca__lead{\r\n  margin:.6rem auto 0;\r\n  color:var(--muted);\r\n  max-width:70ch;\r\n  font-size:clamp(.95rem,.9rem + .25vw,1.05rem);\r\n}\r\n\r\n\/* Grid principal *\/\r\n#certificado-asistencia .ca__grid{\r\n  display:grid;\r\n  gap: clamp(12px,2vw,18px);\r\n  grid-template-columns: 1fr;\r\n  align-items:start;\r\n  margin: clamp(12px,2vw,18px) 0 clamp(16px,2.4vw,22px);\r\n}\r\n@media (min-width: 880px){\r\n  #certificado-asistencia .ca__grid{\r\n    grid-template-columns: .9fr 1.1fr;\r\n  }\r\n}\r\n\r\n\/* Tarjetas *\/\r\n#certificado-asistencia .ca__card{\r\n  background:var(--paper);\r\n  border:1px solid var(--ring);\r\n  border-radius:var(--radius);\r\n  box-shadow:var(--shadow);\r\n  padding: clamp(14px,2vw,18px);\r\n}\r\n#certificado-asistencia .ca__info p{ margin:.5rem 0; }\r\n\r\n\/* Titulares h3 + iconos *\/\r\n#certificado-asistencia .ca__h3{\r\n  display:flex; align-items:center; gap:8px;\r\n  margin:0 0 8px 0;\r\n  font-weight:750;\r\n  font-size:clamp(1.05rem,1rem + .25vw,1.25rem);\r\n}\r\n#certificado-asistencia .ca__ico{\r\n  width:20px; height:20px; color:var(--brand);\r\n  fill:currentColor;\r\n}\r\n\r\n\/* Enlaces y notas *\/\r\n#certificado-asistencia .ca__link{\r\n  color:var(--brand);\r\n  text-decoration:underline;\r\n  text-underline-offset:2px;\r\n}\r\n#certificado-asistencia .ca__link:hover{ color:#046d6a; }\r\n#certificado-asistencia .ca__note{\r\n  margin-top:.75rem;\r\n  padding:10px 12px;\r\n  border-radius:12px;\r\n  background:#fff8e7;\r\n  border:1px solid #fde4b1;\r\n  color:#8a5a00;\r\n}\r\n#certificado-asistencia .ca__muted{\r\n  margin-top:.75rem;\r\n  color:var(--muted);\r\n  font-size:.95rem;\r\n}\r\n\r\n\/* ---------- Estilo del shortcode Fluent Forms (scoped) ---------- *\/\r\n#certificado-asistencia .ca__shortcode{\r\n  margin-top:4px;\r\n}\r\n\r\n\/* Ajustes generales del contenedor de Fluent Forms *\/\r\n#certificado-asistencia .fluentform_wrapper_6,\r\n#certificado-asistencia .fluentform_wrapper_7,\r\n#certificado-asistencia .fluentform{\r\n  --ff-gap: clamp(8px,1.6vw,12px);\r\n}\r\n\r\n\/* Grupo de campos *\/\r\n#certificado-asistencia .fluentform .ff-el-group{\r\n  margin-bottom: var(--ff-gap) !important;\r\n}\r\n\r\n\/* Inputs *\/\r\n#certificado-asistencia .fluentform .ff-el-form-control{\r\n  border:1px solid var(--ring-2) !important;\r\n  border-radius:12px !important;\r\n  padding:10px 12px !important;\r\n  box-shadow:none !important;\r\n  width:100% !important;\r\n}\r\n#certificado-asistencia .fluentform .ff-el-form-control:focus{\r\n  outline:2px solid rgba(0,130,124,.2) !important;\r\n  border-color: var(--brand) !important;\r\n}\r\n\r\n\/* Etiquetas *\/\r\n#certificado-asistencia .fluentform .ff-el-input--label label{\r\n  font-weight:650 !important;\r\n  color:var(--ink) !important;\r\n}\r\n\r\n\/* Checkbox\/Radio *\/\r\n#certificado-asistencia .fluentform .ff-el-form-check-label{\r\n  line-height:1.45;\r\n}\r\n\r\n\/* Bot\u00f3n enviar *\/\r\n#certificado-asistencia .fluentform .ff-btn-submit{\r\n  background: linear-gradient(180deg, var(--brand), var(--brand-2)) !important;\r\n  border: 1px solid var(--ring-2) !important;\r\n  color:#fff !important;\r\n  font-weight:700 !important;\r\n  border-radius:12px !important;\r\n  padding:10px 14px !important;\r\n  box-shadow:0 8px 18px rgba(2,6,23,.08) !important;\r\n  transition: transform .12s ease, box-shadow .2s ease !important;\r\n}\r\n#certificado-asistencia .fluentform .ff-btn-submit:hover{\r\n  transform: translateY(-1px);\r\n  box-shadow:0 12px 24px rgba(2,6,23,.12) !important;\r\n}\r\n\r\n\/* Mensajes de error *\/\r\n#certificado-asistencia .fluentform .ff-el-is-error .ff-el-form-control{\r\n  border-color:#e03131 !important;\r\n}\r\n#certificado-asistencia .fluentform .text-danger,\r\n#certificado-asistencia .fluentform .ff-el-is-error .ff-el-help{\r\n  color:#b42318 !important;\r\n}\r\n\r\n\/* Responsivo extra-peque\u00f1o *\/\r\n@media (max-width: 480px){\r\n  #certificado-asistencia .ca__h{ font-size: clamp(1.15rem, 4.8vw, 1.6rem); }\r\n  #certificado-asistencia .ca__h3{ gap:6px; }\r\n}\r\n<\/style>\r\n\t\t\t\t<\/div>\n\t\t\t\t<\/div>\n\t\t\t\t\t<\/div>\n\t\t<\/div>\n\t\t\t\t\t<\/div>\n\t\t<\/section>\n\t\t\t\t<\/div>\n\t\t","protected":false},"excerpt":{"rendered":"<p>Solicita un certificado de asistencia a un evento Emite tu certificado oficial tras asistir a actividades reconocidas por el Consejo de Estudiantes y la Universidad de Oviedo. Instrucciones Rellena el formulario con tu nombre y apellidos, tu correo @uniovi.es, la fecha del evento y selecciona el evento al que asististe. Al enviar la solicitud, el&hellip;&nbsp;<a href=\"https:\/\/www.unioviedo.es\/cestudiantes\/index.php\/asistencia\/\" rel=\"bookmark\">Leer m\u00e1s &raquo;<span class=\"screen-reader-text\">Certificados de asistenica<\/span><\/a><\/p>\n","protected":false},"author":1,"featured_media":0,"parent":0,"menu_order":0,"comment_status":"closed","ping_status":"closed","template":"page-templates\/template-pagebuilder-full-width.php","meta":{"neve_meta_sidebar":"","neve_meta_container":"","neve_meta_enable_content_width":"off","neve_meta_content_width":100,"neve_meta_title_alignment":"","neve_meta_author_avatar":"","neve_post_elements_order":"","neve_meta_disable_header":"","neve_meta_disable_footer":"","neve_meta_disable_title":"","footnotes":""},"class_list":["post-4775","page","type-page","status-publish","hentry"],"_links":{"self":[{"href":"https:\/\/www.unioviedo.es\/cestudiantes\/index.php\/wp-json\/wp\/v2\/pages\/4775","targetHints":{"allow":["GET"]}}],"collection":[{"href":"https:\/\/www.unioviedo.es\/cestudiantes\/index.php\/wp-json\/wp\/v2\/pages"}],"about":[{"href":"https:\/\/www.unioviedo.es\/cestudiantes\/index.php\/wp-json\/wp\/v2\/types\/page"}],"author":[{"embeddable":true,"href":"https:\/\/www.unioviedo.es\/cestudiantes\/index.php\/wp-json\/wp\/v2\/users\/1"}],"replies":[{"embeddable":true,"href":"https:\/\/www.unioviedo.es\/cestudiantes\/index.php\/wp-json\/wp\/v2\/comments?post=4775"}],"version-history":[{"count":3,"href":"https:\/\/www.unioviedo.es\/cestudiantes\/index.php\/wp-json\/wp\/v2\/pages\/4775\/revisions"}],"predecessor-version":[{"id":16461,"href":"https:\/\/www.unioviedo.es\/cestudiantes\/index.php\/wp-json\/wp\/v2\/pages\/4775\/revisions\/16461"}],"wp:attachment":[{"href":"https:\/\/www.unioviedo.es\/cestudiantes\/index.php\/wp-json\/wp\/v2\/media?parent=4775"}],"curies":[{"name":"wp","href":"https:\/\/api.w.org\/{rel}","templated":true}]}}