{"id":5210,"date":"2024-07-16T21:06:26","date_gmt":"2024-07-16T21:06:26","guid":{"rendered":"https:\/\/www.unioviedo.es\/cestudiantes\/?page_id=5210"},"modified":"2025-11-08T10:58:51","modified_gmt":"2025-11-08T10:58:51","slug":"programa-de-mentoria-facultad-de-economia","status":"publish","type":"page","link":"https:\/\/www.unioviedo.es\/cestudiantes\/index.php\/programa-de-mentoria-facultad-de-economia\/","title":{"rendered":"Programa de mentor\u00eda &#8211; Facultad de Econom\u00eda y Empres"},"content":{"rendered":"\t\t<div data-elementor-type=\"wp-page\" data-elementor-id=\"5210\" class=\"elementor elementor-5210\">\n\t\t\t\t\t\t<section class=\"elementor-section elementor-top-section elementor-element elementor-element-d74998a elementor-section-boxed elementor-section-height-default elementor-section-height-default\" data-id=\"d74998a\" data-element_type=\"section\" data-e-type=\"section\">\n\t\t\t\t\t\t<div class=\"elementor-container elementor-column-gap-default\">\n\t\t\t\t\t<div class=\"elementor-column elementor-col-100 elementor-top-column elementor-element elementor-element-e33a3a9\" data-id=\"e33a3a9\" data-element_type=\"column\" data-e-type=\"column\">\n\t\t\t<div class=\"elementor-widget-wrap elementor-element-populated\">\n\t\t\t\t\t\t<div class=\"elementor-element elementor-element-d08c69e elementor-widget elementor-widget-html\" data-id=\"d08c69e\" data-element_type=\"widget\" data-e-type=\"widget\" data-widget_type=\"html.default\">\n\t\t\t\t<div class=\"elementor-widget-container\">\n\t\t\t\t\t<section id=\"mentoria-fee\" aria-labelledby=\"mf-title\">\r\n  <div class=\"mf__inner\">\r\n    <!-- ENCABEZADO -->\r\n    <header class=\"mf__header\">\r\n      <h2 id=\"mf-title\" class=\"mf__h\">\r\n        <svg class=\"mf__ico\" viewBox=\"0 0 24 24\" aria-hidden=\"true\"><path d=\"M7 4h10a2 2 0 0 1 2 2v1H5V6a2 2 0 0 1 2-2Zm12 5v7a2 2 0 0 1-2 2H7a2 2 0 0 1-2-2V9h14ZM7 11h5v2H7v-2Zm0 3h7v2H7v-2Z\"\/><\/svg>\r\n        Inscripci\u00f3n al Programa de Mentor\u00eda \u00b7 Facultad de Econom\u00eda y Empresa\r\n      <\/h2>\r\n      <p class=\"mf__lead\">Completa tu inscripci\u00f3n para participar como <strong>estudiante tutorizado<\/strong> o como <strong>estudiante mentor<\/strong> en los grados de la Facultad de Econom\u00eda y Empresa.<\/p>\r\n    <\/header>\r\n\r\n    <!-- DISTRIBUCI\u00d3N PRINCIPAL -->\r\n    <div class=\"mf__grid\">\r\n      <!-- Copia\/Informaci\u00f3n -->\r\n      <article class=\"mf__card mf__copy\">\r\n        <h3 class=\"mf__h3\">\r\n          <svg class=\"mf__ico\" viewBox=\"0 0 24 24\" aria-hidden=\"true\"><path d=\"M12 3l2.29 4.64L20 8.27l-3.64 3.55L17.58 17 12 14.77 6.42 17l1.22-5.18L4 8.27l5.71-.63L12 3Z\"\/><\/svg>\r\n          Sobre el programa\r\n        <\/h3>\r\n        <p>El programa fomenta el acompa\u00f1amiento entre iguales para mejorar el <em>aterrizaje acad\u00e9mico<\/em>, resolver dudas habituales y compartir buenas pr\u00e1cticas. Puedes solicitar plaza como <strong>tutorizado<\/strong> (si necesitas apoyo) o como <strong>mentor<\/strong> (si deseas acompa\u00f1ar a estudiantes de nuevo ingreso o cursos inferiores).<\/p>\r\n\r\n        <h3 class=\"mf__h3\">\r\n          <svg class=\"mf__ico\" viewBox=\"0 0 24 24\" aria-hidden=\"true\"><path d=\"M4 5h16v2H4V5Zm0 6h16v2H4v-2Zm0 6h10v2H4v-2Z\"\/><\/svg>\r\n          Requisitos y c\u00f3mo inscribirte\r\n        <\/h3>\r\n        <p><strong>Correo institucional<\/strong>: utiliza tu cuenta <code>UOXXXXXX@uniovi.es<\/code> para la inscripci\u00f3n. Selecciona tu <strong>rol<\/strong> y la <strong>titulaci\u00f3n<\/strong> correspondiente (ADE, Econom\u00eda, Contabilidad y Finanzas, Relaciones Laborales y RR. HH.).<\/p>\r\n        <p>Tras enviar el formulario, recibir\u00e1s confirmaci\u00f3n y avisos en tu correo institucional con los siguientes pasos.<\/p>\r\n\r\n        <div class=\"mf__note\" role=\"note\">\r\n          <svg class=\"mf__ico\" viewBox=\"0 0 24 24\" aria-hidden=\"true\"><path d=\"M12 2a10 10 0 1 0 .001 20.001A10 10 0 0 0 12 2Zm1 15h-2v-2h2v2Zm0-4h-2V7h2v6Z\"\/><\/svg>\r\n          Si no visualizas el formulario, recarga la p\u00e1gina. Los campos marcados como obligatorios deben completarse para poder enviar la solicitud.\r\n        <\/div>\r\n      <\/article>\r\n\r\n      <!-- Formulario -->\r\n      <aside class=\"mf__card mf__form\" aria-labelledby=\"mf-form\">\r\n        <h3 id=\"mf-form\" class=\"mf__h3\">\r\n          <svg class=\"mf__ico\" viewBox=\"0 0 24 24\" aria-hidden=\"true\"><path d=\"M5 4h14a2 2 0 0 1 2 2v12l-4-3H5a2 2 0 0 1-2-2V6a2 2 0 0 1 2-2Z\"\/><\/svg>\r\n          Formulario de inscripci\u00f3n\r\n        <\/h3>\r\n        <!-- Inserta aqu\u00ed el shortcode del formulario -->\r\n        <div class=\"mf__shortcode\"><div class='fluentform ff-default fluentform_wrapper_12 ffs_default_wrap'><form data-form_id=\"12\" id=\"fluentform_12\" class=\"frm-fluent-form fluent_form_12 ff-el-form-top ff_form_instance_12_1 ff-form-loading ffs_default\" data-form_instance=\"ff_form_instance_12_1\" method=\"POST\" ><fieldset  style=\"border: none!important;margin: 0!important;padding: 0!important;background-color: transparent!important;box-shadow: none!important;outline: none!important; min-inline-size: 100%;\">\n                    <legend class=\"ff_screen_reader_title\" style=\"display: block; margin: 0!important;padding: 0!important;height: 0!important;text-indent: -999999px;width: 0!important;overflow:hidden;\">Programa de mentor\u00eda de la Facultad de Econom\u00eda y Empresa (inscripci\u00f3n)<\/legend><input type='hidden' name='__fluent_form_embded_post_id' value='5210' \/><input type=\"hidden\" id=\"_fluentform_12_fluentformnonce\" name=\"_fluentform_12_fluentformnonce\" value=\"9c8dacdd0d\" \/><input type=\"hidden\" name=\"_wp_http_referer\" value=\"\/cestudiantes\/index.php\/wp-json\/wp\/v2\/pages\/5210\" \/><div data-type=\"name-element\" data-name=\"Nombre_y_Apellidos\" class=\" ff-field_container ff-name-field-wrapper Nombre y Apellidos\" ><div class='ff-t-container'><div class='ff-t-cell '><div class='ff-el-group ff-el-form-top'><div class=\"ff-el-input--label asterisk-right\"><label for='ff_12_Nombre_y_Apellidos_first_name_' id='label_ff_12_Nombre_y_Apellidos_first_name_' >Nombre<\/label><\/div><div class='ff-el-input--content'><input type=\"text\" name=\"Nombre_y_Apellidos[first_name]\" id=\"ff_12_Nombre_y_Apellidos_first_name_\" class=\"ff-el-form-control\" placeholder=\"Nombre\" aria-invalid=\"false\" aria-required=false><\/div><\/div><\/div><div class='ff-t-cell '><div class='ff-el-group ff-el-form-top'><div class=\"ff-el-input--label asterisk-right\"><label for='ff_12_Nombre_y_Apellidos_last_name_' id='label_ff_12_Nombre_y_Apellidos_last_name_' >Apellidos<\/label><\/div><div class='ff-el-input--content'><input type=\"text\" name=\"Nombre_y_Apellidos[last_name]\" id=\"ff_12_Nombre_y_Apellidos_last_name_\" class=\"ff-el-form-control\" placeholder=\"Apellidos\" aria-invalid=\"false\" aria-required=false><\/div><\/div><\/div><\/div><\/div><div class='ff-el-group'><div class=\"ff-el-input--label ff-el-is-required asterisk-right\"><label for='ff_12_email_1' id='label_ff_12_email_1' aria-label=\"Correo electr\u00f3nico institucional (UOXXXXXX@uniovi.es)\">Correo electr\u00f3nico institucional (UOXXXXXX@uniovi.es)<\/label><\/div><div class='ff-el-input--content'><input type=\"email\" name=\"email_1\" id=\"ff_12_email_1\" class=\"ff-el-form-control\" data-name=\"email_1\"  aria-invalid=\"false\" aria-required=true><\/div><\/div><div class='ff-el-group'><div class=\"ff-el-input--label ff-el-is-required asterisk-right\"><label for='ff_12_multi_select_1' id='label_ff_12_multi_select_1' aria-label=\"Rol\">Rol<\/label><\/div><div class='ff-el-input--content'><select name=\"multi_select_1[]\" id=\"ff_12_multi_select_1\" class=\"ff-el-form-control  ff_has_multi_select\" placeholder=\"rol\" multiple=\"1\" data-name=\"multi_select_1\" data-max_selected_options=\"1\" data-calc_value=\"0\"  aria-invalid=\"false\" aria-required=\"true\" aria-labelledby=\"label_ff_12_multi_select_1\"><option value=\"\">rol<\/option><option value=\"Estudiante tutorizado (estudiante que solicita un tutor de titulaci\u00f3n)\"  >Estudiante tutorizado (estudiante que solicita un tutor de titulaci\u00f3n)<\/option><option value=\"Estudiante mentor (estudiante, de cursos superiores, que desea participar como tutor)\"  >Estudiante mentor (estudiante, de cursos superiores, que desea participar como tutor)<\/option><\/select><\/div><\/div><div class='ff-el-group'><div class=\"ff-el-input--label ff-el-is-required asterisk-right\"><label for='ff_12_multi_select_2' id='label_ff_12_multi_select_2' aria-label=\"Titulaci\u00f3n\">Titulaci\u00f3n<\/label><\/div><div class='ff-el-input--content'><select name=\"multi_select_2[]\" id=\"ff_12_multi_select_2\" class=\"ff-el-form-control  ff_has_multi_select\" placeholder=\"Grado\" multiple=\"1\" data-name=\"multi_select_2\" data-max_selected_options=\"1\" data-calc_value=\"0\"  aria-invalid=\"false\" aria-required=\"true\" aria-labelledby=\"label_ff_12_multi_select_2\"><option value=\"\">Grado<\/option><option value=\"Grado en Administraci\u00f3n y Direcci\u00f3n de Empresas \"  >Grado en Administraci\u00f3n y Direcci\u00f3n de Empresas<\/option><option value=\"Grado en Econom\u00eda  \"  >Grado en Econom\u00eda<\/option><option value=\"Grado en Contabilidad y Finanzas\"  >Grado en Contabilidad y Finanzas<\/option><option value=\"Grado en Relaciones laborales y Recursos Humanos\"  >Grado en Relaciones laborales y Recursos Humanos<\/option><\/select><\/div><\/div><div class='ff-el-group ff-text-center ff_submit_btn_wrapper'><button type=\"submit\" class=\"ff-btn ff-btn-submit ff-btn-md ff_btn_style\"  aria-label=\"Inscribirme\">Inscribirme<\/button><\/div><\/fieldset><\/form><div id='fluentform_12_errors' class='ff-errors-in-stack ff_form_instance_12_1 ff-form-loading_errors ff_form_instance_12_1_errors'><\/div><\/div>            <script type=\"text\/javascript\">\n                window.fluent_form_ff_form_instance_12_1 = {\"id\":\"12\",\"ajaxUrl\":\"https:\\\/\\\/www.unioviedo.es\\\/cestudiantes\\\/wp-admin\\\/admin-ajax.php\",\"settings\":{\"layout\":{\"labelPlacement\":\"top\",\"helpMessagePlacement\":\"with_label\",\"errorMessagePlacement\":\"inline\",\"cssClassName\":\"\",\"asteriskPlacement\":\"asterisk-right\"},\"restrictions\":{\"denyEmptySubmission\":{\"enabled\":false}}},\"form_instance\":\"ff_form_instance_12_1\",\"form_id_selector\":\"fluentform_12\",\"rules\":{\"Nombre_y_Apellidos[first_name]\":{\"required\":{\"value\":false,\"message\":\"Este campo es obligatorio\",\"global_message\":\"Este campo es obligatorio\",\"global\":true}},\"Nombre_y_Apellidos[middle_name]\":{\"required\":{\"value\":false,\"message\":\"Este campo es obligatorio\",\"global_message\":\"Este campo es obligatorio\",\"global\":true}},\"Nombre_y_Apellidos[last_name]\":{\"required\":{\"value\":false,\"message\":\"Este campo es obligatorio\",\"global_message\":\"Este campo es obligatorio\",\"global\":true}},\"email_1\":{\"required\":{\"value\":true,\"message\":\"Este campo es obligatorio\",\"global_message\":\"Este campo es obligatorio\",\"global\":true},\"email\":{\"value\":false,\"message\":\"Este campo debe contener un correo electr\\u00f3nico v\\u00e1lido\",\"global_message\":\"Este campo debe contener un correo electr\\u00f3nico v\\u00e1lido\",\"global\":true}},\"multi_select_1\":{\"required\":{\"value\":true,\"message\":\"Este campo es obligatorio\",\"global_message\":\"Este campo es obligatorio\",\"global\":true}},\"multi_select_2\":{\"required\":{\"value\":true,\"message\":\"Este campo es obligatorio\",\"global_message\":\"Este campo es obligatorio\",\"global\":true}}},\"debounce_time\":300};\n                            <\/script>\n            <\/div>\r\n      <\/aside>\r\n    <\/div>\r\n  <\/div>\r\n<\/section>\r\n\r\n<style>\r\n\/* =========================\r\n   Scope aislado: #mentoria-fee\r\n   ========================= *\/\r\n#mentoria-fee{\r\n  --brand:#03827C;\r\n  --brand-2:#6EC1E4;\r\n  --ink:#0f172a;\r\n  --muted:#475569;\r\n  --paper:#ffffff;\r\n  --ring:rgba(2,6,23,.10);\r\n  --ring-2:rgba(2,6,23,.18);\r\n  --shadow:0 12px 28px rgba(2,6,23,.08);\r\n  --radius:18px;\r\n\r\n  color:var(--ink);\r\n  font-family:inherit;\r\n}\r\n#mentoria-fee *{ box-sizing:border-box; min-inline-size:0; }\r\n#mentoria-fee p{ text-align:justify; }\r\n\r\n\/* Contenedor *\/\r\n#mentoria-fee .mf__inner{\r\n  max-width:min(1080px,96vw);\r\n  margin:0 auto;\r\n  padding: clamp(12px,2vw,20px);\r\n}\r\n\r\n\/* Header *\/\r\n#mentoria-fee .mf__header{ text-align:center; margin: clamp(8px,2vw,18px) 0; }\r\n#mentoria-fee .mf__h{\r\n  display:inline-flex; align-items:center; gap:10px;\r\n  margin:0; font-weight:800; letter-spacing:.01em;\r\n  font-size: clamp(1.25rem, 1rem + 2vw, 2.1rem);\r\n  line-height:1.12;\r\n}\r\n#mentoria-fee .mf__lead{\r\n  margin:.7rem auto 0; color:var(--muted);\r\n  max-width:70ch; font-size:clamp(.96rem,.9rem + .25vw,1.06rem);\r\n}\r\n#mentoria-fee .mf__ico{\r\n  width:22px; height:22px; flex:0 0 22px; color:var(--brand);\r\n}\r\n\r\n\/* Grid principal *\/\r\n#mentoria-fee .mf__grid{\r\n  display:grid;\r\n  grid-template-columns: 1.05fr .95fr;\r\n  gap: clamp(14px,2.2vw,20px);\r\n  margin-top: clamp(12px,2vw,18px);\r\n}\r\n@media (max-width: 900px){\r\n  #mentoria-fee .mf__grid{ grid-template-columns: 1fr; }\r\n}\r\n\r\n\/* Cards base *\/\r\n#mentoria-fee .mf__card{\r\n  background:var(--paper);\r\n  border:1px solid var(--ring);\r\n  border-radius: var(--radius);\r\n  box-shadow: var(--shadow);\r\n  padding: clamp(14px,2.2vw,18px);\r\n}\r\n#mentoria-fee .mf__copy p{ margin:.55rem 0; }\r\n\r\n\/* Titulares h3 *\/\r\n#mentoria-fee .mf__h3{\r\n  display:flex; align-items:center; gap:8px;\r\n  margin:0 0 8px 0;\r\n  font-weight:750;\r\n  font-size: clamp(1.06rem,1rem + .3vw,1.24rem);\r\n}\r\n#mentoria-fee .mf__h3 .mf__ico{ color:var(--brand); }\r\n\r\n\/* Nota informativa *\/\r\n#mentoria-fee .mf__note{\r\n  margin-top:12px;\r\n  padding:12px;\r\n  border:1px solid #fde4b1;\r\n  background:#fff8e7;\r\n  border-radius:12px;\r\n  color:#8a5a00;\r\n  display:flex; gap:8px; align-items:flex-start;\r\n}\r\n\r\n\/* Contenedor del shortcode (Fluent Forms) *\/\r\n#mentoria-fee .mf__shortcode{\r\n  margin-top:6px;\r\n}\r\n\r\n\/* \u2014\u2014 Mejora visual NO intrusiva para Fluent Forms (solo en este scope) \u2014\u2014 *\/\r\n#mentoria-fee .fluentform,\r\n#mentoria-fee .fluentform_wrapper_12{ --ff-gap:12px; }\r\n\r\n#mentoria-fee .fluentform_wrapper_12 .ff-el-form-control,\r\n#mentoria-fee .fluentform_wrapper_12 .choices__inner,\r\n#mentoria-fee .fluentform_wrapper_12 .choices__input--cloned{\r\n  border-radius:12px !important;\r\n  border:1px solid var(--ring-2) !important;\r\n  box-shadow:none !important;\r\n}\r\n\r\n#mentoria-fee .fluentform_wrapper_12 .ff-el-input--label label{\r\n  font-weight:700; color:var(--ink);\r\n}\r\n\r\n#mentoria-fee .fluentform_wrapper_12 .ff-el-form-control:focus,\r\n#mentoria-fee .fluentform_wrapper_12 .choices.is-open .choices__inner{\r\n  outline:2px solid rgba(3,130,124,.35) !important;\r\n  outline-offset:1px;\r\n  border-color: var(--brand) !important;\r\n  box-shadow: 0 0 0 3px rgba(3,130,124,.12) !important;\r\n}\r\n\r\n\/* Bot\u00f3n enviar *\/\r\n#mentoria-fee .fluentform_wrapper_12 .ff-btn-submit{\r\n  background:linear-gradient(180deg, var(--brand), var(--brand-2)) !important;\r\n  border:none !important;\r\n  color:#fff !important;\r\n  padding:12px 16px !important;\r\n  border-radius:12px !important;\r\n  font-weight:700 !important;\r\n  box-shadow:0 10px 22px rgba(3,130,124,.18) !important;\r\n  transition: transform .12s ease, box-shadow .2s ease !important;\r\n}\r\n#mentoria-fee .fluentform_wrapper_12 .ff-btn-submit:hover{\r\n  transform: translateY(-1px);\r\n  box-shadow:0 14px 26px rgba(3,130,124,.22) !important;\r\n}\r\n\r\n\/* Separaci\u00f3n entre filas del formulario *\/\r\n#mentoria-fee .fluentform_wrapper_12 .ff-el-group{ margin-bottom: var(--ff-gap,12px) !important; }\r\n\r\n\/* M\u00f3vil: ancho completo de controles *\/\r\n@media (max-width: 520px){\r\n  #mentoria-fee .fluentform_wrapper_12 .ff-el-form-control,\r\n  #mentoria-fee .fluentform_wrapper_12 .choices{ width:100% !important; }\r\n}\r\n<\/style>\r\n\t\t\t\t<\/div>\n\t\t\t\t<\/div>\n\t\t\t\t\t<\/div>\n\t\t<\/div>\n\t\t\t\t\t<\/div>\n\t\t<\/section>\n\t\t\t\t<\/div>\n\t\t","protected":false},"excerpt":{"rendered":"<p>Inscripci\u00f3n al Programa de Mentor\u00eda \u00b7 Facultad de Econom\u00eda y Empresa Completa tu inscripci\u00f3n para participar como estudiante tutorizado o como estudiante mentor en los grados de la Facultad de Econom\u00eda y Empresa. Sobre el programa El programa fomenta el acompa\u00f1amiento entre iguales para mejorar el aterrizaje acad\u00e9mico, resolver dudas habituales y compartir buenas pr\u00e1cticas.&hellip;&nbsp;<a href=\"https:\/\/www.unioviedo.es\/cestudiantes\/index.php\/programa-de-mentoria-facultad-de-economia\/\" rel=\"bookmark\">Leer m\u00e1s &raquo;<span class=\"screen-reader-text\">Programa de mentor\u00eda &#8211; Facultad de Econom\u00eda y Empres<\/span><\/a><\/p>\n","protected":false},"author":1,"featured_media":0,"parent":0,"menu_order":0,"comment_status":"closed","ping_status":"closed","template":"page-templates\/template-pagebuilder-full-width.php","meta":{"neve_meta_sidebar":"","neve_meta_container":"","neve_meta_enable_content_width":"off","neve_meta_content_width":100,"neve_meta_title_alignment":"","neve_meta_author_avatar":"","neve_post_elements_order":"","neve_meta_disable_header":"","neve_meta_disable_footer":"","neve_meta_disable_title":"","footnotes":""},"class_list":["post-5210","page","type-page","status-publish","hentry"],"_links":{"self":[{"href":"https:\/\/www.unioviedo.es\/cestudiantes\/index.php\/wp-json\/wp\/v2\/pages\/5210","targetHints":{"allow":["GET"]}}],"collection":[{"href":"https:\/\/www.unioviedo.es\/cestudiantes\/index.php\/wp-json\/wp\/v2\/pages"}],"about":[{"href":"https:\/\/www.unioviedo.es\/cestudiantes\/index.php\/wp-json\/wp\/v2\/types\/page"}],"author":[{"embeddable":true,"href":"https:\/\/www.unioviedo.es\/cestudiantes\/index.php\/wp-json\/wp\/v2\/users\/1"}],"replies":[{"embeddable":true,"href":"https:\/\/www.unioviedo.es\/cestudiantes\/index.php\/wp-json\/wp\/v2\/comments?post=5210"}],"version-history":[{"count":9,"href":"https:\/\/www.unioviedo.es\/cestudiantes\/index.php\/wp-json\/wp\/v2\/pages\/5210\/revisions"}],"predecessor-version":[{"id":16492,"href":"https:\/\/www.unioviedo.es\/cestudiantes\/index.php\/wp-json\/wp\/v2\/pages\/5210\/revisions\/16492"}],"wp:attachment":[{"href":"https:\/\/www.unioviedo.es\/cestudiantes\/index.php\/wp-json\/wp\/v2\/media?parent=5210"}],"curies":[{"name":"wp","href":"https:\/\/api.w.org\/{rel}","templated":true}]}}