{"id":75,"date":"2025-05-28T21:05:35","date_gmt":"2025-05-28T19:05:35","guid":{"rendered":"https:\/\/www.unioviedo.es\/cijiet.teatrales\/?page_id=75"},"modified":"2025-05-28T21:05:47","modified_gmt":"2025-05-28T19:05:47","slug":"como-llegar-a-la-ciudad","status":"publish","type":"page","link":"https:\/\/www.unioviedo.es\/cijiet.teatrales\/index.php\/como-llegar-a-la-ciudad\/","title":{"rendered":"C\u00f3mo llegar a la ciudad"},"content":{"rendered":"\n<p><a href=\"https:\/\/www.unioviedo.es\/cijiet.teatrales\/index.php\/how-to-get-to-the-city\/\" data-type=\"page\" data-id=\"72\">EN<\/a>   ES<\/p>\n\n\n\n<p>\u00a1Bievenidxs a Oviedo! Tanto si llegas en avi\u00f3n, tren o autob\u00fas, esta gu\u00eda te ayudar\u00e1 a llegar f\u00e1cilmente a la ciudad.<\/p>\n\n\n\n<p>\u2708\ufe0f<strong> Llegar en avi\u00f3n<\/strong><\/p>\n\n\n\n<p>El aeropuerto m\u00e1s cercano es el <a href=\"https:\/\/www.aena.es\/es\/asturias.html\" data-type=\"link\" data-id=\"https:\/\/www.aena.es\/es\/asturias.html\">aeropuerto de Asturias<\/a>. Dispone de un autob\u00fas entre Oviedo y el aeropuerto con salidas diarias\u00a0entre las 6:00 y las 00:00 aproximadamente cada hora. Consulta los horarios exactos <a href=\"https:\/\/www.alsa.es\/\">aqu\u00ed<\/a>.<\/p>\n\n\n\n<p>\ud83d\ude86<strong> Llegar en tren<\/strong><\/p>\n\n\n\n<p>La <a href=\"https:\/\/www.adif.es\/w\/15211-oviedo\" data-type=\"link\" data-id=\"https:\/\/www.adif.es\/w\/15211-oviedo\">estaci\u00f3n de tren<\/a>, situada en el centro de la ciudad, conecta con los principales destinos nacionales y regionales. <\/p>\n\n\n\n<p>\ud83d\ude8c <strong>Llegar en autob\u00fas<\/strong><\/p>\n\n\n\n<p>A la <a href=\"https:\/\/www.alsa.es\/estaciones\/estacion-oviedo\">estaci\u00f3n de autobuses<\/a>, tambi\u00e9n situada en el centro de la ciudad, llega tanto el autob\u00fas del aeropuerto como los autobuses de larga distancia. <\/p>\n\n\n\n<p><\/p>\n","protected":false},"excerpt":{"rendered":"<p>EN ES \u00a1Bievenidxs a Oviedo! Tanto si llegas en avi\u00f3n, tren o autob\u00fas, esta gu\u00eda te ayudar\u00e1 a llegar f\u00e1cilmente a la ciudad. \u2708\ufe0f Llegar en avi\u00f3n El aeropuerto m\u00e1s cercano es el aeropuerto de Asturias. Dispone de un autob\u00fas entre Oviedo y el aeropuerto con salidas diarias\u00a0entre las 6:00 y las 00:00 aproximadamente cada [&hellip;]<\/p>\n","protected":false},"author":1,"featured_media":0,"parent":0,"menu_order":0,"comment_status":"closed","ping_status":"closed","template":"","meta":{"footnotes":""},"class_list":["post-75","page","type-page","status-publish","hentry"],"_links":{"self":[{"href":"https:\/\/www.unioviedo.es\/cijiet.teatrales\/index.php\/wp-json\/wp\/v2\/pages\/75","targetHints":{"allow":["GET"]}}],"collection":[{"href":"https:\/\/www.unioviedo.es\/cijiet.teatrales\/index.php\/wp-json\/wp\/v2\/pages"}],"about":[{"href":"https:\/\/www.unioviedo.es\/cijiet.teatrales\/index.php\/wp-json\/wp\/v2\/types\/page"}],"author":[{"embeddable":true,"href":"https:\/\/www.unioviedo.es\/cijiet.teatrales\/index.php\/wp-json\/wp\/v2\/users\/1"}],"replies":[{"embeddable":true,"href":"https:\/\/www.unioviedo.es\/cijiet.teatrales\/index.php\/wp-json\/wp\/v2\/comments?post=75"}],"version-history":[{"count":2,"href":"https:\/\/www.unioviedo.es\/cijiet.teatrales\/index.php\/wp-json\/wp\/v2\/pages\/75\/revisions"}],"predecessor-version":[{"id":79,"href":"https:\/\/www.unioviedo.es\/cijiet.teatrales\/index.php\/wp-json\/wp\/v2\/pages\/75\/revisions\/79"}],"wp:attachment":[{"href":"https:\/\/www.unioviedo.es\/cijiet.teatrales\/index.php\/wp-json\/wp\/v2\/media?parent=75"}],"curies":[{"name":"wp","href":"https:\/\/api.w.org\/{rel}","templated":true}]}}