{"id":5,"date":"2017-01-27T18:01:56","date_gmt":"2017-01-27T18:01:56","guid":{"rendered":"https:\/\/www.unioviedo.es\/clubdebate\/?page_id=5"},"modified":"2020-09-27T12:34:40","modified_gmt":"2020-09-27T10:34:40","slug":"acerca-de","status":"publish","type":"page","link":"https:\/\/www.unioviedo.es\/clubdebate\/index.php\/acerca-de\/","title":{"rendered":"Qui\u00e9nes somos"},"content":{"rendered":"\n<p>Somos una asociaci\u00f3n universitaria compuesta por j\u00f3venes estudiantes de la Universidad de Oviedo, apasionados del debate y la oratoria.<\/p>\n\n\n\n<figure class=\"wp-block-image size-large\"><img loading=\"lazy\" decoding=\"async\" width=\"1024\" height=\"536\" src=\"https:\/\/www.unioviedo.es\/clubdebate\/wp-content\/uploads\/2020\/09\/5-1024x536.jpg\" alt=\"\" class=\"wp-image-179\" srcset=\"https:\/\/www.unioviedo.es\/clubdebate\/wp-content\/uploads\/2020\/09\/5-1024x536.jpg 1024w, https:\/\/www.unioviedo.es\/clubdebate\/wp-content\/uploads\/2020\/09\/5-300x157.jpg 300w, https:\/\/www.unioviedo.es\/clubdebate\/wp-content\/uploads\/2020\/09\/5-768x402.jpg 768w, https:\/\/www.unioviedo.es\/clubdebate\/wp-content\/uploads\/2020\/09\/5.jpg 1080w\" sizes=\"auto, (max-width: 706px) 89vw, (max-width: 767px) 82vw, 740px\" \/><\/figure>\n\n\n\n<p>Nuestra asociaci\u00f3n constituye una red de excelencia que potencia el talento de los universitarios, ofreciendo la posibilidad de profundizar en diversos aspectos formativos complementarios, como el intercambio de ideas, la exposici\u00f3n en p\u00fablico, o el trabajo en equipo, todas ellas habilidades imprescindibles para el mundo laboral del siglo XXI.<\/p>\n","protected":false},"excerpt":{"rendered":"<p>Somos una asociaci\u00f3n universitaria compuesta por j\u00f3venes estudiantes de la Universidad de Oviedo, apasionados del debate y la oratoria. Nuestra asociaci\u00f3n constituye una red de excelencia que potencia el talento de los universitarios, ofreciendo la posibilidad de profundizar en diversos aspectos formativos complementarios, como el intercambio de ideas, la exposici\u00f3n en p\u00fablico, o el trabajo &hellip; <\/p>\n<p class=\"link-more\"><a href=\"https:\/\/www.unioviedo.es\/clubdebate\/index.php\/acerca-de\/\" class=\"more-link\">Continuar leyendo<span class=\"screen-reader-text\"> \u00abQui\u00e9nes somos\u00bb<\/span><\/a><\/p>\n","protected":false},"author":1,"featured_media":0,"parent":0,"menu_order":0,"comment_status":"closed","ping_status":"closed","template":"","meta":{"footnotes":""},"class_list":["post-5","page","type-page","status-publish","hentry"],"_links":{"self":[{"href":"https:\/\/www.unioviedo.es\/clubdebate\/index.php\/wp-json\/wp\/v2\/pages\/5","targetHints":{"allow":["GET"]}}],"collection":[{"href":"https:\/\/www.unioviedo.es\/clubdebate\/index.php\/wp-json\/wp\/v2\/pages"}],"about":[{"href":"https:\/\/www.unioviedo.es\/clubdebate\/index.php\/wp-json\/wp\/v2\/types\/page"}],"author":[{"embeddable":true,"href":"https:\/\/www.unioviedo.es\/clubdebate\/index.php\/wp-json\/wp\/v2\/users\/1"}],"replies":[{"embeddable":true,"href":"https:\/\/www.unioviedo.es\/clubdebate\/index.php\/wp-json\/wp\/v2\/comments?post=5"}],"version-history":[{"count":8,"href":"https:\/\/www.unioviedo.es\/clubdebate\/index.php\/wp-json\/wp\/v2\/pages\/5\/revisions"}],"predecessor-version":[{"id":180,"href":"https:\/\/www.unioviedo.es\/clubdebate\/index.php\/wp-json\/wp\/v2\/pages\/5\/revisions\/180"}],"wp:attachment":[{"href":"https:\/\/www.unioviedo.es\/clubdebate\/index.php\/wp-json\/wp\/v2\/media?parent=5"}],"curies":[{"name":"wp","href":"https:\/\/api.w.org\/{rel}","templated":true}]}}