{"id":33,"date":"2022-09-06T15:37:13","date_gmt":"2022-09-06T15:37:13","guid":{"rendered":"https:\/\/www.unioviedo.es\/compnum\/?page_id=33"},"modified":"2022-09-09T10:34:57","modified_gmt":"2022-09-09T10:34:57","slug":"tema-2-raices-de-ecuaciones-no-lineales","status":"publish","type":"page","link":"https:\/\/www.unioviedo.es\/compnum\/index.php\/tema-2-raices-de-ecuaciones-no-lineales\/","title":{"rendered":"Tema 2. Ra\u00edces de ecuaciones no lineales"},"content":{"rendered":"\n<p>1. Ra\u00edz de una funci\u00f3n<br>&nbsp; &nbsp; Separaci\u00f3n de ra\u00edces<br>&nbsp; &nbsp; M\u00e9todos num\u00e9ricos de c\u00e1lculo de ra\u00edces<br>&nbsp; &nbsp; M\u00e9todo de Bisecci\u00f3n<\/p>\n\n\n\n<p><strong><a href=\"https:\/\/www.unioviedo.es\/compnum\/Ejercicios_html\/T2_Ej05.html\">Ejercicio 2.1.1:<\/a><\/strong>\u00a0C\u00e1lculo de ra\u00edces<a href=\"https:\/\/web.microsoftstream.com\/video\/2b70b407-5498-40ea-95ab-0bc4f9ad1d31\"><br><\/a><strong><a href=\"https:\/\/www.unioviedo.es\/compnum\/Ejercicios_html\/T2_Ej06.html\">Ejercicio 2.1.2:<\/a><\/strong>\u00a0C\u00e1lculo de extremos<\/p>\n\n\n\n<hr class=\"wp-block-separator alignwide has-alpha-channel-opacity\"\/>\n\n\n\n<p>2. M\u00e9todo de Newton-Raphson<\/p>\n\n\n\n<p><strong><a href=\"https:\/\/www.unioviedo.es\/compnum\/Ejercicios_html\/T2_Ej09.html\">Ejercicio 2.2.1:<\/a><\/strong>\u00a0C\u00e1lculo de ra\u00edces<br><strong><a href=\"https:\/\/www.unioviedo.es\/compnum\/Ejercicios_html\/T2_Ej11.html\">Ejercicio 2.2.2:<\/a><\/strong>\u00a0C\u00e1lculo de extremos<\/p>\n\n\n\n<hr class=\"wp-block-separator alignwide has-alpha-channel-opacity\"\/>\n\n\n\n<p>3.&nbsp; M\u00e9todo de la Secante<\/p>\n\n\n\n<p><strong><a href=\"https:\/\/www.unioviedo.es\/compnum\/Ejercicios_html\/T2_Ej12.html\">Ejercicio 2.3.1<\/a><\/strong><\/p>\n\n\n\n<hr class=\"wp-block-separator alignwide has-alpha-channel-opacity\"\/>\n\n\n\n<p>4. M\u00e9todo de Regula-Falsi<\/p>\n\n\n\n<p><strong><a href=\"https:\/\/www.unioviedo.es\/compnum\/Ejercicios_html\/T2_Ej13.html\">Ejercicio 2.4.1<\/a><\/strong><\/p>\n\n\n\n<hr class=\"wp-block-separator alignwide has-alpha-channel-opacity\"\/>\n\n\n\n<p>5. M\u00e9todo de punto fijo<\/p>\n\n\n\n<p><strong><a href=\"https:\/\/www.unioviedo.es\/compnum\/Ejercicios_html\/T2_Ej15.html\">Ejercicio 2.5.1<\/a><\/strong><\/p>\n","protected":false},"excerpt":{"rendered":"<p>1. Ra\u00edz de una funci\u00f3n&nbsp; &nbsp; Separaci\u00f3n de ra\u00edces&nbsp; &nbsp; M\u00e9todos num\u00e9ricos de c\u00e1lculo de ra\u00edces&nbsp; &nbsp; M\u00e9todo de Bisecci\u00f3n Ejercicio 2.1.1:\u00a0C\u00e1lculo de ra\u00edcesEjercicio 2.1.2:\u00a0C\u00e1lculo de extremos 2. M\u00e9todo de Newton-Raphson Ejercicio 2.2.1:\u00a0C\u00e1lculo de ra\u00edcesEjercicio 2.2.2:\u00a0C\u00e1lculo de extremos 3.&nbsp; M\u00e9todo de la Secante Ejercicio 2.3.1 4. M\u00e9todo de Regula-Falsi Ejercicio 2.4.1 5. M\u00e9todo de punto [&hellip;]<\/p>\n","protected":false},"author":2,"featured_media":0,"parent":0,"menu_order":0,"comment_status":"closed","ping_status":"closed","template":"","meta":{"footnotes":""},"class_list":["post-33","page","type-page","status-publish","hentry","entry"],"_links":{"self":[{"href":"https:\/\/www.unioviedo.es\/compnum\/index.php\/wp-json\/wp\/v2\/pages\/33","targetHints":{"allow":["GET"]}}],"collection":[{"href":"https:\/\/www.unioviedo.es\/compnum\/index.php\/wp-json\/wp\/v2\/pages"}],"about":[{"href":"https:\/\/www.unioviedo.es\/compnum\/index.php\/wp-json\/wp\/v2\/types\/page"}],"author":[{"embeddable":true,"href":"https:\/\/www.unioviedo.es\/compnum\/index.php\/wp-json\/wp\/v2\/users\/2"}],"replies":[{"embeddable":true,"href":"https:\/\/www.unioviedo.es\/compnum\/index.php\/wp-json\/wp\/v2\/comments?post=33"}],"version-history":[{"count":5,"href":"https:\/\/www.unioviedo.es\/compnum\/index.php\/wp-json\/wp\/v2\/pages\/33\/revisions"}],"predecessor-version":[{"id":334,"href":"https:\/\/www.unioviedo.es\/compnum\/index.php\/wp-json\/wp\/v2\/pages\/33\/revisions\/334"}],"wp:attachment":[{"href":"https:\/\/www.unioviedo.es\/compnum\/index.php\/wp-json\/wp\/v2\/media?parent=33"}],"curies":[{"name":"wp","href":"https:\/\/api.w.org\/{rel}","templated":true}]}}