{"id":4,"date":"2017-01-27T18:01:56","date_gmt":"2017-01-27T18:01:56","guid":{"rendered":"http:\/\/www.unioviedo.es\/configober\/?page_id=4"},"modified":"2017-09-22T11:50:25","modified_gmt":"2017-09-22T09:50:25","slug":"inicio","status":"publish","type":"page","link":"https:\/\/www.unioviedo.es\/configober\/","title":{"rendered":"Introducci\u00f3n \/ Introduction"},"content":{"rendered":"<p>&nbsp;<\/p>\n<p>Entre los d\u00edas 25 y 27 de septiembre, la<a href=\"http:\/\/www.uniovi.es\"> Universidad de Oviedo<\/a> acoger\u00e1 un congreso sobre \u00abGobernanza, confianza y cultura del riesgo\u00bb. El evento se celebra a iniciativa del proyecto \u00abConcepto y dimensiones de la cultura del riesgo\u00bb, del grupo de investigaci\u00f3n en <a href=\"http:\/\/cts.grupos.uniovi.es\/inicio\">Estudios Sociales de la Ciencia<\/a> de la Universidad de Oviedo, en colaboraci\u00f3n con el <a href=\"http:\/\/rdgroups.ciemat.es\/web\/uicc\/inicio\">CIEMAT<\/a> (Madrid), la <a href=\"http:\/\/www.uva.es\/export\/sites\/uva\/\">Universidad de Valladolid<\/a>, el <a href=\"http:\/\/cies.iscte-iul.pt\/index.jsp\">Centro de Investigaci\u00f3n y Estudios de Sociolog\u00eda<\/a> del Instituto Universitario de Lisboa y otras instituciones. Su intenci\u00f3n es reunir a personas con experiencia en diferentes campos (filosof\u00eda, biolog\u00eda, educaci\u00f3n, salud, pol\u00edtica, administraci\u00f3n p\u00fablica, derecho, deporte, arte, industria, periodismo, telecomunicaciones, \u2026) para debatir sobre las complejas relaciones entre confianza, riesgo y conocimiento cient\u00edfico-tecnol\u00f3gico. No se trata de ofrecer una serie de conferencias, sino de establecer verdaderos di\u00e1logos entre profesionales de distintos \u00e1mbitos, en un formato din\u00e1mico.<\/p>\n<p>&nbsp;<\/p>\n<p>In September 2017, between the 25th\u00a0and the 27th, the\u00a0<a href=\"http:\/\/www.uniovi.es\/en\/inicio\">University of Oviedo<\/a>\u00a0(Spain) will be hosting an international conference on \u2018Governance, Trust, and Risk Culture\u2019.\u00a0The conference is an initiative of the project \u2018Concept and Dimensions of Risk Culture\u2019, held by the research group in\u00a0<a href=\"http:\/\/cts.grupos.uniovi.es\/en\">Social Studies of Science<\/a>\u00a0of the University of Oviedo, in cooperation with the\u00a0<a href=\"http:\/\/rdgroups.ciemat.es\/web\/uicc\/inicio\">CIEMAT<\/a>\u00a0(Madrid), the\u00a0<a href=\"http:\/\/ceitriangular.org\/en\/\">University of Valladolid<\/a>, the\u00a0<a href=\"http:\/\/cies.iscte-iul.pt\/en\/index.jsp\">Centre for Research and Studies in Sociology<\/a>\u00a0of the University Institute of Lisbon, and other institutions. Our intention is to bring together experts and practitioners from different fields (philosophy, biology, education, health, politics, public administration, law, transport, art, sports, food industry, journalism\u2026) to debate about the complex relations between trust, risk, and scientific and technological knowledge.<\/p>\n<p>&nbsp;<\/p>\n<p><a href=\"http:\/\/www.unioviedo.es\/configober\/wp-content\/uploads\/2017\/01\/Logo-Universidad-de-Oviedo-verde-centrado.png\"><img loading=\"lazy\" decoding=\"async\" class=\"size-full wp-image-37 aligncenter\" src=\"http:\/\/www.unioviedo.es\/configober\/wp-content\/uploads\/2017\/01\/Logo-Universidad-de-Oviedo-verde-centrado.png\" alt=\"Logo Universidad de Oviedo verde\" width=\"220\" height=\"240\" \/><\/a><\/p>\n<p><a href=\"http:\/\/www.unioviedo.es\/configober\/wp-content\/uploads\/2017\/07\/1024px-Logotipo_del_Ministerio_de_Econom\u00eda_y_Competitividad.png\"><img loading=\"lazy\" decoding=\"async\" class=\"aligncenter size-medium wp-image-214\" src=\"http:\/\/www.unioviedo.es\/configober\/wp-content\/uploads\/2017\/07\/1024px-Logotipo_del_Ministerio_de_Econom\u00eda_y_Competitividad-300x72.png\" alt=\"\" width=\"300\" height=\"72\" srcset=\"https:\/\/www.unioviedo.es\/configober\/wp-content\/uploads\/2017\/07\/1024px-Logotipo_del_Ministerio_de_Econom\u00eda_y_Competitividad-300x72.png 300w, https:\/\/www.unioviedo.es\/configober\/wp-content\/uploads\/2017\/07\/1024px-Logotipo_del_Ministerio_de_Econom\u00eda_y_Competitividad-768x185.png 768w, https:\/\/www.unioviedo.es\/configober\/wp-content\/uploads\/2017\/07\/1024px-Logotipo_del_Ministerio_de_Econom\u00eda_y_Competitividad.png 1024w\" sizes=\"auto, (max-width: 300px) 100vw, 300px\" \/><\/a><\/p>\n<p><a href=\"http:\/\/www.unioviedo.es\/configober\/wp-content\/uploads\/2017\/07\/Gobierno_del_Principado_de_Asturias.svg_.png\"><img loading=\"lazy\" decoding=\"async\" class=\"aligncenter size-medium wp-image-217\" src=\"http:\/\/www.unioviedo.es\/configober\/wp-content\/uploads\/2017\/07\/Gobierno_del_Principado_de_Asturias.svg_-300x170.png\" alt=\"\" width=\"300\" height=\"170\" srcset=\"https:\/\/www.unioviedo.es\/configober\/wp-content\/uploads\/2017\/07\/Gobierno_del_Principado_de_Asturias.svg_-300x170.png 300w, https:\/\/www.unioviedo.es\/configober\/wp-content\/uploads\/2017\/07\/Gobierno_del_Principado_de_Asturias.svg_-768x435.png 768w, https:\/\/www.unioviedo.es\/configober\/wp-content\/uploads\/2017\/07\/Gobierno_del_Principado_de_Asturias.svg_-1024x580.png 1024w, https:\/\/www.unioviedo.es\/configober\/wp-content\/uploads\/2017\/07\/Gobierno_del_Principado_de_Asturias.svg_.png 1200w\" sizes=\"auto, (max-width: 300px) 100vw, 300px\" \/><\/a><\/p>\n<p>&nbsp;<\/p>\n<p><a href=\"http:\/\/www.unioviedo.es\/configober\/wp-content\/uploads\/2017\/07\/feder_ue.jpg\"><img loading=\"lazy\" decoding=\"async\" class=\"aligncenter size-medium wp-image-215\" src=\"http:\/\/www.unioviedo.es\/configober\/wp-content\/uploads\/2017\/07\/feder_ue-300x81.jpg\" alt=\"\" width=\"300\" height=\"81\" srcset=\"https:\/\/www.unioviedo.es\/configober\/wp-content\/uploads\/2017\/07\/feder_ue-300x81.jpg 300w, https:\/\/www.unioviedo.es\/configober\/wp-content\/uploads\/2017\/07\/feder_ue-768x208.jpg 768w, https:\/\/www.unioviedo.es\/configober\/wp-content\/uploads\/2017\/07\/feder_ue-1024x277.jpg 1024w, https:\/\/www.unioviedo.es\/configober\/wp-content\/uploads\/2017\/07\/feder_ue.jpg 1772w\" sizes=\"auto, (max-width: 300px) 100vw, 300px\" \/><\/a><\/p>\n<p>&nbsp;<\/p>\n<p><a href=\"http:\/\/www.unioviedo.es\/configober\/wp-content\/uploads\/2017\/07\/Logo-OEI.png\"><img loading=\"lazy\" decoding=\"async\" class=\"aligncenter size-full wp-image-216\" src=\"http:\/\/www.unioviedo.es\/configober\/wp-content\/uploads\/2017\/07\/Logo-OEI.png\" alt=\"\" width=\"234\" height=\"143\" \/><\/a><\/p>\n<p>&nbsp;<\/p>\n<p><a href=\"http:\/\/www.unioviedo.es\/configober\/wp-content\/uploads\/2017\/07\/C\u00e1tedra-CTSI.jpg\"><img loading=\"lazy\" decoding=\"async\" class=\"aligncenter size-medium wp-image-218\" src=\"http:\/\/www.unioviedo.es\/configober\/wp-content\/uploads\/2017\/07\/C\u00e1tedra-CTSI-269x300.jpg\" alt=\"\" width=\"269\" height=\"300\" srcset=\"https:\/\/www.unioviedo.es\/configober\/wp-content\/uploads\/2017\/07\/C\u00e1tedra-CTSI-269x300.jpg 269w, https:\/\/www.unioviedo.es\/configober\/wp-content\/uploads\/2017\/07\/C\u00e1tedra-CTSI.jpg 537w\" sizes=\"auto, (max-width: 269px) 100vw, 269px\" \/><\/a><\/p>\n<p>&nbsp;<\/p>\n<p><img loading=\"lazy\" decoding=\"async\" class=\"aligncenter size-full wp-image-219\" src=\"http:\/\/www.unioviedo.es\/configober\/wp-content\/uploads\/2017\/07\/grupoCTS.jpg\" alt=\"\" width=\"165\" height=\"165\" srcset=\"https:\/\/www.unioviedo.es\/configober\/wp-content\/uploads\/2017\/07\/grupoCTS.jpg 165w, https:\/\/www.unioviedo.es\/configober\/wp-content\/uploads\/2017\/07\/grupoCTS-150x150.jpg 150w, https:\/\/www.unioviedo.es\/configober\/wp-content\/uploads\/2017\/07\/grupoCTS-100x100.jpg 100w\" sizes=\"auto, (max-width: 165px) 100vw, 165px\" \/><\/p>\n","protected":false},"excerpt":{"rendered":"<p>&nbsp; Entre los d\u00edas 25 y 27 de septiembre, la Universidad de Oviedo acoger\u00e1 un congreso sobre \u00abGobernanza, confianza y cultura del riesgo\u00bb. El evento se celebra a iniciativa del proyecto \u00abConcepto y dimensiones de la cultura del riesgo\u00bb, del grupo de investigaci\u00f3n en Estudios Sociales de la Ciencia de la Universidad de Oviedo, en &hellip; <\/p>\n<p class=\"link-more\"><a href=\"https:\/\/www.unioviedo.es\/configober\/\" class=\"more-link\">Continuar leyendo<span class=\"screen-reader-text\"> \u00abIntroducci\u00f3n \/ Introduction\u00bb<\/span><\/a><\/p>\n","protected":false},"author":1,"featured_media":172,"parent":0,"menu_order":0,"comment_status":"closed","ping_status":"closed","template":"","meta":{"footnotes":""},"class_list":["post-4","page","type-page","status-publish","has-post-thumbnail","hentry"],"_links":{"self":[{"href":"https:\/\/www.unioviedo.es\/configober\/index.php\/wp-json\/wp\/v2\/pages\/4","targetHints":{"allow":["GET"]}}],"collection":[{"href":"https:\/\/www.unioviedo.es\/configober\/index.php\/wp-json\/wp\/v2\/pages"}],"about":[{"href":"https:\/\/www.unioviedo.es\/configober\/index.php\/wp-json\/wp\/v2\/types\/page"}],"author":[{"embeddable":true,"href":"https:\/\/www.unioviedo.es\/configober\/index.php\/wp-json\/wp\/v2\/users\/1"}],"replies":[{"embeddable":true,"href":"https:\/\/www.unioviedo.es\/configober\/index.php\/wp-json\/wp\/v2\/comments?post=4"}],"version-history":[{"count":14,"href":"https:\/\/www.unioviedo.es\/configober\/index.php\/wp-json\/wp\/v2\/pages\/4\/revisions"}],"predecessor-version":[{"id":252,"href":"https:\/\/www.unioviedo.es\/configober\/index.php\/wp-json\/wp\/v2\/pages\/4\/revisions\/252"}],"wp:featuredmedia":[{"embeddable":true,"href":"https:\/\/www.unioviedo.es\/configober\/index.php\/wp-json\/wp\/v2\/media\/172"}],"wp:attachment":[{"href":"https:\/\/www.unioviedo.es\/configober\/index.php\/wp-json\/wp\/v2\/media?parent=4"}],"curies":[{"name":"wp","href":"https:\/\/api.w.org\/{rel}","templated":true}]}}

Introducción / Introduction

<p>&nbsp;</p>
<p>Entre los días 25 y 27 de septiembre, la<a href="http://www.uniovi.es"> Universidad de Oviedo</a> acogerá un congreso sobre «Gobernanza, confianza y cultura del riesgo». El evento se celebra a iniciativa del proyecto «Concepto y dimensiones de la cultura del riesgo», del grupo de investigación en <a href="http://cts.grupos.uniovi.es/inicio">Estudios Sociales de la Ciencia</a> de la Universidad de Oviedo, en colaboración con el <a href="http://rdgroups.ciemat.es/web/uicc/inicio">CIEMAT</a> (Madrid), la <a href="http://www.uva.es/export/sites/uva/">Universidad de Valladolid</a>, el <a href="http://cies.iscte-iul.pt/index.jsp">Centro de Investigación y Estudios de Sociología</a> del Instituto Universitario de Lisboa y otras instituciones. Su intención es reunir a personas con experiencia en diferentes campos (filosofía, biología, educación, salud, política, administración pública, derecho, deporte, arte, industria, periodismo, telecomunicaciones, …) para debatir sobre las complejas relaciones entre confianza, riesgo y conocimiento científico-tecnológico. No se trata de ofrecer una serie de conferencias, sino de establecer verdaderos diálogos entre profesionales de distintos ámbitos, en un formato dinámico.</p>
<p>&nbsp;</p>
<p>In September 2017, between the 25th and the 27th, the <a href="http://www.uniovi.es/en/inicio">University of Oviedo</a> (Spain) will be hosting an international conference on ‘Governance, Trust, and Risk Culture’. The conference is an initiative of the project ‘Concept and Dimensions of Risk Culture’, held by the research group in <a href="http://cts.grupos.uniovi.es/en">Social Studies of Science</a> of the University of Oviedo, in cooperation with the <a href="http://rdgroups.ciemat.es/web/uicc/inicio">CIEMAT</a> (Madrid), the <a href="http://ceitriangular.org/en/">University of Valladolid</a>, the <a href="http://cies.iscte-iul.pt/en/index.jsp">Centre for Research and Studies in Sociology</a> of the University Institute of Lisbon, and other institutions. Our intention is to bring together experts and practitioners from different fields (philosophy, biology, education, health, politics, public administration, law, transport, art, sports, food industry, journalism…) to debate about the complex relations between trust, risk, and scientific and technological knowledge.</p>
<p>&nbsp;</p>
<p><a href="http://www.unioviedo.es/configober/wp-content/uploads/2017/01/Logo-Universidad-de-Oviedo-verde-centrado.png"><img loading="lazy" decoding="async" class="size-full wp-image-37 aligncenter" src="http://www.unioviedo.es/configober/wp-content/uploads/2017/01/Logo-Universidad-de-Oviedo-verde-centrado.png" alt="Logo Universidad de Oviedo verde" width="220" height="240" /></a></p>
<p><a href="http://www.unioviedo.es/configober/wp-content/uploads/2017/07/1024px-Logotipo_del_Ministerio_de_Economía_y_Competitividad.png"><img loading="lazy" decoding="async" class="aligncenter size-medium wp-image-214" src="http://www.unioviedo.es/configober/wp-content/uploads/2017/07/1024px-Logotipo_del_Ministerio_de_Economía_y_Competitividad-300x72.png" alt="" width="300" height="72" srcset="https://www.unioviedo.es/configober/wp-content/uploads/2017/07/1024px-Logotipo_del_Ministerio_de_Economía_y_Competitividad-300x72.png 300w, https://www.unioviedo.es/configober/wp-content/uploads/2017/07/1024px-Logotipo_del_Ministerio_de_Economía_y_Competitividad-768x185.png 768w, https://www.unioviedo.es/configober/wp-content/uploads/2017/07/1024px-Logotipo_del_Ministerio_de_Economía_y_Competitividad.png 1024w" sizes="auto, (max-width: 300px) 100vw, 300px" /></a></p>
<p><a href="http://www.unioviedo.es/configober/wp-content/uploads/2017/07/Gobierno_del_Principado_de_Asturias.svg_.png"><img loading="lazy" decoding="async" class="aligncenter size-medium wp-image-217" src="http://www.unioviedo.es/configober/wp-content/uploads/2017/07/Gobierno_del_Principado_de_Asturias.svg_-300x170.png" alt="" width="300" height="170" srcset="https://www.unioviedo.es/configober/wp-content/uploads/2017/07/Gobierno_del_Principado_de_Asturias.svg_-300x170.png 300w, https://www.unioviedo.es/configober/wp-content/uploads/2017/07/Gobierno_del_Principado_de_Asturias.svg_-768x435.png 768w, https://www.unioviedo.es/configober/wp-content/uploads/2017/07/Gobierno_del_Principado_de_Asturias.svg_-1024x580.png 1024w, https://www.unioviedo.es/configober/wp-content/uploads/2017/07/Gobierno_del_Principado_de_Asturias.svg_.png 1200w" sizes="auto, (max-width: 300px) 100vw, 300px" /></a></p>
<p>&nbsp;</p>
<p><a href="http://www.unioviedo.es/configober/wp-content/uploads/2017/07/feder_ue.jpg"><img loading="lazy" decoding="async" class="aligncenter size-medium wp-image-215" src="http://www.unioviedo.es/configober/wp-content/uploads/2017/07/feder_ue-300x81.jpg" alt="" width="300" height="81" srcset="https://www.unioviedo.es/configober/wp-content/uploads/2017/07/feder_ue-300x81.jpg 300w, https://www.unioviedo.es/configober/wp-content/uploads/2017/07/feder_ue-768x208.jpg 768w, https://www.unioviedo.es/configober/wp-content/uploads/2017/07/feder_ue-1024x277.jpg 1024w, https://www.unioviedo.es/configober/wp-content/uploads/2017/07/feder_ue.jpg 1772w" sizes="auto, (max-width: 300px) 100vw, 300px" /></a></p>
<p>&nbsp;</p>
<p><a href="http://www.unioviedo.es/configober/wp-content/uploads/2017/07/Logo-OEI.png"><img loading="lazy" decoding="async" class="aligncenter size-full wp-image-216" src="http://www.unioviedo.es/configober/wp-content/uploads/2017/07/Logo-OEI.png" alt="" width="234" height="143" /></a></p>
<p>&nbsp;</p>
<p><a href="http://www.unioviedo.es/configober/wp-content/uploads/2017/07/Cátedra-CTSI.jpg"><img loading="lazy" decoding="async" class="aligncenter size-medium wp-image-218" src="http://www.unioviedo.es/configober/wp-content/uploads/2017/07/Cátedra-CTSI-269x300.jpg" alt="" width="269" height="300" srcset="https://www.unioviedo.es/configober/wp-content/uploads/2017/07/Cátedra-CTSI-269x300.jpg 269w, https://www.unioviedo.es/configober/wp-content/uploads/2017/07/Cátedra-CTSI.jpg 537w" sizes="auto, (max-width: 269px) 100vw, 269px" /></a></p>
<p>&nbsp;</p>
<p><img loading="lazy" decoding="async" class="aligncenter size-full wp-image-219" src="http://www.unioviedo.es/configober/wp-content/uploads/2017/07/grupoCTS.jpg" alt="" width="165" height="165" srcset="https://www.unioviedo.es/configober/wp-content/uploads/2017/07/grupoCTS.jpg 165w, https://www.unioviedo.es/configober/wp-content/uploads/2017/07/grupoCTS-150x150.jpg 150w, https://www.unioviedo.es/configober/wp-content/uploads/2017/07/grupoCTS-100x100.jpg 100w" sizes="auto, (max-width: 165px) 100vw, 165px" /></p>

<p>&nbsp; Entre los días 25 y 27 de septiembre, la Universidad de Oviedo acogerá un congreso sobre «Gobernanza, confianza y cultura del riesgo». El evento se celebra a iniciativa del proyecto «Concepto y dimensiones de la cultura del riesgo», del grupo de investigación en Estudios Sociales de la Ciencia de la Universidad de Oviedo, en &hellip; </p>
<p class="link-more"><a href="https://www.unioviedo.es/configober/" class="more-link">Continuar leyendo<span class="screen-reader-text"> «Introducción / Introduction»</span></a></p>
