{"id":121,"date":"2021-06-21T13:08:19","date_gmt":"2021-06-21T11:08:19","guid":{"rendered":"https:\/\/www.unioviedo.es\/didactictac-tv\/?page_id=121"},"modified":"2024-04-01T22:44:06","modified_gmt":"2024-04-01T20:44:06","slug":"musica","status":"publish","type":"page","link":"https:\/\/www.unioviedo.es\/didactictac-tv\/index.php\/es\/universidad-de-oviedo\/musica\/","title":{"rendered":"M\u00fasica"},"content":{"rendered":"\n<p>Esta secci\u00f3n incluye los v\u00eddeos producidos por el alumnado y el profesorado de Educaci\u00f3n Musical de la Facultad de Educaci\u00f3n, de la Universidad de Oviedo. Este canal, DIDACTIC-MUSIC\u2013ART UO, ha sido creado por la profesora Diana D\u00edaz Gonz\u00e1lez en 2020.\u00a0<\/p>\n\n\n\n<figure class=\"wp-block-image size-full\"><a href=\"https:\/\/www.youtube.com\/channel\/UCJfAzHcz-cZkZch-Ddb4PKQ\" target=\"_blank\" rel=\"noreferrer noopener\"><img loading=\"lazy\" decoding=\"async\" width=\"246\" height=\"246\" src=\"https:\/\/www.unioviedo.es\/didactictac-tv\/wp-content\/uploads\/2024\/04\/unnamed_mus.webp\" alt=\"\" class=\"wp-image-839\" srcset=\"https:\/\/www.unioviedo.es\/didactictac-tv\/wp-content\/uploads\/2024\/04\/unnamed_mus.webp 246w, https:\/\/www.unioviedo.es\/didactictac-tv\/wp-content\/uploads\/2024\/04\/unnamed_mus-150x150.webp 150w, https:\/\/www.unioviedo.es\/didactictac-tv\/wp-content\/uploads\/2024\/04\/unnamed_mus-100x100.webp 100w\" sizes=\"(max-width: 246px) 100vw, 246px\" \/><\/a><\/figure>\n","protected":false},"excerpt":{"rendered":"<p>Esta secci\u00f3n incluye los v\u00eddeos producidos por el alumnado y el profesorado de Educaci\u00f3n Musical de la Facultad de Educaci\u00f3n, de la Universidad de Oviedo. Este canal, DIDACTIC-MUSIC\u2013ART UO, ha sido creado por la profesora Diana D\u00edaz Gonz\u00e1lez en 2020.\u00a0<\/p>\n","protected":false},"author":3,"featured_media":0,"parent":226,"menu_order":0,"comment_status":"closed","ping_status":"closed","template":"","meta":{"footnotes":""},"_links":{"self":[{"href":"https:\/\/www.unioviedo.es\/didactictac-tv\/index.php\/wp-json\/wp\/v2\/pages\/121"}],"collection":[{"href":"https:\/\/www.unioviedo.es\/didactictac-tv\/index.php\/wp-json\/wp\/v2\/pages"}],"about":[{"href":"https:\/\/www.unioviedo.es\/didactictac-tv\/index.php\/wp-json\/wp\/v2\/types\/page"}],"author":[{"embeddable":true,"href":"https:\/\/www.unioviedo.es\/didactictac-tv\/index.php\/wp-json\/wp\/v2\/users\/3"}],"replies":[{"embeddable":true,"href":"https:\/\/www.unioviedo.es\/didactictac-tv\/index.php\/wp-json\/wp\/v2\/comments?post=121"}],"version-history":[{"count":2,"href":"https:\/\/www.unioviedo.es\/didactictac-tv\/index.php\/wp-json\/wp\/v2\/pages\/121\/revisions"}],"predecessor-version":[{"id":840,"href":"https:\/\/www.unioviedo.es\/didactictac-tv\/index.php\/wp-json\/wp\/v2\/pages\/121\/revisions\/840"}],"up":[{"embeddable":true,"href":"https:\/\/www.unioviedo.es\/didactictac-tv\/index.php\/wp-json\/wp\/v2\/pages\/226"}],"wp:attachment":[{"href":"https:\/\/www.unioviedo.es\/didactictac-tv\/index.php\/wp-json\/wp\/v2\/media?parent=121"}],"curies":[{"name":"wp","href":"https:\/\/api.w.org\/{rel}","templated":true}]}}