{"id":4,"date":"2017-01-27T18:01:56","date_gmt":"2017-01-27T17:01:56","guid":{"rendered":"https:\/\/www.unioviedo.es\/didactictac-tv\/?page_id=4"},"modified":"2024-04-09T16:02:17","modified_gmt":"2024-04-09T14:02:17","slug":"inicio","status":"publish","type":"page","link":"https:\/\/www.unioviedo.es\/didactictac-tv\/index.php\/es\/inicio\/","title":{"rendered":"Didactictac TV"},"content":{"rendered":"<p><span data-contrast=\"auto\">DIDACTICTAC TV es un canal de tv online desarrollado en la Facultad de Formaci\u00f3n del Profesorado y Educaci\u00f3n de la Universidad de Oviedo por un amplio n\u00famero de profesores procedentes de \u00e1reas de conocimiento muy diversas y cuya docencia tiene o ha tenido relaci\u00f3n con la Formaci\u00f3n del Profesorado.<\/span><span data-ccp-props=\"{}\">\u00a0<\/span><\/p>\n<p><span data-contrast=\"auto\">El canal es el resultado de varios proyectos de innovaci\u00f3n consecutivos pertenecientes a las convocatorias 2018 (PINN 18-A-22), 2019 (PINN-19-B-002), 2020 (PINN-20-074) y pr\u00e1ctica docente 2021-2022 (136684) de la Universidad de Oviedo: \u201cLA TV ONLINE EN LA FORMACI\u00d3N DEL PROFESORADO: UNA HERRAMIENTA MULTILING\u00dcE Y MULTIDISCIPLINAR\u201d y \u201cLA TV ONLINE COMO ESCENARIO DE APRENDIZAJE COMPARTIDO ENTRE LA UNIVERSIDAD Y LOS CENTROS EDUCATIVOS\u201d. En el canal tambi\u00e9n se incluyen los productos de otros proyectos m\u00e1s actuales, tales como: \u00abCOMUNICACI\u00d3N MULTILING\u00dcE Y ARTES AUDIOVISUALES. CONTRIBUCI\u00d3N A LA AGENDA 2030\u00bb (2022-2023) y\u00a0 \u00abLa generaci\u00f3n de v\u00eddeos educativos multiling\u00fces en los contextos universitarios y escolar\u00bb (2023-2024).<\/span><span data-ccp-props=\"{}\">\u00a0<\/span><\/p>\n<p><span data-contrast=\"auto\">El canal incluye las contribuciones en formato video, no solo del alumnado y profesorado universitario participante, sino tambi\u00e9n del alumnado y del profesorado de los muchos centros educativos de Primaria, Secundaria, Formaci\u00f3n Profesional y Otras Ense\u00f1anzas que han participado en estos proyectos.<\/span><span data-ccp-props=\"{}\">\u00a0<\/span><\/p>\n<p><span data-contrast=\"auto\">El objetivo principal del canal DIDACTICTAC TV es poner en valor los productos audiovisuales educativos elaborados por el alumnado y difundirlos. Otra prioridad del canal es conectar las Facultades de Formaci\u00f3n del Profesorado participantes entre s\u00ed y al mismo tiempo promover la relaci\u00f3n y la cooperaci\u00f3n con los centros educativos. Esta interacci\u00f3n entre la universidad y la sociedad es fundamental para el desarrollo \u00f3ptimo de los futuros profesionales que aqu\u00ed se forman.<\/span><span data-ccp-props=\"{}\">\u00a0<\/span><\/p>\n<p>Didactictac TV est\u00e1 relacionado con el proyecto titulado OPEN INNOVATIVE RESOURCES FOR DISTANCE LEARNING 2020-1-PL01-KA-226 H6. Para m\u00e1s informaci\u00f3n sobre el mismo se puede consultar la siguiente <a href=\"https:\/\/www.youtube.com\/@oirspain\" target=\"_blank\" rel=\"noreferrer noopener\">p\u00e1gina de YouTube<\/a>.<\/p>\n\n<div class=\"wp-block-image\">\n<figure class=\"aligncenter size-full is-resized\"><img loading=\"lazy\" decoding=\"async\" width=\"560\" height=\"107\" src=\"https:\/\/www.unioviedo.es\/didactictac-tv\/wp-content\/uploads\/2023\/06\/logo-oir-2.png\" alt=\"Proyecto OIR\" class=\"wp-image-202\" style=\"width:-195px;height:-37px\" srcset=\"https:\/\/www.unioviedo.es\/didactictac-tv\/wp-content\/uploads\/2023\/06\/logo-oir-2.png 560w, https:\/\/www.unioviedo.es\/didactictac-tv\/wp-content\/uploads\/2023\/06\/logo-oir-2-300x57.png 300w\" sizes=\"(max-width: 560px) 100vw, 560px\" \/><\/figure><\/div>","protected":false},"excerpt":{"rendered":"<p>DIDACTICTAC TV es un canal de tv online desarrollado en la Facultad de Formaci\u00f3n del Profesorado y Educaci\u00f3n de la Universidad de Oviedo por un amplio n\u00famero de profesores procedentes de \u00e1reas de conocimiento muy diversas y cuya docencia tiene o ha tenido relaci\u00f3n con la Formaci\u00f3n del Profesorado.\u00a0 El canal es el resultado de &hellip; <\/p>\n<p class=\"link-more\"><a href=\"https:\/\/www.unioviedo.es\/didactictac-tv\/index.php\/es\/inicio\/\" class=\"more-link\">Continuar leyendo<span class=\"screen-reader-text\"> \u00abDidactictac TV\u00bb<\/span><\/a><\/p>\n","protected":false},"author":1,"featured_media":109,"parent":0,"menu_order":0,"comment_status":"closed","ping_status":"closed","template":"","meta":{"footnotes":""},"_links":{"self":[{"href":"https:\/\/www.unioviedo.es\/didactictac-tv\/index.php\/wp-json\/wp\/v2\/pages\/4"}],"collection":[{"href":"https:\/\/www.unioviedo.es\/didactictac-tv\/index.php\/wp-json\/wp\/v2\/pages"}],"about":[{"href":"https:\/\/www.unioviedo.es\/didactictac-tv\/index.php\/wp-json\/wp\/v2\/types\/page"}],"author":[{"embeddable":true,"href":"https:\/\/www.unioviedo.es\/didactictac-tv\/index.php\/wp-json\/wp\/v2\/users\/1"}],"replies":[{"embeddable":true,"href":"https:\/\/www.unioviedo.es\/didactictac-tv\/index.php\/wp-json\/wp\/v2\/comments?post=4"}],"version-history":[{"count":16,"href":"https:\/\/www.unioviedo.es\/didactictac-tv\/index.php\/wp-json\/wp\/v2\/pages\/4\/revisions"}],"predecessor-version":[{"id":868,"href":"https:\/\/www.unioviedo.es\/didactictac-tv\/index.php\/wp-json\/wp\/v2\/pages\/4\/revisions\/868"}],"wp:featuredmedia":[{"embeddable":true,"href":"https:\/\/www.unioviedo.es\/didactictac-tv\/index.php\/wp-json\/wp\/v2\/media\/109"}],"wp:attachment":[{"href":"https:\/\/www.unioviedo.es\/didactictac-tv\/index.php\/wp-json\/wp\/v2\/media?parent=4"}],"curies":[{"name":"wp","href":"https:\/\/api.w.org\/{rel}","templated":true}]}}