{"id":72,"date":"2018-09-14T14:39:51","date_gmt":"2018-09-14T14:39:51","guid":{"rendered":"https:\/\/www.unioviedo.es\/ei\/?page_id=72"},"modified":"2018-09-28T02:38:47","modified_gmt":"2018-09-28T02:38:47","slug":"cpia-padova-italy","status":"publish","type":"page","link":"https:\/\/www.unioviedo.es\/ei\/about-this-project\/members\/cpia-padova-italy\/","title":{"rendered":"CPIA Padova (Italy)"},"content":{"rendered":"<h1>CPIA Padua (Italy)<\/h1>\n<p><a href=\"http:\/\/www.cpiapadova.it\" target=\"_blank\" rel=\"noopener\">www.cpiapadova.it<\/a><\/p>\n<p><strong>Pietro Gusso<\/strong>, <strong>Annalisa Spinello<\/strong> (project coordinator for the italian team), <strong>Francesco Lazzarini<\/strong> (headmaster), <strong>Francesco Tesi<\/strong>, <strong>Maurizio Mantione<\/strong>, <strong>Paola Michielon<\/strong>, <strong>Maria Grazia Ghirardo<\/strong> e <strong>Elena D&#8217;Antoni<\/strong>.<\/p>\n<hr \/>\n<p style=\"text-align: justify;\"><a href=\"https:\/\/www.unioviedo.es\/ei\/wp-content\/uploads\/2018\/09\/members-cpia-padua.jpg\" target=\"_blank\" rel=\"noopener\"><img loading=\"lazy\" decoding=\"async\" class=\"wp-image-73 size-large alignleft\" src=\"https:\/\/www.unioviedo.es\/ei\/wp-content\/uploads\/2018\/09\/members-cpia-padua-1024x651.jpg\" alt=\"\" width=\"525\" height=\"334\" srcset=\"https:\/\/www.unioviedo.es\/ei\/wp-content\/uploads\/2018\/09\/members-cpia-padua-1024x651.jpg 1024w, https:\/\/www.unioviedo.es\/ei\/wp-content\/uploads\/2018\/09\/members-cpia-padua-300x191.jpg 300w, https:\/\/www.unioviedo.es\/ei\/wp-content\/uploads\/2018\/09\/members-cpia-padua-768x488.jpg 768w, https:\/\/www.unioviedo.es\/ei\/wp-content\/uploads\/2018\/09\/members-cpia-padua.jpg 1044w\" sizes=\"auto, (max-width: 525px) 100vw, 525px\" \/><\/a>Le nostre priorit\u00e0 si focalizzano su bisogni reali e urgenti della nostra societ\u00e0. Ci concentreremo su occupazione (disoccupati o sottoccupati), persone fuori dal sistema di istruzione e particolarmente vulnerabili (detenuti, immigrati), radicalismo sociale e invecchiamento.<\/p>\n<p style=\"text-align: justify;\">Le azioni sono finalizzate allo sviluppo di inclusione e competenze trasversali e alla formazione di formatori. A tal fine, effettueremo la progettazione, la pratica, la valutazione e la sistematizzazione di un programma di competenze centrato su occupazione e inclusione.<\/p>\n<p style=\"text-align: justify;\">Gli elementi chiave sono:<\/p>\n<ul style=\"text-align: justify;\">\n<ul>\n<ul>\n<li>Strategie avanzate di formazione in presenza e a distanza (TIC e e-learning),<\/li>\n<li>Formazione di competenze trasversali orientate all&#8217;impiego (strategie tradizionali di ricerca lavoro e di miglioramento di carriera),<\/li>\n<li>Formazione nelle competenze trasversali per l&#8217;inclusione sociale (TIC uso e dei social network, competenze specifiche),<\/li>\n<li>Formazione linguistica,<\/li>\n<li>Formazione di competenze specifiche nel contesto di ciascuno dei partner (competenze del luogo, tipologia sociale, circostanze spazio-temporali da considerare),<\/li>\n<li>Apertura alle conoscenze delle possibilit\u00e0 europee, nonch\u00e9 altre esperienze efficaci dal punto di vista del loro esito.<\/li>\n<\/ul>\n<\/ul>\n<\/ul>\n<p style=\"text-align: justify;\">Le nostre priorit\u00e0 coincidono con gli obiettivi generali KA2, con alcune delle priorit\u00e0 orizzontali del programma, e con diverse priorit\u00e0 specifiche.<\/p>\n<p style=\"padding-left: 30px; text-align: justify;\"><strong>PRIORIT\u00c0 a)<\/strong> Dare risposta a due delle sfide pi\u00f9 importanti in Europa: occupazione e inclusione. Questa priorit\u00e0 \u00e8 una delle questioni attualmente pi\u00f9 preoccupanti per i governi, e tende ad alimentare problemi secondari (emarginazione, disgregazione, disordini sociali, etc.).<\/p>\n<p style=\"padding-left: 30px; text-align: justify;\"><strong>PRIORIT\u00c0 b)<\/strong> Soddisfare le esigenze specifiche degli studenti, fuori dei percorsi formativi, attraverso un programma di educazione e di formazione per gli insegnanti. Sappiamo che, in questa priorit\u00e0, \u00e8 necessario concentrarsi sulla risposta da fornire alle esigenze dello studente e farlo con una visione di un&#8217;azione sistematica. Questo \u00e8 legato alla priorit\u00e0 orizzontale KA2, padroneggiare le competenze necessarie e di alto livello, siano essi di base o trasversali, da una prospettiva di apprendimento permanente dell&#8217;educazione degli adulti, degli studenti svantaggiati e fuori dai percorsi di istruzione formale, che mira all&#8217;inclusione nel lavoro e quindi all&#8217;integrazione sociale. Pu\u00f2 anche essere collegato alla priorit\u00e0 KA2 orizzontale sulla formazione di insegnanti , formatori, educatori, tutori per l&#8217;inclusione sociale e professionale di soggetti a rischio di emarginazione. Questo sar\u00e0 effettuato secondo le priorit\u00e0 specifiche del settore Ka2 adulti, descritta come offerta di opportunit\u00e0 di apprendimento di alto livello adatta alle esigenze specifiche degli studenti adulti e gruppi con maggiori necessit\u00e0, specialmente l&#8217;uso efficace delle TIC per l&#8217;apprendimento (auto-apprendimento e inclusione nel sistema della formazione), la ricerca e il miglioramento della posizione lavorativa e le TIC come strumento di inclusione sociale.<\/p>\n<p style=\"padding-left: 30px; text-align: justify;\"><strong>PRIORIT\u00c0 c)<\/strong> Come continuazione del testo precedente, questa proposta ha un alto livello di TIC . Le nuove TIC saranno trattate sia da componente metodologica (metodologie di insegnamento) che da contenuti specifici (argomenti tecnologici da conoscere). Ci\u00f2 \u00e8 legato alla priorit\u00e0 orizzontale Ka2 sull&#8217;uso delle TIC come uno strumento fondamentale per il progresso personale in ambienti di lavoro e sociali.<\/p>\n<p style=\"padding-left: 30px; text-align: justify;\"><strong>PRIORIT\u00c0 d)<\/strong> Per fornire una risposta alle fasce deboli (fisicamente, psichicamente, socialmente, educativamente, geograficamente ed economicamente). Affronteremo la discriminazione, la mancanza di formazione e deficit nei risultati di apprendimento applicato, la disparit\u00e0 tra aree geografiche (nord-sud o rurale vs urbano), con particolare attenzione alle persone a rischio di povert\u00e0. Questa priorit\u00e0 \u00e8 strettamente collegata alla priorit\u00e0 orizzontale KA2 sullo sviluppo di competenze che possono facilitare l&#8217;apprendimento (auto-apprendimento e inclusione in sistemi di formazione), ricerca e miglioramento di lavoro (la formazione continua, la mobilit\u00e0 lavorativa, il riconoscimento dell\u2019esperienze e la certificazione professionale, etc.). Questo \u00e8 legato al settore Ka2 adulti e lo sviluppo delle competenze di base (lettura e scrittura, aritmetica e competenza digitale) in specifici gruppi di adulti che attualmente non sono coperti da nessuna offerta formativa.<\/p>\n<p style=\"padding-left: 30px; text-align: justify;\"><strong>PRIORIT\u00c0 e)<\/strong> Per aprirci all&#8217;inserimento di buone pratiche e nuovi metodi in un&#8217;Europa che invecchia, con problemi di occupazione e di multiculturalismo. Per condividere sinergie e soluzioni con organizzazioni simili nei nostri partner, lo scambio e la conoscenza di buone pratiche, per confrontare idee, pratiche e metodi per migliorare la competitivit\u00e0 e per favorire l&#8217;accesso al lavoro sia a livello locale che sovranazionale nell&#8217;ambito dell\u2019Unione Europea.<\/p>\n","protected":false},"excerpt":{"rendered":"<p>CPIA Padua (Italy) www.cpiapadova.it Pietro Gusso, Annalisa Spinello (project coordinator for the italian team), Francesco Lazzarini (headmaster), Francesco Tesi, Maurizio Mantione, Paola Michielon, Maria Grazia [&hellip;]<\/p>\n","protected":false},"author":1,"featured_media":0,"parent":9,"menu_order":0,"comment_status":"closed","ping_status":"closed","template":"","meta":{"footnotes":"","_links_to":"","_links_to_target":""},"categories":[],"tags":[],"class_list":["post-72","page","type-page","status-publish","hentry"],"_links":{"self":[{"href":"https:\/\/www.unioviedo.es\/ei\/wp-json\/wp\/v2\/pages\/72","targetHints":{"allow":["GET"]}}],"collection":[{"href":"https:\/\/www.unioviedo.es\/ei\/wp-json\/wp\/v2\/pages"}],"about":[{"href":"https:\/\/www.unioviedo.es\/ei\/wp-json\/wp\/v2\/types\/page"}],"author":[{"embeddable":true,"href":"https:\/\/www.unioviedo.es\/ei\/wp-json\/wp\/v2\/users\/1"}],"replies":[{"embeddable":true,"href":"https:\/\/www.unioviedo.es\/ei\/wp-json\/wp\/v2\/comments?post=72"}],"version-history":[{"count":7,"href":"https:\/\/www.unioviedo.es\/ei\/wp-json\/wp\/v2\/pages\/72\/revisions"}],"predecessor-version":[{"id":405,"href":"https:\/\/www.unioviedo.es\/ei\/wp-json\/wp\/v2\/pages\/72\/revisions\/405"}],"up":[{"embeddable":true,"href":"https:\/\/www.unioviedo.es\/ei\/wp-json\/wp\/v2\/pages\/9"}],"wp:attachment":[{"href":"https:\/\/www.unioviedo.es\/ei\/wp-json\/wp\/v2\/media?parent=72"}],"wp:term":[{"taxonomy":"category","embeddable":true,"href":"https:\/\/www.unioviedo.es\/ei\/wp-json\/wp\/v2\/categories?post=72"},{"taxonomy":"post_tag","embeddable":true,"href":"https:\/\/www.unioviedo.es\/ei\/wp-json\/wp\/v2\/tags?post=72"}],"curies":[{"name":"wp","href":"https:\/\/api.w.org\/{rel}","templated":true}]}}

<h1>CPIA Padua (Italy)</h1>
<p><a href="http://www.cpiapadova.it" target="_blank" rel="noopener">www.cpiapadova.it</a></p>
<p><strong>Pietro Gusso</strong>, <strong>Annalisa Spinello</strong> (project coordinator for the italian team), <strong>Francesco Lazzarini</strong> (headmaster), <strong>Francesco Tesi</strong>, <strong>Maurizio Mantione</strong>, <strong>Paola Michielon</strong>, <strong>Maria Grazia Ghirardo</strong> e <strong>Elena D&#8217;Antoni</strong>.</p>
<hr />
<p style="text-align: justify;"><a href="https://www.unioviedo.es/ei/wp-content/uploads/2018/09/members-cpia-padua.jpg" target="_blank" rel="noopener"><img loading="lazy" decoding="async" class="wp-image-73 size-large alignleft" src="https://www.unioviedo.es/ei/wp-content/uploads/2018/09/members-cpia-padua-1024x651.jpg" alt="" width="525" height="334" srcset="https://www.unioviedo.es/ei/wp-content/uploads/2018/09/members-cpia-padua-1024x651.jpg 1024w, https://www.unioviedo.es/ei/wp-content/uploads/2018/09/members-cpia-padua-300x191.jpg 300w, https://www.unioviedo.es/ei/wp-content/uploads/2018/09/members-cpia-padua-768x488.jpg 768w, https://www.unioviedo.es/ei/wp-content/uploads/2018/09/members-cpia-padua.jpg 1044w" sizes="auto, (max-width: 525px) 100vw, 525px" /></a>Le nostre priorità si focalizzano su bisogni reali e urgenti della nostra società. Ci concentreremo su occupazione (disoccupati o sottoccupati), persone fuori dal sistema di istruzione e particolarmente vulnerabili (detenuti, immigrati), radicalismo sociale e invecchiamento.</p>
<p style="text-align: justify;">Le azioni sono finalizzate allo sviluppo di inclusione e competenze trasversali e alla formazione di formatori. A tal fine, effettueremo la progettazione, la pratica, la valutazione e la sistematizzazione di un programma di competenze centrato su occupazione e inclusione.</p>
<p style="text-align: justify;">Gli elementi chiave sono:</p>
<ul style="text-align: justify;">
<ul>
<ul>
<li>Strategie avanzate di formazione in presenza e a distanza (TIC e e-learning),</li>
<li>Formazione di competenze trasversali orientate all&#8217;impiego (strategie tradizionali di ricerca lavoro e di miglioramento di carriera),</li>
<li>Formazione nelle competenze trasversali per l&#8217;inclusione sociale (TIC uso e dei social network, competenze specifiche),</li>
<li>Formazione linguistica,</li>
<li>Formazione di competenze specifiche nel contesto di ciascuno dei partner (competenze del luogo, tipologia sociale, circostanze spazio-temporali da considerare),</li>
<li>Apertura alle conoscenze delle possibilità europee, nonché altre esperienze efficaci dal punto di vista del loro esito.</li>
</ul>
</ul>
</ul>
<p style="text-align: justify;">Le nostre priorità coincidono con gli obiettivi generali KA2, con alcune delle priorità orizzontali del programma, e con diverse priorità specifiche.</p>
<p style="padding-left: 30px; text-align: justify;"><strong>PRIORITÀ a)</strong> Dare risposta a due delle sfide più importanti in Europa: occupazione e inclusione. Questa priorità è una delle questioni attualmente più preoccupanti per i governi, e tende ad alimentare problemi secondari (emarginazione, disgregazione, disordini sociali, etc.).</p>
<p style="padding-left: 30px; text-align: justify;"><strong>PRIORITÀ b)</strong> Soddisfare le esigenze specifiche degli studenti, fuori dei percorsi formativi, attraverso un programma di educazione e di formazione per gli insegnanti. Sappiamo che, in questa priorità, è necessario concentrarsi sulla risposta da fornire alle esigenze dello studente e farlo con una visione di un&#8217;azione sistematica. Questo è legato alla priorità orizzontale KA2, padroneggiare le competenze necessarie e di alto livello, siano essi di base o trasversali, da una prospettiva di apprendimento permanente dell&#8217;educazione degli adulti, degli studenti svantaggiati e fuori dai percorsi di istruzione formale, che mira all&#8217;inclusione nel lavoro e quindi all&#8217;integrazione sociale. Può anche essere collegato alla priorità KA2 orizzontale sulla formazione di insegnanti , formatori, educatori, tutori per l&#8217;inclusione sociale e professionale di soggetti a rischio di emarginazione. Questo sarà effettuato secondo le priorità specifiche del settore Ka2 adulti, descritta come offerta di opportunità di apprendimento di alto livello adatta alle esigenze specifiche degli studenti adulti e gruppi con maggiori necessità, specialmente l&#8217;uso efficace delle TIC per l&#8217;apprendimento (auto-apprendimento e inclusione nel sistema della formazione), la ricerca e il miglioramento della posizione lavorativa e le TIC come strumento di inclusione sociale.</p>
<p style="padding-left: 30px; text-align: justify;"><strong>PRIORITÀ c)</strong> Come continuazione del testo precedente, questa proposta ha un alto livello di TIC . Le nuove TIC saranno trattate sia da componente metodologica (metodologie di insegnamento) che da contenuti specifici (argomenti tecnologici da conoscere). Ciò è legato alla priorità orizzontale Ka2 sull&#8217;uso delle TIC come uno strumento fondamentale per il progresso personale in ambienti di lavoro e sociali.</p>
<p style="padding-left: 30px; text-align: justify;"><strong>PRIORITÀ d)</strong> Per fornire una risposta alle fasce deboli (fisicamente, psichicamente, socialmente, educativamente, geograficamente ed economicamente). Affronteremo la discriminazione, la mancanza di formazione e deficit nei risultati di apprendimento applicato, la disparità tra aree geografiche (nord-sud o rurale vs urbano), con particolare attenzione alle persone a rischio di povertà. Questa priorità è strettamente collegata alla priorità orizzontale KA2 sullo sviluppo di competenze che possono facilitare l&#8217;apprendimento (auto-apprendimento e inclusione in sistemi di formazione), ricerca e miglioramento di lavoro (la formazione continua, la mobilità lavorativa, il riconoscimento dell’esperienze e la certificazione professionale, etc.). Questo è legato al settore Ka2 adulti e lo sviluppo delle competenze di base (lettura e scrittura, aritmetica e competenza digitale) in specifici gruppi di adulti che attualmente non sono coperti da nessuna offerta formativa.</p>
<p style="padding-left: 30px; text-align: justify;"><strong>PRIORITÀ e)</strong> Per aprirci all&#8217;inserimento di buone pratiche e nuovi metodi in un&#8217;Europa che invecchia, con problemi di occupazione e di multiculturalismo. Per condividere sinergie e soluzioni con organizzazioni simili nei nostri partner, lo scambio e la conoscenza di buone pratiche, per confrontare idee, pratiche e metodi per migliorare la competitività e per favorire l&#8217;accesso al lavoro sia a livello locale che sovranazionale nell&#8217;ambito dell’Unione Europea.</p>
