{"id":2298,"date":"2025-09-08T18:37:20","date_gmt":"2025-09-08T18:37:20","guid":{"rendered":"https:\/\/www.unioviedo.es\/electroanalysis\/?page_id=2298"},"modified":"2025-10-05T17:03:54","modified_gmt":"2025-10-05T17:03:54","slug":"teaching-publications","status":"publish","type":"page","link":"https:\/\/www.unioviedo.es\/electroanalysis\/index.php\/teaching-publications\/","title":{"rendered":"Teaching publications"},"content":{"rendered":"\n<p class=\"has-text-align-center\"><strong>ARTICLES<\/strong><\/p>\n\n\n\n<ul class=\"wp-block-list\">\n<li>R. Miranda Castro, M. J. Lobo Casta\u00f1\u00f3n, N. de los Santos, \u00c1lvarez, A. de la Escosura Mu\u00f1iz, M. T. Fern\u00e1ndez Fern\u00e1ndez-Arg\u00fcelles, M. T. Fern\u00e1ndez Abedul, A. Men\u00e9ndez Garc\u00eda, <strong>Evaluaci\u00f3n P2P como herramienta de aprendizaje en los laboratorios de Qu\u00edmica Anal\u00edtica<\/strong> en \u00abAvances y desaf\u00edos para la transformaci\u00f3n educativa\u00bb.  261-271. Edici\u00f3n: L. Villalustre Mart\u00ednez y M. Cueli. Universidad de Oviedo. 2022. ISBN: 978-84-18482-60-1<\/li>\n\n\n\n<li>N. de los Santos \u00c1lvarez, R. Miranda Castro, <strong>Evaluaci\u00f3n dinamizadora: la qu\u00edmica hasta en el m\u00f3vil<\/strong>, en Libro de actas de las XIII Jornadas de Innovaci\u00f3n Docente 2020, p\u00e1g 314-317. Ed: M\u00aa A. Fueyo Guti\u00e9rrez. Universidad de Oviedo 2021. ISBN: 978-84-18482-30-4.<\/li>\n\n\n\n<li>R. Miranda-Castro, N. de-los-Santos-\u00c1lvarez, E<strong>ngaging in analytical chemistry in review classes: contests basedon TV shows as fun evaluable checkpoints<\/strong>, <em>Anal. Bioanal. Chem. 412, 2020, 5891\u20135896<\/em> doi: <a href=\"https:\/\/doi.org\/10.1007\/s00216-020-02495-x\">10.1007\/s00216-020-02495-x<\/a><\/li>\n\n\n\n<li>N. de los Santos \u00c1lvarez; B.Fern\u00e1ndez Garc\u00eda; M. R. Pereiro Garc\u00eda; M. J.Lobo Casta\u00f1\u00f3n; M. T.Fern\u00e1ndez Abedul, <strong>Estrategias para favorecer la divulgaci\u00f3n de conocimientos cient\u00edficos<\/strong> en Libro de actas de las XII JORNADAS DE INNOVACI\u00d3N DOCENTE 2019, 307-310: Ed: M\u00aa Aquilina Fueyo Guti\u00e9rrez. Universidad de Oviedo 2020. ISBN: 978-84-18482-17-5<\/li>\n\n\n\n<li>N. de los Santos \u00c1lvarez, R. Miranda Castro, M.J. Lobo Casta\u00f1\u00f3n, M.T. Fern\u00e1ndez Abedul, M. R. Pereiro Garc\u00eda, L. Lobo Revilla, J. Bettmer, <strong>Enganchados a la qu\u00edmica anal\u00edtica a trav\u00e9s del m\u00f3vil<\/strong> en Libro de actas de las XIII Jornadas de Innovaci\u00f3n Docente 2020, p\u00e1g 266-275. Ed: M\u00aa A. Fueyo Guti\u00e9rrez. Universidad de Oviedo 2021. ISBN: 978-84-18482-30-4.<\/li>\n\n\n\n<li>M.C. Blanco-L\u00f3pez, M.J. Lobo-Casta\u00f1\u00f3n, A.J. Miranda-Ordieres, <strong>Homemade Bienzymatic-Amperometric Biosensor for Beverages Analysis<\/strong>,  <em>J. Chem. Edu, 84(4), 2007, 677<\/em> doi:<a href=\"https:\/\/doi.org\/10.1021\/ed084p677\">  10.1021\/ed084p677<\/a><\/li>\n<\/ul>\n\n\n\n<p class=\"has-text-align-center\"><strong>CONFERENCES<\/strong><\/p>\n\n\n\n<ul class=\"wp-block-list\">\n<li><u>R. Miranda-Castro<\/u>, N. de-los-Santos-\u00c1lvarez, M. J. Lobo-Casta\u00f1\u00f3n, A. de la Escosura-Mu\u00f1iz, M. T. Fern\u00e1ndez-Fern\u00e1ndez-Arg\u00fcelles, M. T. Fern\u00e1ndez-Abedul, <strong>Collaborative Peer Evaluation Applied to the Preparation of Laboratory Reports<\/strong>, XXII European Conference on Analytical Chemistry EUROANALYSIS 2025, Barcelona (Spain), August 31 &#8211; September 4, 2025 (poster)<\/li>\n\n\n\n<li><u>R. Miranda-Castro<\/u>, N. de-los-Santos-\u00c1lvarez, R. Bad\u00eda-La\u00ed\u00f1o, M. Aller-Pellitero, E. Costa-Rama, M. A. Cobzariu, <strong>Fomento de la competencia de comunicaci\u00f3n oral cient\u00edfica a trav\u00e9s de un congreso estudiantil de Qu\u00edmica Anal\u00edtica<\/strong>, IX Jornada sobre estrategias para la innovaci\u00f3n de la actividad docente en Qu\u00edmica Anal\u00edtica, Toledo, June 25-26, 2025 (oral)<\/li>\n\n\n\n<li><u>N. de los Santos \u00c1lvarez, R. Miranda Castro<\/u>, <strong>La qu\u00edmica anal\u00edtica en el m\u00f3vil: \u00a1Ooops, cu\u00e1ntas apps!<\/strong> VII Jornada docente de la SEQA. Oviedo, 14-15 de julio de 2022 (taller) <\/li>\n\n\n\n<li>R. Miranda Castro, M.J. Lobo Casta\u00f1\u00f3n, N. de los Santos \u00c1lvarez,,A. de la Escosura Mu\u00f1iz, M. T. Fern\u00e1ndez Fern\u00e1ndez-Arg\u00fcelles, M.T. Fern\u00e1ndez Abedul, A.Men\u00e9ndez Garc\u00eda,  <strong>Evaluaci\u00f3n P2P como herramienta de aprendizaje en los laboratorios de Qu\u00edmica Anal\u00edtica<\/strong>. XIV Jornadas internacionales de innovaci\u00f3n docente (mesa redonda), Oviedo. 24-25 de enero de 2022 (mesa redonda)<\/li>\n\n\n\n<li>N. de los Santos \u00c1lvarez, R. Miranda Castro, <strong>Evaluaci\u00f3n dinamizadora: la qu\u00edmica hasta en el m\u00f3vil<\/strong>. XIII Jornadas de innovaci\u00f3n docente, Online. 19 de enero de 2021 (poster)<\/li>\n\n\n\n<li>N. de los Santos \u00c1lvarez, <strong>Enganchados a la qu\u00edmica anal\u00edtica a trav\u00e9s del m\u00f3vi<\/strong>. XIII Jornadas de innovaci\u00f3n docente. . Online. 19 de enero de 2021 (mesa redonda).<\/li>\n\n\n\n<li><u>M.T. Fern\u00e1ndez Abedul, N. de los Santos \u00c1lvarez, B. Fern\u00e1ndez Garc\u00eda<\/u>, Acercando la ciencia a la sociedad digitalizada: innovaci\u00f3n en el aula para favorecer la divulgaci\u00f3n cient\u00edfica, XII Jornadas de innovaci\u00f3n docente, Mieres. 15 de enero de 2020 (taller)<\/li>\n\n\n\n<li>N.de-los-Santos-\u00c1lvarez, B. Fern\u00e1ndez Garc\u00eda, M. R. Pereiro Garc\u00eda, M. J. Lobo Casta\u00f1\u00f3n, M. T. Fern\u00e1ndez Abedul, <strong>Estrategias para favorecer la divulgaci\u00f3n de conocimientos cient\u00edficos<\/strong>. XII Jornadas de innovaci\u00f3n docente. Mieres. 15 de enero de 2020, (poster)<\/li>\n\n\n\n<li><u>N. de los Santos \u00c1lvarez<\/u>, El foro de noticias como medio de evaluaci\u00f3n de diferentes competencias generales y espec\u00edficas a nivel de M\u00e1ster, II Jornada de Innovaci\u00f3n Docente. SEQA.Universidad de Alcal\u00e1, 13-14 de julio de 2016.  (poster). <\/li>\n<\/ul>\n\n\n\n<p><\/p>\n","protected":false},"excerpt":{"rendered":"<p>ARTICLES CONFERENCES<\/p>\n","protected":false},"author":1,"featured_media":0,"parent":0,"menu_order":0,"comment_status":"closed","ping_status":"closed","template":"","meta":{"footnotes":""},"class_list":["post-2298","page","type-page","status-publish","hentry"],"_links":{"self":[{"href":"https:\/\/www.unioviedo.es\/electroanalysis\/index.php\/wp-json\/wp\/v2\/pages\/2298","targetHints":{"allow":["GET"]}}],"collection":[{"href":"https:\/\/www.unioviedo.es\/electroanalysis\/index.php\/wp-json\/wp\/v2\/pages"}],"about":[{"href":"https:\/\/www.unioviedo.es\/electroanalysis\/index.php\/wp-json\/wp\/v2\/types\/page"}],"author":[{"embeddable":true,"href":"https:\/\/www.unioviedo.es\/electroanalysis\/index.php\/wp-json\/wp\/v2\/users\/1"}],"replies":[{"embeddable":true,"href":"https:\/\/www.unioviedo.es\/electroanalysis\/index.php\/wp-json\/wp\/v2\/comments?post=2298"}],"version-history":[{"count":33,"href":"https:\/\/www.unioviedo.es\/electroanalysis\/index.php\/wp-json\/wp\/v2\/pages\/2298\/revisions"}],"predecessor-version":[{"id":2438,"href":"https:\/\/www.unioviedo.es\/electroanalysis\/index.php\/wp-json\/wp\/v2\/pages\/2298\/revisions\/2438"}],"wp:attachment":[{"href":"https:\/\/www.unioviedo.es\/electroanalysis\/index.php\/wp-json\/wp\/v2\/media?parent=2298"}],"curies":[{"name":"wp","href":"https:\/\/api.w.org\/{rel}","templated":true}]}}