{"id":117,"date":"2020-12-07T14:42:24","date_gmt":"2020-12-07T13:42:24","guid":{"rendered":"https:\/\/www.unioviedo.es\/epidemia\/?page_id=117"},"modified":"2020-12-17T12:01:12","modified_gmt":"2020-12-17T11:01:12","slug":"linea-del-tiempo-de-las-epidemias","status":"publish","type":"page","link":"https:\/\/www.unioviedo.es\/epidemia\/index.php\/linea-del-tiempo-de-las-epidemias\/","title":{"rendered":"L\u00ednea del tiempo de las Epidemias"},"content":{"rendered":"\n<p class=\"has-drop-cap\" style=\"font-size:20px\">Otra de las herramientas web que hemos utilizado para transferir el conocimiento que tenemos de las pandemias del pasado, y que complementa a las presentaciones del Arcgis Storymaps, ha sido la l\u00ednea temporal de epidemias hist\u00f3ricas construida gracias al software de&nbsp;<em>Knightlab<\/em>. Esta aplicaci\u00f3n, ampliamente usada en las secciones infogr\u00e1ficas de los principales medios de comunicaci\u00f3n, nos permite darle un contexto diacr\u00f3nico al estudio de las epidemias. La l\u00ednea temporal recoge las principales rupturas traum\u00e1ticas de la normalidad de nuestros antepasados y cada una de las epidemias viene acompa\u00f1ada de un breve texto descriptivo. Como se puede comprobar, algunas de las epidemias aparecieron abruptamente y su desarrollo temporal fue relativamente corto, mientras que en otros casos nuestros ancestros tuvieron que convivir durante siglos con brotes epid\u00e9micos intermitentes pero igual de fatales. &nbsp;<\/p>\n\n\n\n<iframe loading=\"lazy\" src=\"https:\/\/cdn.knightlab.com\/libs\/timeline3\/latest\/embed\/index.html?source=1GxM-nRK5mmganMgLSQTV5rm1DpFYWII57Ihk08g7BYc&amp;font=Default&amp;lang=en&amp;initial_zoom=2&amp;height=650\" width=\"100%\" height=\"650px\" frameborder=\"0\" allowfullscreen=\"\" allow=\"geolocation\"><\/iframe>\n\n\n\n<p class=\"has-text-align-center has-small-font-size\"><a href=\"https:\/\/cdn.knightlab.com\/libs\/timeline3\/latest\/embed\/index.html?source=1GxM-nRK5mmganMgLSQTV5rm1DpFYWII57Ihk08g7BYc&amp;font=Default&amp;lang=en&amp;initial_zoom=2&amp;height=650\">https:\/\/cdn.knightlab.com\/libs\/timeline3\/latest\/embed\/index.html?source=1GxM-nRK5mmganMgLSQTV5rm1DpFYWII57Ihk08g7BYc&amp;font=Default&amp;lang=en&amp;initial_zoom=2&amp;height=650<\/a><\/p>\n","protected":false},"excerpt":{"rendered":"<p>Otra de las herramientas web que hemos utilizado para transferir el conocimiento que tenemos de las pandemias del pasado, y que complementa a las presentaciones del Arcgis Storymaps, ha sido la l\u00ednea temporal de epidemias hist\u00f3ricas construida gracias al software de&nbsp;Knightlab. Esta aplicaci\u00f3n, ampliamente usada en las secciones infogr\u00e1ficas de los principales medios de comunicaci\u00f3n, [&hellip;]<\/p>\n","protected":false},"author":1,"featured_media":0,"parent":0,"menu_order":0,"comment_status":"closed","ping_status":"closed","template":"","meta":{"footnotes":""},"class_list":["post-117","page","type-page","status-publish","hentry","entry"],"_links":{"self":[{"href":"https:\/\/www.unioviedo.es\/epidemia\/index.php\/wp-json\/wp\/v2\/pages\/117","targetHints":{"allow":["GET"]}}],"collection":[{"href":"https:\/\/www.unioviedo.es\/epidemia\/index.php\/wp-json\/wp\/v2\/pages"}],"about":[{"href":"https:\/\/www.unioviedo.es\/epidemia\/index.php\/wp-json\/wp\/v2\/types\/page"}],"author":[{"embeddable":true,"href":"https:\/\/www.unioviedo.es\/epidemia\/index.php\/wp-json\/wp\/v2\/users\/1"}],"replies":[{"embeddable":true,"href":"https:\/\/www.unioviedo.es\/epidemia\/index.php\/wp-json\/wp\/v2\/comments?post=117"}],"version-history":[{"count":14,"href":"https:\/\/www.unioviedo.es\/epidemia\/index.php\/wp-json\/wp\/v2\/pages\/117\/revisions"}],"predecessor-version":[{"id":336,"href":"https:\/\/www.unioviedo.es\/epidemia\/index.php\/wp-json\/wp\/v2\/pages\/117\/revisions\/336"}],"wp:attachment":[{"href":"https:\/\/www.unioviedo.es\/epidemia\/index.php\/wp-json\/wp\/v2\/media?parent=117"}],"curies":[{"name":"wp","href":"https:\/\/api.w.org\/{rel}","templated":true}]}}