{"id":145,"date":"2020-12-07T18:45:27","date_gmt":"2020-12-07T17:45:27","guid":{"rendered":"https:\/\/www.unioviedo.es\/epidemia\/?page_id=145"},"modified":"2020-12-17T12:40:00","modified_gmt":"2020-12-17T11:40:00","slug":"alejandro-garcia-alvarez-busto","status":"publish","type":"page","link":"https:\/\/www.unioviedo.es\/epidemia\/index.php\/acerca-de\/alejandro-garcia-alvarez-busto\/","title":{"rendered":"Alejandro Garc\u00eda \u00c1lvarez-Busto"},"content":{"rendered":"\n<p class=\"has-text-align-left\" style=\"font-size:20px\"><strong>(Coordinador) (Departamento de Historia. \u00c1rea de Arqueolog\u00eda)<\/strong><\/p>\n\n\n\n<div class=\"wp-block-image\"><figure class=\"aligncenter size-large is-resized\"><img loading=\"lazy\" decoding=\"async\" src=\"https:\/\/www.unioviedo.es\/epidemia\/wp-content\/uploads\/2020\/12\/Alex-edited.jpg\" alt=\"\" class=\"wp-image-148\" width=\"223\" height=\"297\"\/><\/figure><\/div>\n\n\n\n<p class=\"has-drop-cap\" style=\"font-size:15px\">Profesor Asociado Doctor del \u00c1rea de Arqueolog\u00eda de la Universidad de Oviedo, acreditado como Profesor Titular por la ANECA. Profesor Tutor de Historia y Arte Medieval en el Centro Asociado de Asturias de la UNED. Como profesor invitado a impartido docencia y realizado estancias de investigaci\u00f3n en las Universidades de Porto, University College London, Oxford, Ca\u2019 Foscari Venezia y Bolonia. Es autor de 70 publicaciones entre art\u00edculos en revistas cient\u00edficas, actas de congresos, libros y cap\u00edtulos de libro, siendo coautor del manual <em>Arqueolog\u00eda Medieval en Asturias<\/em> (Premio Alfredo Quir\u00f3s 2010). Una de sus l\u00edneas de investigaci\u00f3n es la arqueolog\u00eda mon\u00e1stica, habiendo dirigido proyectos de investigaci\u00f3n e intervenciones en monasterios como Las Huelgas en Burgos o Corias y Cornellana en Asturias, desarrollando en colaboraci\u00f3n con los Servicios Cient\u00edfico-T\u00e9cnicos de la Universidad de Oviedo la Oferta tecnol\u00f3gica \u201cAn\u00e1lisis qu\u00edmico de suelos arqueol\u00f3gicos\u201d. Una segunda l\u00ednea de investigaci\u00f3n son las fortificaciones medievales, siendo codirector de las excavaciones arqueol\u00f3gicas en el castillo de Gauz\u00f3n, integrante del Grupo ARQUEOS de la Universidad de Oviedo, e investigador colaborador del proyecto \u201cAsturmetr\u00eda. Formas de ocupaci\u00f3n y organizaci\u00f3n del espacio en el norte peninsular: el territorio astur entre \u00e9poca antigua y medieval a trav\u00e9s del registro arqueol\u00f3gico y paleoambiental\u201d, dirigido por J. Avelino Guti\u00e9rrez (Uniovi) [HAR2016-78036-P]. Tambi\u00e9n es miembro fundador de APIAA y del consejo de redacci\u00f3n de la revista <em>Nailos<\/em>.<\/p>\n\n\n\n<hr class=\"wp-block-separator is-style-wide\"\/>\n\n\n\n<p class=\"has-text-align-center\" style=\"font-size:15px\">Perfil en Researchgate: <a href=\"https:\/\/www.researchgate.net\/profile\/Alejandro_Alvarez-Busto \">https:\/\/www.researchgate.net\/profile\/Alejandro_Alvarez-Busto <\/a><\/p>\n\n\n\n<p class=\"has-text-align-center\" style=\"font-size:15px\">Enlace al grupo Arqueos: <a href=\"https:\/\/arqueos.grupos.uniovi.es\/\">https:\/\/arqueos.grupos.uniovi.es\/<\/a><\/p>\n","protected":false},"excerpt":{"rendered":"<p>(Coordinador) (Departamento de Historia. \u00c1rea de Arqueolog\u00eda) Profesor Asociado Doctor del \u00c1rea de Arqueolog\u00eda de la Universidad de Oviedo, acreditado como Profesor Titular por la ANECA. Profesor Tutor de Historia y Arte Medieval en el Centro Asociado de Asturias de la UNED. Como profesor invitado a impartido docencia y realizado estancias de investigaci\u00f3n en las [&hellip;]<\/p>\n","protected":false},"author":1,"featured_media":0,"parent":5,"menu_order":1,"comment_status":"closed","ping_status":"closed","template":"","meta":{"footnotes":""},"class_list":["post-145","page","type-page","status-publish","hentry","entry"],"_links":{"self":[{"href":"https:\/\/www.unioviedo.es\/epidemia\/index.php\/wp-json\/wp\/v2\/pages\/145","targetHints":{"allow":["GET"]}}],"collection":[{"href":"https:\/\/www.unioviedo.es\/epidemia\/index.php\/wp-json\/wp\/v2\/pages"}],"about":[{"href":"https:\/\/www.unioviedo.es\/epidemia\/index.php\/wp-json\/wp\/v2\/types\/page"}],"author":[{"embeddable":true,"href":"https:\/\/www.unioviedo.es\/epidemia\/index.php\/wp-json\/wp\/v2\/users\/1"}],"replies":[{"embeddable":true,"href":"https:\/\/www.unioviedo.es\/epidemia\/index.php\/wp-json\/wp\/v2\/comments?post=145"}],"version-history":[{"count":6,"href":"https:\/\/www.unioviedo.es\/epidemia\/index.php\/wp-json\/wp\/v2\/pages\/145\/revisions"}],"predecessor-version":[{"id":354,"href":"https:\/\/www.unioviedo.es\/epidemia\/index.php\/wp-json\/wp\/v2\/pages\/145\/revisions\/354"}],"up":[{"embeddable":true,"href":"https:\/\/www.unioviedo.es\/epidemia\/index.php\/wp-json\/wp\/v2\/pages\/5"}],"wp:attachment":[{"href":"https:\/\/www.unioviedo.es\/epidemia\/index.php\/wp-json\/wp\/v2\/media?parent=145"}],"curies":[{"name":"wp","href":"https:\/\/api.w.org\/{rel}","templated":true}]}}