{"id":193,"date":"2020-12-07T20:23:10","date_gmt":"2020-12-07T19:23:10","guid":{"rendered":"https:\/\/www.unioviedo.es\/epidemia\/?page_id=193"},"modified":"2020-12-17T12:46:06","modified_gmt":"2020-12-17T11:46:06","slug":"jose-ignacio-san-vicente-gonzalez-de-aspuru","status":"publish","type":"page","link":"https:\/\/www.unioviedo.es\/epidemia\/index.php\/jose-ignacio-san-vicente-gonzalez-de-aspuru\/","title":{"rendered":"Jos\u00e9 Ignacio San Vicente Gonz\u00e1lez de Aspuru"},"content":{"rendered":"\n<p style=\"font-size:20px\">(Departamento de Historia. \u00c1rea de Historia Antigua)<\/p>\n\n\n\n<div class=\"wp-block-image\"><figure class=\"aligncenter size-large\"><img loading=\"lazy\" decoding=\"async\" width=\"256\" height=\"384\" src=\"https:\/\/www.unioviedo.es\/epidemia\/wp-content\/uploads\/2020\/12\/Inaki.jpg\" alt=\"\" class=\"wp-image-194\" srcset=\"https:\/\/www.unioviedo.es\/epidemia\/wp-content\/uploads\/2020\/12\/Inaki.jpg 256w, https:\/\/www.unioviedo.es\/epidemia\/wp-content\/uploads\/2020\/12\/Inaki-200x300.jpg 200w\" sizes=\"auto, (max-width: 256px) 100vw, 256px\" \/><\/figure><\/div>\n\n\n\n<p style=\"font-size:15px\">Jos\u00e9 Ignacio San Vicente Gonz\u00e1lez de Aspuru (21-10-1955, Vitoria), licenciado en Historia por la Facultad de Filosof\u00eda y Letras de la Universidad de Valladolid en 1979. Estudi\u00f3 de 1984 a 1987 en el Herberdeen Coins Room del Ashmolean Museum, University of Oxford con una beca trianual para investigadores del Gobierno Vasco. Doctor por la Universidad de Valladolid, en 1991, con el tema \u00abCirculaci\u00f3n monetaria en la Pen\u00ednsula Ib\u00e9rica en el Bajo Imperio\u00bb. En el curso 1991-1992 ampli\u00f3 sus estudios en la Academia Espa\u00f1ola de Historia en Roma con una beca del Ministerio de Cultura. Ha impartido docencia en la Universidad del Pa\u00eds Vasco, (1992-1994, 1997-1999, 2000-2001) y a partir del 2002 en la Universidad de Oviedo, donde actualmente es profesor titular en el Departamento de Historia, \u00e1rea de Historia Antigua. Entre sus publicaciones cabe destacar <em>Circulaci\u00f3n monetaria en Hispania durante el siglo IV<\/em> (Museo Casa de la Moneda, Madrid,1991), <em>Moneda y propaganda pol\u00edtica de Diocleciano a Constantino<\/em> (UPV, Vitoria, 2002), <em>Monedas romanas en los grabados de Enea Vico<\/em> (U. Oviedo, 2017) y, por \u00faltimo, <em>Ner\u00f3n: la falsificaci\u00f3n de un mito<\/em> (Ediciones Cl\u00e1sicas, Madrid, 2020) (<a href=\"https:\/\/www.academia.edu\/42153715\/Ner%C3%B3n_La_falsificaci%C3%B3n_de_un_mito_De_Falsa_et_Vera_Historia_3_full_text_texto_%C3%ADntegro_\">https:\/\/www.academia.edu\/42153715\/Ner%C3%B3n_La_falsificaci%C3%B3n_de_un_mito_De_Falsa_et_Vera_Historia_3_full_text_texto_%C3%ADntegro_<\/a>) (descarga gratis).<\/p>\n\n\n\n<hr class=\"wp-block-separator is-style-wide\"\/>\n\n\n\n<p class=\"has-text-align-center\" style=\"font-size:15px\">P\u00e1gina del Repositorio Universidad de Oviedo: <a href=\"https:\/\/digibuo.uniovi.es\/dspace\/browse?type=author&amp;authority=1690\">https:\/\/digibuo.uniovi.es\/dspace\/browse?type=author&amp;authority=1690<\/a><\/p>\n\n\n\n<p class=\"has-text-align-center\" style=\"font-size:15px\">Gu\u00eda de Expertos Uniovi: <a href=\"https:\/\/www.uniovi.es\/ast\/-\/san-vicente-gonzalez-de-aspuru-jose-ignacio\">https:\/\/www.uniovi.es\/ast\/-\/san-vicente-gonzalez-de-aspuru-jose-ignacio<\/a><\/p>\n\n\n\n<p class=\"has-text-align-center\" style=\"font-size:15px\">P\u00e1gina de Dialnet: <a href=\"https:\/\/dialnet.unirioja.es\/servlet\/autor?codigo=591340\">https:\/\/dialnet.unirioja.es\/servlet\/autor?codigo=591340<\/a><\/p>\n\n\n\n<p class=\"has-text-align-center\" style=\"font-size:15px\">N\u00famero Orcid: <a href=\"https:\/\/orcid.org\/0000-0002-1968-3265\">https:\/\/orcid.org\/0000-0002-1968-3265<\/a><\/p>\n\n\n\n<p class=\"has-text-align-center\" style=\"font-size:15px\">VIAF: <a href=\"https:\/\/viaf.org\/viaf\/35511019\/\">https:\/\/viaf.org\/viaf\/35511019\/<\/a><\/p>\n\n\n\n<p class=\"has-text-align-center\" style=\"font-size:15px\">P\u00e1gina de Researchgate: <a href=\"https:\/\/www.researchgate.net\/profile\/Jose_San_Vicente\/publications \">https:\/\/www.researchgate.net\/profile\/Jose_San_Vicente\/publications <\/a><\/p>\n","protected":false},"excerpt":{"rendered":"<p>(Departamento de Historia. \u00c1rea de Historia Antigua) Jos\u00e9 Ignacio San Vicente Gonz\u00e1lez de Aspuru (21-10-1955, Vitoria), licenciado en Historia por la Facultad de Filosof\u00eda y Letras de la Universidad de Valladolid en 1979. Estudi\u00f3 de 1984 a 1987 en el Herberdeen Coins Room del Ashmolean Museum, University of Oxford con una beca trianual para investigadores [&hellip;]<\/p>\n","protected":false},"author":1,"featured_media":0,"parent":0,"menu_order":0,"comment_status":"closed","ping_status":"closed","template":"","meta":{"footnotes":""},"class_list":["post-193","page","type-page","status-publish","hentry","entry"],"_links":{"self":[{"href":"https:\/\/www.unioviedo.es\/epidemia\/index.php\/wp-json\/wp\/v2\/pages\/193","targetHints":{"allow":["GET"]}}],"collection":[{"href":"https:\/\/www.unioviedo.es\/epidemia\/index.php\/wp-json\/wp\/v2\/pages"}],"about":[{"href":"https:\/\/www.unioviedo.es\/epidemia\/index.php\/wp-json\/wp\/v2\/types\/page"}],"author":[{"embeddable":true,"href":"https:\/\/www.unioviedo.es\/epidemia\/index.php\/wp-json\/wp\/v2\/users\/1"}],"replies":[{"embeddable":true,"href":"https:\/\/www.unioviedo.es\/epidemia\/index.php\/wp-json\/wp\/v2\/comments?post=193"}],"version-history":[{"count":2,"href":"https:\/\/www.unioviedo.es\/epidemia\/index.php\/wp-json\/wp\/v2\/pages\/193\/revisions"}],"predecessor-version":[{"id":362,"href":"https:\/\/www.unioviedo.es\/epidemia\/index.php\/wp-json\/wp\/v2\/pages\/193\/revisions\/362"}],"wp:attachment":[{"href":"https:\/\/www.unioviedo.es\/epidemia\/index.php\/wp-json\/wp\/v2\/media?parent=193"}],"curies":[{"name":"wp","href":"https:\/\/api.w.org\/{rel}","templated":true}]}}