{"id":248,"date":"2020-12-07T22:39:05","date_gmt":"2020-12-07T21:39:05","guid":{"rendered":"https:\/\/www.unioviedo.es\/epidemia\/?page_id=248"},"modified":"2020-12-17T18:42:07","modified_gmt":"2020-12-17T17:42:07","slug":"creditos-de-la-pagina-web","status":"publish","type":"page","link":"https:\/\/www.unioviedo.es\/epidemia\/index.php\/inicio\/creditos-de-la-pagina-web\/","title":{"rendered":"Cr\u00e9ditos de la p\u00e1gina web"},"content":{"rendered":"\n<div class=\"wp-block-image\"><figure class=\"aligncenter size-large is-resized\"><img loading=\"lazy\" decoding=\"async\" src=\"https:\/\/www.unioviedo.es\/epidemia\/wp-content\/uploads\/2020\/12\/Logo-Epidemia_v-2.conuniovi-2-1024x698.png\" alt=\"\" class=\"wp-image-309\" width=\"307\" height=\"209\" srcset=\"https:\/\/www.unioviedo.es\/epidemia\/wp-content\/uploads\/2020\/12\/Logo-Epidemia_v-2.conuniovi-2-1024x698.png 1024w, https:\/\/www.unioviedo.es\/epidemia\/wp-content\/uploads\/2020\/12\/Logo-Epidemia_v-2.conuniovi-2-300x205.png 300w, https:\/\/www.unioviedo.es\/epidemia\/wp-content\/uploads\/2020\/12\/Logo-Epidemia_v-2.conuniovi-2-768x524.png 768w, https:\/\/www.unioviedo.es\/epidemia\/wp-content\/uploads\/2020\/12\/Logo-Epidemia_v-2.conuniovi-2-1536x1048.png 1536w, https:\/\/www.unioviedo.es\/epidemia\/wp-content\/uploads\/2020\/12\/Logo-Epidemia_v-2.conuniovi-2-1568x1069.png 1568w, https:\/\/www.unioviedo.es\/epidemia\/wp-content\/uploads\/2020\/12\/Logo-Epidemia_v-2.conuniovi-2.png 2044w\" sizes=\"auto, (max-width: 307px) 100vw, 307px\" \/><\/figure><\/div>\n\n\n\n<p class=\"has-text-align-center has-normal-font-size\"><strong>Contenidos generales de la web<\/strong><\/p>\n\n\n\n<p class=\"has-text-align-center has-normal-font-size\"> Grupo Epidemia<\/p>\n\n\n\n<hr class=\"wp-block-separator is-style-wide\"\/>\n\n\n\n<p class=\"has-text-align-center\" style=\"font-size:15px\"><strong>Coordinaci\u00f3n del grupo<\/strong><\/p>\n\n\n\n<p class=\"has-text-align-center\" style=\"font-size:15px\">Alejandro Garc\u00eda \u00c1lvarez-Busto<\/p>\n\n\n\n<hr class=\"wp-block-separator is-style-wide\"\/>\n\n\n\n<p class=\"has-text-align-center\" style=\"font-size:15px\"><strong>ArcGis y mapas del grupo<\/strong><\/p>\n\n\n\n<p class=\"has-text-align-center\" style=\"font-size:15px\">Fernando Manzano Ledesma<\/p>\n\n\n\n<hr class=\"wp-block-separator is-style-wide\"\/>\n\n\n\n<p class=\"has-text-align-center\" style=\"font-size:15px\"><strong>Subida de materiales <strong>y dise\u00f1o<\/strong> web <\/strong><\/p>\n\n\n\n<p class=\"has-text-align-center\" style=\"font-size:15px\">Fernando R. del Cueto\/ \u00c1lvaro Solano Fern\u00e1ndez-Sordo<\/p>\n\n\n\n<div class=\"wp-block-image\"><figure class=\"aligncenter size-large is-resized\"><img loading=\"lazy\" decoding=\"async\" src=\"https:\/\/www.unioviedo.es\/epidemia\/wp-content\/uploads\/2020\/12\/Logo-Aubrey_3-971x1024.png\" alt=\"\" class=\"wp-image-371\" width=\"156\" height=\"164\" srcset=\"https:\/\/www.unioviedo.es\/epidemia\/wp-content\/uploads\/2020\/12\/Logo-Aubrey_3-971x1024.png 971w, https:\/\/www.unioviedo.es\/epidemia\/wp-content\/uploads\/2020\/12\/Logo-Aubrey_3-285x300.png 285w, https:\/\/www.unioviedo.es\/epidemia\/wp-content\/uploads\/2020\/12\/Logo-Aubrey_3-768x810.png 768w, https:\/\/www.unioviedo.es\/epidemia\/wp-content\/uploads\/2020\/12\/Logo-Aubrey_3-1457x1536.png 1457w, https:\/\/www.unioviedo.es\/epidemia\/wp-content\/uploads\/2020\/12\/Logo-Aubrey_3-1942x2048.png 1942w, https:\/\/www.unioviedo.es\/epidemia\/wp-content\/uploads\/2020\/12\/Logo-Aubrey_3-1568x1653.png 1568w\" sizes=\"auto, (max-width: 156px) 100vw, 156px\" \/><\/figure><\/div>\n\n\n\n<div class=\"wp-block-image\"><figure class=\"aligncenter size-large\"><img loading=\"lazy\" decoding=\"async\" width=\"113\" height=\"116\" src=\"https:\/\/www.unioviedo.es\/epidemia\/wp-content\/uploads\/2020\/12\/ASFS-1-edited.png\" alt=\"\" class=\"wp-image-250\"\/><\/figure><\/div>\n\n\n\n<hr class=\"wp-block-separator is-style-wide\"\/>\n\n\n\n<p class=\"has-text-align-center\" style=\"font-size:15px\"><strong>Logo del Grupo<\/strong><\/p>\n\n\n\n<div class=\"wp-block-image\"><figure class=\"aligncenter size-large is-resized\"><img loading=\"lazy\" decoding=\"async\" src=\"https:\/\/www.unioviedo.es\/epidemia\/wp-content\/uploads\/2020\/12\/Logo-Aubrey_3-1-971x1024.png\" alt=\"\" class=\"wp-image-372\" width=\"140\" height=\"147\" srcset=\"https:\/\/www.unioviedo.es\/epidemia\/wp-content\/uploads\/2020\/12\/Logo-Aubrey_3-1-971x1024.png 971w, https:\/\/www.unioviedo.es\/epidemia\/wp-content\/uploads\/2020\/12\/Logo-Aubrey_3-1-285x300.png 285w, https:\/\/www.unioviedo.es\/epidemia\/wp-content\/uploads\/2020\/12\/Logo-Aubrey_3-1-768x810.png 768w, https:\/\/www.unioviedo.es\/epidemia\/wp-content\/uploads\/2020\/12\/Logo-Aubrey_3-1-1457x1536.png 1457w, https:\/\/www.unioviedo.es\/epidemia\/wp-content\/uploads\/2020\/12\/Logo-Aubrey_3-1-1942x2048.png 1942w, https:\/\/www.unioviedo.es\/epidemia\/wp-content\/uploads\/2020\/12\/Logo-Aubrey_3-1-1568x1653.png 1568w\" sizes=\"auto, (max-width: 140px) 100vw, 140px\" \/><\/figure><\/div>\n\n\n\n<p class=\"has-text-align-center\" style=\"font-size:15px\">Fernando R. del Cueto<\/p>\n","protected":false},"excerpt":{"rendered":"<p>Contenidos generales de la web Grupo Epidemia Coordinaci\u00f3n del grupo Alejandro Garc\u00eda \u00c1lvarez-Busto ArcGis y mapas del grupo Fernando Manzano Ledesma Subida de materiales y dise\u00f1o web Fernando R. del Cueto\/ \u00c1lvaro Solano Fern\u00e1ndez-Sordo Logo del Grupo Fernando R. del Cueto<\/p>\n","protected":false},"author":1,"featured_media":0,"parent":4,"menu_order":0,"comment_status":"closed","ping_status":"closed","template":"","meta":{"footnotes":""},"class_list":["post-248","page","type-page","status-publish","hentry","entry"],"_links":{"self":[{"href":"https:\/\/www.unioviedo.es\/epidemia\/index.php\/wp-json\/wp\/v2\/pages\/248","targetHints":{"allow":["GET"]}}],"collection":[{"href":"https:\/\/www.unioviedo.es\/epidemia\/index.php\/wp-json\/wp\/v2\/pages"}],"about":[{"href":"https:\/\/www.unioviedo.es\/epidemia\/index.php\/wp-json\/wp\/v2\/types\/page"}],"author":[{"embeddable":true,"href":"https:\/\/www.unioviedo.es\/epidemia\/index.php\/wp-json\/wp\/v2\/users\/1"}],"replies":[{"embeddable":true,"href":"https:\/\/www.unioviedo.es\/epidemia\/index.php\/wp-json\/wp\/v2\/comments?post=248"}],"version-history":[{"count":7,"href":"https:\/\/www.unioviedo.es\/epidemia\/index.php\/wp-json\/wp\/v2\/pages\/248\/revisions"}],"predecessor-version":[{"id":373,"href":"https:\/\/www.unioviedo.es\/epidemia\/index.php\/wp-json\/wp\/v2\/pages\/248\/revisions\/373"}],"up":[{"embeddable":true,"href":"https:\/\/www.unioviedo.es\/epidemia\/index.php\/wp-json\/wp\/v2\/pages\/4"}],"wp:attachment":[{"href":"https:\/\/www.unioviedo.es\/epidemia\/index.php\/wp-json\/wp\/v2\/media?parent=248"}],"curies":[{"name":"wp","href":"https:\/\/api.w.org\/{rel}","templated":true}]}}