{"id":231,"date":"2022-03-07T12:45:45","date_gmt":"2022-03-07T11:45:45","guid":{"rendered":"https:\/\/www.unioviedo.es\/feijoopro\/?page_id=231"},"modified":"2022-03-14T12:03:19","modified_gmt":"2022-03-14T11:03:19","slug":"convocatoria-cfp","status":"publish","type":"page","link":"https:\/\/www.unioviedo.es\/feijoopro\/convocatoria-cfp\/","title":{"rendered":"Convocatoria \/ CFP"},"content":{"rendered":"\n<p><strong>Env\u00edos \/ Submissions<\/strong><\/p>\n\n\n\n<p>Las propuestas han de ser enviadas antes del\u00a0<strong>1 de abril de 2022<\/strong>\u00a0a\u00a0<a href=\"mailto:feijoopro2021@gmail.com\">feijoociencia2022@gmail.com<\/a>. Se remitir\u00e1 \u00fanicamente un resumen de hasta 500 palabras preparado para su evaluaci\u00f3n an\u00f3nima.\u00a0La decisi\u00f3n sobre\u00a0la aceptaci\u00f3n se comunicar\u00e1 antes del\u00a0<strong>8 de abril de 2022<\/strong>.<\/p>\n\n\n\n<p><em>If you are interested in presenting a paper, please send an abstract of up to 500 words suitably prepared for blind reviewing\u00a0to \u00a0<a href=\"mailto:feijoopro2021@gmail.com\"><\/a><a href=\"mailto:feijoopro2021@gmail.com\">feijoociencia2022@gmail.com<\/a>\u00a0before\u00a0<strong>1<\/strong><\/em><strong><em> April 2022.<\/em><\/strong><em>\u00a0Acceptance will be notified by\u00a0<\/em><strong><em>8 April 202<\/em><\/strong><em><strong>2<\/strong>.<\/em><\/p>\n\n\n\n<p><strong>Ponencias \/ Presentations<\/strong><\/p>\n\n\n\n<p>Las ponencias seleccionadas se presentar\u00e1n en directo por v\u00eda&nbsp;telem\u00e1tica: se contar\u00e1 con 15 minutos para su exposici\u00f3n y otros 15 se destinar\u00e1n a&nbsp;coloquio. En la medida de lo posible, se tendr\u00e1 en consideraci\u00f3n la probable diferencia horaria. Los&nbsp;trabajos pueden ser presentados en espa\u00f1ol o ingl\u00e9s, aunque no se dispondr\u00e1 de servicio de traducci\u00f3n.<\/p>\n\n\n\n<p><em>Those accepted are expected to give a live online presentation of 15 minutes followed by 15 minutes Q&amp;A.&nbsp;The final programme will try to take into account the eventual time difference.&nbsp;Papers can be presented in English or Spanish, but please note that no translation service will be provided.<\/em><\/p>\n","protected":false},"excerpt":{"rendered":"<p>Env\u00edos \/ Submissions Las propuestas han de ser enviadas antes del\u00a01 de abril de 2022\u00a0a\u00a0feijoociencia2022@gmail.com. Se remitir\u00e1 \u00fanicamente un resumen de hasta 500 palabras preparado para su evaluaci\u00f3n an\u00f3nima.\u00a0La decisi\u00f3n sobre\u00a0la aceptaci\u00f3n se comunicar\u00e1 antes del\u00a08 de abril de 2022. If you are interested in presenting a paper, please send an abstract of up to &hellip; <\/p>\n<p class=\"link-more\"><a href=\"https:\/\/www.unioviedo.es\/feijoopro\/convocatoria-cfp\/\" class=\"more-link\">Continuar leyendo<span class=\"screen-reader-text\"> \u00abConvocatoria \/ CFP\u00bb<\/span><\/a><\/p>\n","protected":false},"author":1,"featured_media":0,"parent":0,"menu_order":0,"comment_status":"closed","ping_status":"closed","template":"","meta":{"footnotes":""},"class_list":["post-231","page","type-page","status-publish","hentry"],"_links":{"self":[{"href":"https:\/\/www.unioviedo.es\/feijoopro\/wp-json\/wp\/v2\/pages\/231","targetHints":{"allow":["GET"]}}],"collection":[{"href":"https:\/\/www.unioviedo.es\/feijoopro\/wp-json\/wp\/v2\/pages"}],"about":[{"href":"https:\/\/www.unioviedo.es\/feijoopro\/wp-json\/wp\/v2\/types\/page"}],"author":[{"embeddable":true,"href":"https:\/\/www.unioviedo.es\/feijoopro\/wp-json\/wp\/v2\/users\/1"}],"replies":[{"embeddable":true,"href":"https:\/\/www.unioviedo.es\/feijoopro\/wp-json\/wp\/v2\/comments?post=231"}],"version-history":[{"count":4,"href":"https:\/\/www.unioviedo.es\/feijoopro\/wp-json\/wp\/v2\/pages\/231\/revisions"}],"predecessor-version":[{"id":258,"href":"https:\/\/www.unioviedo.es\/feijoopro\/wp-json\/wp\/v2\/pages\/231\/revisions\/258"}],"wp:attachment":[{"href":"https:\/\/www.unioviedo.es\/feijoopro\/wp-json\/wp\/v2\/media?parent=231"}],"curies":[{"name":"wp","href":"https:\/\/api.w.org\/{rel}","templated":true}]}}