{"id":347,"date":"2024-01-10T11:10:26","date_gmt":"2024-01-10T10:10:26","guid":{"rendered":"https:\/\/www.unioviedo.es\/feijoopro\/?page_id=347"},"modified":"2024-04-29T09:31:28","modified_gmt":"2024-04-29T07:31:28","slug":"envio-de-propuestas","status":"publish","type":"page","link":"https:\/\/www.unioviedo.es\/feijoopro\/envio-de-propuestas\/","title":{"rendered":"Env\u00edo de propuestas \/ Call for papers"},"content":{"rendered":"\n<p><strong>Congreso \u00abLa libertad de filosofar en la obra y el contexto de Benito Jer\u00f3nimo Feijoo\u00bb<\/strong><\/p>\n\n\n\n<figure class=\"wp-block-image size-large\"><img loading=\"lazy\" decoding=\"async\" width=\"1024\" height=\"233\" src=\"https:\/\/www.unioviedo.es\/feijoopro\/wp-content\/uploads\/2024\/02\/image-1-1024x233.png\" alt=\"\" class=\"wp-image-431\" srcset=\"https:\/\/www.unioviedo.es\/feijoopro\/wp-content\/uploads\/2024\/02\/image-1-1024x233.png 1024w, https:\/\/www.unioviedo.es\/feijoopro\/wp-content\/uploads\/2024\/02\/image-1-300x68.png 300w, https:\/\/www.unioviedo.es\/feijoopro\/wp-content\/uploads\/2024\/02\/image-1-768x175.png 768w, https:\/\/www.unioviedo.es\/feijoopro\/wp-content\/uploads\/2024\/02\/image-1-1536x350.png 1536w, https:\/\/www.unioviedo.es\/feijoopro\/wp-content\/uploads\/2024\/02\/image-1.png 1721w\" sizes=\"auto, (max-width: 706px) 89vw, (max-width: 767px) 82vw, 740px\" \/><\/figure>\n\n\n\n<p>Colabora: <\/p>\n\n\n\n<figure class=\"wp-block-image size-full\"><img loading=\"lazy\" decoding=\"async\" width=\"268\" height=\"56\" src=\"https:\/\/www.unioviedo.es\/feijoopro\/wp-content\/uploads\/2024\/04\/layout_set_logo.png\" alt=\"\" class=\"wp-image-486\"\/><\/figure>\n\n\n\n<p><\/p>\n\n\n\n<p><strong>Env\u00edos \/ Submissions<\/strong><\/p>\n\n\n\n<p>Las propuestas han de ser enviadas antes del&nbsp;<strong>15 de marzo de 2024<\/strong>&nbsp;a <a href=\"mailto:feijoolibertad@gmail.com\" target=\"_blank\" rel=\"noreferrer noopener\">feijoolibertad@gmail.com<\/a>. Se remitir\u00e1 un resumen de hasta 500 palabras preparado para su evaluaci\u00f3n an\u00f3nima y una breve nota biogr\u00e1fica.&nbsp;La decisi\u00f3n sobre&nbsp;la aceptaci\u00f3n se comunicar\u00e1 a finales<strong> <\/strong>de<strong>  abril de 2024<\/strong>. Los trabajos seleccionados para su presentaci\u00f3n en el congreso podr\u00edan publicarse en las actas del mismo.<\/p>\n\n\n\n<p><em>If you are interested in presenting a paper, please send an abstract of up to 500 words suitably prepared for blind reviewing, and a short biography&nbsp;to <a href=\"mailto:feijoolibertad@gmail.com\" target=\"_blank\" rel=\"noreferrer noopener\">feijoolibertad@gmail.com<\/a>&nbsp;before&nbsp;<\/em><strong><em>15 March 2024.<\/em><\/strong><em>&nbsp;Acceptance will be notified by&nbsp;the end of<\/em><strong><em> April 2024<\/em><\/strong><em>.<\/em> <em>Selected papers might be published in the proceedings.<\/em><\/p>\n\n\n\n<p><strong>Ponencias \/ Presentations<\/strong><\/p>\n\n\n\n<p>Las ponencias seleccionadas contar\u00e1n con 15 minutos para su exposici\u00f3n y otros 15 se para&nbsp;coloquio. Los&nbsp;trabajos pueden ser presentados en espa\u00f1ol, ingl\u00e9s o franc\u00e9s, aunque no se dispondr\u00e1 de servicio de traducci\u00f3n. Tambi\u00e9n es posible participar en l\u00ednea. <\/p>\n\n\n\n<p><em>Those accepted are expected to present in person for 15 minutes followed by 15 minutes Q&amp;A.&nbsp;&nbsp;Papers can be presented in English, Spanish or French, but please note that no translation service will be provided.<\/em> <em>Online presentations are also possible<\/em>.<\/p>\n\n\n\n<p>ORGANIZADORES: <\/p>\n\n\n\n<p><strong>Marta Garc\u00eda-Alonso<\/strong>, UNED<\/p>\n\n\n\n<p><strong>Armando Men\u00e9ndez Viso<\/strong>, Universidad de Oviedo<\/p>\n\n\n\n<figure class=\"wp-block-image\"><img decoding=\"async\" src=\"blob:https:\/\/www.unioviedo.es\/d2902571-64d6-490b-84ca-53544c7a6cc2\" alt=\"\"\/><\/figure>\n\n\n\n<p><a href=\"https:\/\/www.unioviedo.es\/feijoopro\/congreso-la-libertad-de-filosofar-en-la-obra-y-el-contexto-de-benito-jeronimo-feijoo\/\">Tem\u00e1tica del congreso<\/a> \/ Conference topics<\/p>\n\n\n\n<p><a href=\"https:\/\/www.unioviedo.es\/feijoopro\/programa\/\">Programa<\/a>&nbsp;\/ Programme<\/p>\n\n\n\n<p><a href=\"https:\/\/www.unioviedo.es\/feijoopro\/resumenes\/\">Res\u00famenes <\/a>\/ Abstracts<\/p>\n\n\n\n<p><a href=\"https:\/\/www.unioviedo.es\/feijoopro\/comite-cientifico\/\">Organizaci\u00f3n<\/a> \/ Organising Committee<\/p>\n\n\n\n<p><a href=\"https:\/\/www.unioviedo.es\/feijoopro\/informacion-practica\/\">Informaci\u00f3n pr\u00e1ctica<\/a> \/ Practicalities<\/p>\n","protected":false},"excerpt":{"rendered":"<p>Congreso \u00abLa libertad de filosofar en la obra y el contexto de Benito Jer\u00f3nimo Feijoo\u00bb Colabora: Env\u00edos \/ Submissions Las propuestas han de ser enviadas antes del&nbsp;15 de marzo de 2024&nbsp;a feijoolibertad@gmail.com. Se remitir\u00e1 un resumen de hasta 500 palabras preparado para su evaluaci\u00f3n an\u00f3nima y una breve nota biogr\u00e1fica.&nbsp;La decisi\u00f3n sobre&nbsp;la aceptaci\u00f3n se comunicar\u00e1 &hellip; <\/p>\n<p class=\"link-more\"><a href=\"https:\/\/www.unioviedo.es\/feijoopro\/envio-de-propuestas\/\" class=\"more-link\">Continuar leyendo<span class=\"screen-reader-text\"> \u00abEnv\u00edo de propuestas \/ Call for papers\u00bb<\/span><\/a><\/p>\n","protected":false},"author":1,"featured_media":0,"parent":0,"menu_order":0,"comment_status":"closed","ping_status":"closed","template":"","meta":{"footnotes":""},"class_list":["post-347","page","type-page","status-publish","hentry"],"_links":{"self":[{"href":"https:\/\/www.unioviedo.es\/feijoopro\/wp-json\/wp\/v2\/pages\/347","targetHints":{"allow":["GET"]}}],"collection":[{"href":"https:\/\/www.unioviedo.es\/feijoopro\/wp-json\/wp\/v2\/pages"}],"about":[{"href":"https:\/\/www.unioviedo.es\/feijoopro\/wp-json\/wp\/v2\/types\/page"}],"author":[{"embeddable":true,"href":"https:\/\/www.unioviedo.es\/feijoopro\/wp-json\/wp\/v2\/users\/1"}],"replies":[{"embeddable":true,"href":"https:\/\/www.unioviedo.es\/feijoopro\/wp-json\/wp\/v2\/comments?post=347"}],"version-history":[{"count":15,"href":"https:\/\/www.unioviedo.es\/feijoopro\/wp-json\/wp\/v2\/pages\/347\/revisions"}],"predecessor-version":[{"id":491,"href":"https:\/\/www.unioviedo.es\/feijoopro\/wp-json\/wp\/v2\/pages\/347\/revisions\/491"}],"wp:attachment":[{"href":"https:\/\/www.unioviedo.es\/feijoopro\/wp-json\/wp\/v2\/media?parent=347"}],"curies":[{"name":"wp","href":"https:\/\/api.w.org\/{rel}","templated":true}]}}