{"id":360,"date":"2024-01-10T11:28:30","date_gmt":"2024-01-10T10:28:30","guid":{"rendered":"https:\/\/www.unioviedo.es\/feijoopro\/?page_id=360"},"modified":"2024-06-12T12:56:31","modified_gmt":"2024-06-12T10:56:31","slug":"programa","status":"publish","type":"page","link":"https:\/\/www.unioviedo.es\/feijoopro\/programa\/","title":{"rendered":"Programa"},"content":{"rendered":"\n<figure class=\"wp-block-image size-large is-resized\"><img loading=\"lazy\" decoding=\"async\" width=\"1024\" height=\"234\" src=\"https:\/\/www.unioviedo.es\/feijoopro\/wp-content\/uploads\/2024\/02\/\u200eLogos-Feijoo-2024.\u200e001-e1706803802710-1024x234.png\" alt=\"\" class=\"wp-image-427\" style=\"width:674px;height:auto\" srcset=\"https:\/\/www.unioviedo.es\/feijoopro\/wp-content\/uploads\/2024\/02\/\u200eLogos-Feijoo-2024.\u200e001-e1706803802710-1024x234.png 1024w, https:\/\/www.unioviedo.es\/feijoopro\/wp-content\/uploads\/2024\/02\/\u200eLogos-Feijoo-2024.\u200e001-e1706803802710-300x69.png 300w, https:\/\/www.unioviedo.es\/feijoopro\/wp-content\/uploads\/2024\/02\/\u200eLogos-Feijoo-2024.\u200e001-e1706803802710-768x175.png 768w, https:\/\/www.unioviedo.es\/feijoopro\/wp-content\/uploads\/2024\/02\/\u200eLogos-Feijoo-2024.\u200e001-e1706803802710-1536x351.png 1536w, https:\/\/www.unioviedo.es\/feijoopro\/wp-content\/uploads\/2024\/02\/\u200eLogos-Feijoo-2024.\u200e001-e1706803802710.png 1734w\" sizes=\"auto, (max-width: 706px) 89vw, (max-width: 767px) 82vw, 740px\" \/><\/figure>\n\n\n\n<p>Colabora: <\/p>\n\n\n\n<figure class=\"wp-block-image size-full\"><img loading=\"lazy\" decoding=\"async\" width=\"268\" height=\"56\" src=\"https:\/\/www.unioviedo.es\/feijoopro\/wp-content\/uploads\/2024\/04\/layout_set_logo.png\" alt=\"\" class=\"wp-image-486\"\/><\/figure>\n\n\n\n<p><\/p>\n\n\n\n<p><strong>Congreso \u00abLa libertad de filosofar en la obra y el contexto de Benito Jer\u00f3nimo Feijoo\u00bb<\/strong><\/p>\n\n\n\n<p><strong>PROGRAMA<\/strong><\/p>\n\n\n\n<p><a href=\"https:\/\/www.unioviedo.es\/feijoopro\/wp-content\/uploads\/2024\/05\/Progama-La-libertad-de-filosofar-en-la-obra-y-el-contexto-de-Benito-Jeronimo-Feijoo.pdf\" data-type=\"link\" data-id=\"https:\/\/www.unioviedo.es\/feijoopro\/wp-content\/uploads\/2024\/05\/Progama-La-libertad-de-filosofar-en-la-obra-y-el-contexto-de-Benito-Jeronimo-Feijoo.pdf\">Descarga en PDF<\/a><\/p>\n\n\n\n<p><a href=\"https:\/\/teams.microsoft.com\/l\/meetup-join\/19%3ameeting_NWVjYWUzZjAtODRkNy00MmVjLWEwNTItMTRjMmIyOTVmMzNl%40thread.v2\/0?context=%7b%22Tid%22%3a%2205ea74a3-92c5-4c31-978a-925c3c799cd0%22%2c%22Oid%22%3a%22d0d1b1f9-60ef-4905-a4c1-2540246e4ab3%22%7d\">Conectarse a las sesiones en <em>Teams<\/em><\/a><\/p>\n\n\n\n<p><strong>Mi\u00e9rcoles, 12 de junio<\/strong> de 2024<\/p>\n\n\n\n<p>Modera: Marta Garc\u00eda Alonso<\/p>\n\n\n\n<p>9,00 Inauguraci\u00f3n<\/p>\n\n\n\n<p>9,30-10,45 Inmaculada Urzainqui (Instituto Feijoo): &nbsp;Feijoo y los l\u00edmites de la libertad de expresi\u00f3n<\/p>\n\n\n\n<p>10,45-12,15 Juan Pablo Dom\u00ednguez (Universidad de Navarra): Feijoo, la Ilustraci\u00f3n y la tolerancia religiosa<\/p>\n\n\n\n<p>12,15 Caf\u00e9<\/p>\n\n\n\n<p>12,45-14,00 Fernando Bahr (Conicet-Argentina): Teolog\u00eda y libertad de pensamiento seg\u00fan el padre Feijoo<\/p>\n\n\n\n<p><strong>Jueves, 13 de junio<\/strong> de 2024<\/p>\n\n\n\n<p>Modera: Armando Men\u00e9ndez Viso<\/p>\n\n\n\n<p>9,00-10,15 Fernando Dur\u00e1n L\u00f3pez (Universidad de C\u00e1diz) \u00abContra el indiscreto celo de reformar:&nbsp;<em>Lo que hay de m\u00e1s y menos en Espa\u00f1a<\/em>, de Jos\u00e9 del Campillo, ante la censura (1786-1795)\u00bb<\/p>\n\n\n\n<p>10,15-11,30 Marina Torres Arce (Universidad de Cantabria): \u00abLo que mand\u00f3 borrar el Santo Tribunal\u00bb. Inquisici\u00f3n, censura y regalismo borb\u00f3nico<\/p>\n\n\n\n<p>11,30 Caf\u00e9<\/p>\n\n\n\n<p>12,00-14,00 Comunicaciones<\/p>\n\n\n\n<p>Marta Friera (Universidad de Oviedo):&nbsp;Leer para pensar: un acercamiento a las bibliotecas asturianas de la segunda mitad del siglo XVIII<\/p>\n\n\n\n<p>Javier Mu\u00f1oz de Morales (Universidad de Gante):&nbsp;Una novela contra la libertad de filosofar a finales del XVIII:<em>&nbsp;El secretario fil\u00f3sofo<\/em>&nbsp;(1800) de Pablo de Olavide<\/p>\n\n\n\n<p>Eva Velasco (Universidad Rey Juan Carlos):&nbsp;La Historia Eclesi\u00e1stica en el siglo XVIII: traducci\u00f3n, censura y pol\u00e9micas doctrinales<\/p>\n\n\n\n<p>Jorge Chauca (Universidad de M\u00e1laga): Los l\u00edmites de la raz\u00f3n: censura y pensamiento reaccionario en la batalla cultural contra los falsos fil\u00f3sofos<\/p>\n\n\n\n<p>16,30-18,00 Visita guiada a la ciudad de Oviedo (salida desde el claustro de la Universidad)<\/p>\n\n\n\n<p><strong>Viernes, 14 de junio<\/strong> de 2024<\/p>\n\n\n\n<p>Modera: Eduardo Zazo Jim\u00e9nez<\/p>\n\n\n\n<p>9,00-10,15 John C. Laursen (Universidad de California-Riverside): La renuncia de Feijoo del escepticismo y el materialismo en las\u00a0<em>Cartas eruditas<\/em><\/p>\n\n\n\n<p>10,15-11,30 Armando Men\u00e9ndez Viso (Universidad de Oviedo): Ciencia, pol\u00edtica y l\u00edmites de la libertad de filosofar en Feijoo<\/p>\n\n\n\n<p>11,30 Caf\u00e9<\/p>\n\n\n\n<p>12,00 \u2013 13,30 Comunicaciones<\/p>\n\n\n\n<p>Francisco S\u00e1nchez-Blanco (Universidad del Ruhr):&nbsp;Los or\u00edgenes de la Ilustraci\u00f3n en Espa\u00f1a: la defensa del escepticismo empirista<\/p>\n\n\n\n<p>Joaqu\u00edn Castell\u00e1 (Universidad de Valencia): Convicci\u00f3n confesional y tolerancia intelectual en Feijoo<\/p>\n\n\n\n<p>Mar\u00eda Fern\u00e1ndez Abril (IES El Bat\u00e1n): De la filosof\u00eda escol\u00e1stica a la ciencia experimental: Feijoo en el panorama mexicano<\/p>\n\n\n\n<p>13,30-14,00 Clausura<\/p>\n\n\n\n<p><\/p>\n\n\n\n<p>ORGANIZADORES: <\/p>\n\n\n\n<p><strong>Marta Garc\u00eda-Alonso<\/strong>, UNED<\/p>\n\n\n\n<p><strong>Armando Men\u00e9ndez Viso<\/strong>, Universidad de Oviedo<\/p>\n\n\n\n<p><\/p>\n\n\n\n<p><\/p>\n\n\n\n<p><a href=\"https:\/\/www.unioviedo.es\/feijoopro\/congreso-la-libertad-de-filosofar-en-la-obra-y-el-contexto-de-benito-jeronimo-feijoo\/\">Tem\u00e1tica del congreso<\/a> \/ Conference topics<\/p>\n\n\n\n<p><a href=\"https:\/\/www.unioviedo.es\/feijoopro\/resumenes\/\">Res\u00famenes <\/a>\/ Abstracts<\/p>\n\n\n\n<p><a href=\"https:\/\/www.unioviedo.es\/feijoopro\/comite-cientifico\/\">Comit\u00e9 cient\u00edfico<\/a>\/ Scientific Committee<\/p>\n\n\n\n<p><a href=\"https:\/\/www.unioviedo.es\/feijoopro\/envio-de-propuestas\/\">Env\u00edo de propuestas<\/a> \/ Call for papers<\/p>\n\n\n\n<p><a href=\"https:\/\/www.unioviedo.es\/feijoopro\/informacion-practica\/\">Informaci\u00f3n pr\u00e1ctica<\/a> \/ Practicalities<\/p>\n","protected":false},"excerpt":{"rendered":"<p>Colabora: Congreso \u00abLa libertad de filosofar en la obra y el contexto de Benito Jer\u00f3nimo Feijoo\u00bb PROGRAMA Descarga en PDF Conectarse a las sesiones en Teams Mi\u00e9rcoles, 12 de junio de 2024 Modera: Marta Garc\u00eda Alonso 9,00 Inauguraci\u00f3n 9,30-10,45 Inmaculada Urzainqui (Instituto Feijoo): &nbsp;Feijoo y los l\u00edmites de la libertad de expresi\u00f3n 10,45-12,15 Juan Pablo &hellip; <\/p>\n<p class=\"link-more\"><a href=\"https:\/\/www.unioviedo.es\/feijoopro\/programa\/\" class=\"more-link\">Continuar leyendo<span class=\"screen-reader-text\"> \u00abPrograma\u00bb<\/span><\/a><\/p>\n","protected":false},"author":1,"featured_media":0,"parent":0,"menu_order":0,"comment_status":"closed","ping_status":"closed","template":"","meta":{"footnotes":""},"class_list":["post-360","page","type-page","status-publish","hentry"],"_links":{"self":[{"href":"https:\/\/www.unioviedo.es\/feijoopro\/wp-json\/wp\/v2\/pages\/360","targetHints":{"allow":["GET"]}}],"collection":[{"href":"https:\/\/www.unioviedo.es\/feijoopro\/wp-json\/wp\/v2\/pages"}],"about":[{"href":"https:\/\/www.unioviedo.es\/feijoopro\/wp-json\/wp\/v2\/types\/page"}],"author":[{"embeddable":true,"href":"https:\/\/www.unioviedo.es\/feijoopro\/wp-json\/wp\/v2\/users\/1"}],"replies":[{"embeddable":true,"href":"https:\/\/www.unioviedo.es\/feijoopro\/wp-json\/wp\/v2\/comments?post=360"}],"version-history":[{"count":25,"href":"https:\/\/www.unioviedo.es\/feijoopro\/wp-json\/wp\/v2\/pages\/360\/revisions"}],"predecessor-version":[{"id":500,"href":"https:\/\/www.unioviedo.es\/feijoopro\/wp-json\/wp\/v2\/pages\/360\/revisions\/500"}],"wp:attachment":[{"href":"https:\/\/www.unioviedo.es\/feijoopro\/wp-json\/wp\/v2\/media?parent=360"}],"curies":[{"name":"wp","href":"https:\/\/api.w.org\/{rel}","templated":true}]}}

<figure class="wp-block-image size-large is-resized"><img loading="lazy" decoding="async" width="1024" height="234" src="https://www.unioviedo.es/feijoopro/wp-content/uploads/2024/02/‎Logos-Feijoo-2024.‎001-e1706803802710-1024x234.png" alt="" class="wp-image-427" style="width:674px;height:auto" srcset="https://www.unioviedo.es/feijoopro/wp-content/uploads/2024/02/‎Logos-Feijoo-2024.‎001-e1706803802710-1024x234.png 1024w, https://www.unioviedo.es/feijoopro/wp-content/uploads/2024/02/‎Logos-Feijoo-2024.‎001-e1706803802710-300x69.png 300w, https://www.unioviedo.es/feijoopro/wp-content/uploads/2024/02/‎Logos-Feijoo-2024.‎001-e1706803802710-768x175.png 768w, https://www.unioviedo.es/feijoopro/wp-content/uploads/2024/02/‎Logos-Feijoo-2024.‎001-e1706803802710-1536x351.png 1536w, https://www.unioviedo.es/feijoopro/wp-content/uploads/2024/02/‎Logos-Feijoo-2024.‎001-e1706803802710.png 1734w" sizes="auto, (max-width: 706px) 89vw, (max-width: 767px) 82vw, 740px" /></figure>



<p>Colabora: </p>



<figure class="wp-block-image size-full"><img loading="lazy" decoding="async" width="268" height="56" src="https://www.unioviedo.es/feijoopro/wp-content/uploads/2024/04/layout_set_logo.png" alt="" class="wp-image-486"/></figure>



<p></p>



<p><strong>Congreso «La libertad de filosofar en la obra y el contexto de Benito Jerónimo Feijoo»</strong></p>



<p><strong>PROGRAMA</strong></p>



<p><a href="https://www.unioviedo.es/feijoopro/wp-content/uploads/2024/05/Progama-La-libertad-de-filosofar-en-la-obra-y-el-contexto-de-Benito-Jeronimo-Feijoo.pdf" data-type="link" data-id="https://www.unioviedo.es/feijoopro/wp-content/uploads/2024/05/Progama-La-libertad-de-filosofar-en-la-obra-y-el-contexto-de-Benito-Jeronimo-Feijoo.pdf">Descarga en PDF</a></p>



<p><a href="https://teams.microsoft.com/l/meetup-join/19%3ameeting_NWVjYWUzZjAtODRkNy00MmVjLWEwNTItMTRjMmIyOTVmMzNl%40thread.v2/0?context=%7b%22Tid%22%3a%2205ea74a3-92c5-4c31-978a-925c3c799cd0%22%2c%22Oid%22%3a%22d0d1b1f9-60ef-4905-a4c1-2540246e4ab3%22%7d">Conectarse a las sesiones en <em>Teams</em></a></p>



<p><strong>Miércoles, 12 de junio</strong> de 2024</p>



<p>Modera: Marta García Alonso</p>



<p>9,00 Inauguración</p>



<p>9,30-10,45 Inmaculada Urzainqui (Instituto Feijoo): &nbsp;Feijoo y los límites de la libertad de expresión</p>



<p>10,45-12,15 Juan Pablo Domínguez (Universidad de Navarra): Feijoo, la Ilustración y la tolerancia religiosa</p>



<p>12,15 Café</p>



<p>12,45-14,00 Fernando Bahr (Conicet-Argentina): Teología y libertad de pensamiento según el padre Feijoo</p>



<p><strong>Jueves, 13 de junio</strong> de 2024</p>



<p>Modera: Armando Menéndez Viso</p>



<p>9,00-10,15 Fernando Durán López (Universidad de Cádiz) «Contra el indiscreto celo de reformar:&nbsp;<em>Lo que hay de más y menos en España</em>, de José del Campillo, ante la censura (1786-1795)»</p>



<p>10,15-11,30 Marina Torres Arce (Universidad de Cantabria): «Lo que mandó borrar el Santo Tribunal». Inquisición, censura y regalismo borbónico</p>



<p>11,30 Café</p>



<p>12,00-14,00 Comunicaciones</p>



<p>Marta Friera (Universidad de Oviedo):&nbsp;Leer para pensar: un acercamiento a las bibliotecas asturianas de la segunda mitad del siglo XVIII</p>



<p>Javier Muñoz de Morales (Universidad de Gante):&nbsp;Una novela contra la libertad de filosofar a finales del XVIII:<em>&nbsp;El secretario filósofo</em>&nbsp;(1800) de Pablo de Olavide</p>



<p>Eva Velasco (Universidad Rey Juan Carlos):&nbsp;La Historia Eclesiástica en el siglo XVIII: traducción, censura y polémicas doctrinales</p>



<p>Jorge Chauca (Universidad de Málaga): Los límites de la razón: censura y pensamiento reaccionario en la batalla cultural contra los falsos filósofos</p>



<p>16,30-18,00 Visita guiada a la ciudad de Oviedo (salida desde el claustro de la Universidad)</p>



<p><strong>Viernes, 14 de junio</strong> de 2024</p>



<p>Modera: Eduardo Zazo Jiménez</p>



<p>9,00-10,15 John C. Laursen (Universidad de California-Riverside): La renuncia de Feijoo del escepticismo y el materialismo en las <em>Cartas eruditas</em></p>



<p>10,15-11,30 Armando Menéndez Viso (Universidad de Oviedo): Ciencia, política y límites de la libertad de filosofar en Feijoo</p>



<p>11,30 Café</p>



<p>12,00 – 13,30 Comunicaciones</p>



<p>Francisco Sánchez-Blanco (Universidad del Ruhr):&nbsp;Los orígenes de la Ilustración en España: la defensa del escepticismo empirista</p>



<p>Joaquín Castellá (Universidad de Valencia): Convicción confesional y tolerancia intelectual en Feijoo</p>



<p>María Fernández Abril (IES El Batán): De la filosofía escolástica a la ciencia experimental: Feijoo en el panorama mexicano</p>



<p>13,30-14,00 Clausura</p>



<p></p>



<p>ORGANIZADORES: </p>



<p><strong>Marta García-Alonso</strong>, UNED</p>



<p><strong>Armando Menéndez Viso</strong>, Universidad de Oviedo</p>



<p></p>



<p></p>



<p><a href="https://www.unioviedo.es/feijoopro/congreso-la-libertad-de-filosofar-en-la-obra-y-el-contexto-de-benito-jeronimo-feijoo/">Temática del congreso</a> / Conference topics</p>



<p><a href="https://www.unioviedo.es/feijoopro/resumenes/">Resúmenes </a>/ Abstracts</p>



<p><a href="https://www.unioviedo.es/feijoopro/comite-cientifico/">Comité científico</a>/ Scientific Committee</p>



<p><a href="https://www.unioviedo.es/feijoopro/envio-de-propuestas/">Envío de propuestas</a> / Call for papers</p>



<p><a href="https://www.unioviedo.es/feijoopro/informacion-practica/">Información práctica</a> / Practicalities</p>

<p>Colabora: Congreso «La libertad de filosofar en la obra y el contexto de Benito Jerónimo Feijoo» PROGRAMA Descarga en PDF Conectarse a las sesiones en Teams Miércoles, 12 de junio de 2024 Modera: Marta García Alonso 9,00 Inauguración 9,30-10,45 Inmaculada Urzainqui (Instituto Feijoo): &nbsp;Feijoo y los límites de la libertad de expresión 10,45-12,15 Juan Pablo &hellip; </p>
<p class="link-more"><a href="https://www.unioviedo.es/feijoopro/programa/" class="more-link">Continuar leyendo<span class="screen-reader-text"> «Programa»</span></a></p>
