{"id":518,"date":"2025-11-21T11:42:47","date_gmt":"2025-11-21T10:42:47","guid":{"rendered":"https:\/\/www.unioviedo.es\/feijoopro\/?page_id=518"},"modified":"2026-02-23T10:01:06","modified_gmt":"2026-02-23T09:01:06","slug":"equipo","status":"publish","type":"page","link":"https:\/\/www.unioviedo.es\/feijoopro\/equipo\/","title":{"rendered":"Equipo"},"content":{"rendered":"\n<p>EQUIPO DE INVESTIGACI\u00d3N<\/p>\n\n\n\n<p><br><strong>Eduardo Zazo Jim\u00e9nez<\/strong> (Universidad Aut\u00f3noma de Madrid)<\/p>\n\n\n\n<p>El <strong>investigador principal<\/strong> (IP1) del proyecto, de la Universidad Aut\u00f3noma de Madrid, se dedica a la filosof\u00eda de la historia y a la filosof\u00eda social. Ha publicado cap\u00edtulos de libro y art\u00edculos en revistas especializadas como&nbsp;<em>Revista de Occidente<\/em>,&nbsp;<em>Philosophical Readings<\/em>,&nbsp;<em>Araucaria<\/em>,&nbsp;<em>Res Publica<\/em>,&nbsp;<em>Bajo Palabra<\/em>&nbsp;o&nbsp;<em>Minerva<\/em>, y ha coordinado varios libros como \u00bf<em>El fracaso de la raz\u00f3n? Modernidad y exilio en la Europa de entreguerras<\/em>&nbsp;(Dykinson, 2025),&nbsp;<em>La destrucci\u00f3n de las democracias en la d\u00e9cada de 1930. Intelectuales ante la violencia: Francia, Italia, Espa\u00f1a<\/em>&nbsp;(Plaza y Vald\u00e9s, 2023),&nbsp;<em>Ante la cat\u00e1strofe. Pensadores jud\u00edos del siglo XX<\/em>&nbsp;(Herder, 2020) y&nbsp;<em>Religiones en el espacio p\u00fablico<\/em>&nbsp;(Gedisa, 2016). Sobre el pensamiento de Benito Jer\u00f3nimo Feijoo ha publicado el art\u00edculo \u201cDe la credulidad a la incredulidad. Las cr\u00edticas de Feijoo\u201d,&nbsp;<em>Araucaria<\/em>&nbsp;26(55), 2024, pp. 301-314, estudiando con detalle el empleo feijooniano de la noci\u00f3n ilustrada de \u201ccr\u00edtica\u201d y form\u00f3 parte de un proyecto de investigaci\u00f3n anterior (2020-2024) titulado \u201cContra la ignorancia y la superstici\u00f3n: las propuestas ilustradas de Bayle y Feijoo\u201d (PID2019-104254GB-I00).<\/p>\n\n\n\n<p><strong>Marta Garc\u00eda-Alonso<\/strong> (UNED), <a href=\"https:\/\/orcid.org\/0000-0002-7030-0450\">https:\/\/orcid.org\/0000-0002-7030-0450<\/a><\/p>\n\n\n\n<p>Catedr\u00e1tica de Filosof\u00eda Moral y Pol\u00edtica y&nbsp;<strong>co-investigadora principal&nbsp;<\/strong>de este proyecto, desarrolla una l\u00ednea de investigaci\u00f3n que aborda la intersecci\u00f3n entre lo pol\u00edtico y lo religioso en la Modernidad, siempre teniendo en cuenta la inscripci\u00f3n conceptual de los conceptos en su contexto hist\u00f3rico. Su trabajo se articula en varias l\u00edneas principales. En primer lugar, cuestiona el v\u00ednculo tradicional entre Modernidad y Reforma, desmontando la supuesta influencia directa del protestantismo en la tradici\u00f3n liberal mediante el an\u00e1lisis de autores como Lutero y Calvino. En segundo t\u00e9rmino, se ha dedicado a rescatar la dimensi\u00f3n pol\u00edtico-eclesial \u2013esencial y&nbsp;a menudo ignorada\u2013 en el pensamiento de figuras cl\u00e1sicas como La Bo\u00e9tie y Hobbes. Actualmente, centra su foco en el estudio de la pol\u00edtica y la teolog\u00eda&nbsp;durante la Ilustraci\u00f3n, examinando en la obra de Pierre Bayle su intento de marginar la teolog\u00eda de la esfera p\u00fablica \u2014conectando as\u00ed con los debates actuales sobre la laicidad\u2014 y analizando, en contraste, la propuesta de Benito Jer\u00f3nimo Feijoo, cuya obra interpreta como la revitalizaci\u00f3n de un proyecto moral-cristiano para Espa\u00f1a. Ha publicado en revistas nacionales e internacionales&nbsp;&nbsp;y&nbsp;ha ejercido como editora de vol\u00famenes colectivos como&nbsp;<em>Lumi\u00e8res radicales et politique&nbsp;<\/em>(Honor\u00e9 Champion, 2017) y&nbsp;<em>The Importance of Non-Christian Religions in the Philosophy of Pierre Bayle<\/em>&nbsp;(Springer, 2025, junto a John C. Laursen). Tiene experiencia en la direcci\u00f3n de proyectos de investigaci\u00f3n previos, habiendo sido investigadora principal de: \u00abLos primeros pasos del laicismo: Spinoza y Bayle\u00bb (FFI2010-15578) y&nbsp;&nbsp;\u201cContra la ignorancia y la superstici\u00f3n: las propuestas ilustradas de Bayle y Feijoo\u201d (PID2019-104254GB-I00).<\/p>\n\n\n\n<p><strong>Armando Men\u00e9ndez Viso<\/strong> (Universidad de Oviedo), <a href=\"https:\/\/orcid.org\/0000-0001-6975-7616\">https:\/\/orcid.org\/0000-0001-6975-7616<\/a><\/p>\n\n\n\n<p>Profesor Titular de Filosof\u00eda y director del <a href=\"https:\/\/ifesxviii.uniovi.es\">Instituto Feijoo de Estudios del Siglo XVIII<\/a> de la Universidad de Oviedo, se ocupa, entre otras cosas, de la filosof\u00eda de la ciencia de Feijoo y, en general, de los v\u00ednculos entre la ciencia y su contexto ideol\u00f3gico. Ha estudiado aspectos filos\u00f3ficos de la ciencia espa\u00f1ola de los siglos XVII y XVIII en relaci\u00f3n con el contexto cient\u00edfico general y, m\u00e1s en concreto, con la Royal Society, y tratado algunos aspectos del escepticismo contempor\u00e1neo en relaci\u00f3n con la actividad cient\u00edfica. Participa en la edici\u00f3n de las&nbsp;obras completas del sabio benedictino que realiza el IFESXVIII. Ha sido tambi\u00e9n miembro del proyecto \u00abContra la ignorancia y la superstici\u00f3n: las propuestas ilustradas de Bayle y Feijoo\u00bb (PID2019-104254GB-I00).<\/p>\n\n\n\n<p><strong>Marta Nogueroles<\/strong> (Universidad Aut\u00f3noma de Madrid)<\/p>\n\n\n\n<p>Profesora contratada doctora de la Universidad Aut\u00f3noma de Madrid. Se dedica a la filosof\u00eda espa\u00f1ola contempor\u00e1nea y se ha especializado en el pensamiento de las mujeres. Junto con la profesora Juana S\u00e1nchez-Gey Venegas ha coordinado el\u00a0<em>Diccionario de pensadoras espa\u00f1olas de los siglos XIX y XX<\/em>, Madrid, Sind\u00e9resis, 2020. Ha publicado cap\u00edtulos de libro y art\u00edculos en revistas especializadas como\u00a0<em>Bajo Palabra<\/em>, <em>Pensamiento<\/em> y <em>Revista de Hispanismo Filos\u00f3fico<\/em>.<\/p>\n\n\n\n<p>EQUIPO DE TRABAJO<\/p>\n\n\n\n<p><strong>Nantu Arroyo<\/strong> (Universidad Aut\u00f3noma de Madrid)<\/p>\n\n\n\n<p>Profesora Ayudante Doctora en la Universidad Aut\u00f3noma de Madrid, donde imparte la asignatura del Grado de Filosof\u00eda \u00abHistoria de la Filosof\u00eda Moderna: del Renacimiento a la Ilustraci\u00f3n\u00bb, como parte de la cual ha investigado largamente sobre la&nbsp;<em>Querella de las mujeres<\/em>&nbsp;en el \u00e1mbito europeo. Asimismo, es profesora del M\u00e1ster en Filosof\u00eda de la Historia: Democracia y Orden Mundial, donde imparte la asignatura de \u00abCiudadan\u00eda antigua y moderna\u00bb. Se doctor\u00f3 en Filosof\u00eda y Ciencias del Lenguaje con una tesis titulada&nbsp;<em>Or\u00edgenes culturales de la Ilustraci\u00f3n europea<\/em>&nbsp;(2022), una investigaci\u00f3n que sirvi\u00f3 de fundamento para publicaciones en revistas indexadas como&nbsp;<em>Philosophical Readings<\/em> (2021),&nbsp;<em>Revista de Occidente&nbsp;<\/em>(2021) o&nbsp;<em>Microtextualidades<\/em>&nbsp;(2024). Ha publicado numerosos cap\u00edtulos de libro destacando \u201cCulpa\u201d, \u201cDeuda\u201d y \u201cDeclive\u201d en el&nbsp;<em>Glosario del Fracaso<\/em>&nbsp;(CBA, 2021), como miembro del equipo de trabajo del proyecto MSCA RISE H2020&nbsp;<em>FAILURE: Reversing genealogies of unsucces 16-19th centuries<\/em>. En calidad de investigadora postdoctoral Margarita Salas (01\/01\/23-31\/12\/24) realiz\u00f3 una estancia de investigaci\u00f3n y docencia en la Facultad de Filosof\u00eda de la UNED de un a\u00f1o, y una estancia de investigaci\u00f3n internacional en el Instituto de Historia de la PUC de Chile.&nbsp;<\/p>\n\n\n\n<p><strong>Fernando Bahr<\/strong> (CONICET, Argentina), <a href=\"https:\/\/orcid.org\/0000-0001-5352-6442\">https:\/\/orcid.org\/0000-0001-5352-6442<\/a><\/p>\n\n\n\n<p>Profesor Titular de Filosof\u00eda Moderna (Siglos XVI-XVII) en la Universidad Pedag\u00f3gica Nacional e Investigador del Consejo Nacional de Investigaciones Cient\u00edfica y T\u00e9cnicas de Argentina, ha concentrado sus trabajos en el estudio del escepticismo moderno, con especial atenci\u00f3n a los escritos de Pierre Charron y Pierre Bayle. En tal sentido, le interesa menos la exigencia de encuadrar esos escritos dentro de una versi\u00f3n (pirr\u00f3nica o acad\u00e9mica) del escepticismo antiguo y mucho m\u00e1s profundizar en los v\u00ednculos que se presentan entre el escepticismo moderno y la fe cristiana, mostrando justamente que este \u00faltimo componente hace muy dif\u00edcil o imposible aquel encuadre. Dicho de manera m\u00e1s clara, a su juicio el escepticismo postcristiano o postpaulino es irreductible al escepticismo griego en cualquiera de sus variantes y guarda dentro de s\u00ed una ambig\u00fcedad que tan pronto abre sus puertas al respeto m\u00e1s estricto de la autoridad de la Revelaci\u00f3n como amenaza con destruir la posibilidad misma de la fe. Por este camino se ha acercado tambi\u00e9n a Benito Jer\u00f3nimo Feijoo: no porque quiera ver en el fraile benedictino a un supuesto destructor de la fe, sino porque le interesa reflexionar acerca de la relaci\u00f3n que se da en \u00e9l entre sumisi\u00f3n rotunda a la autoridad de la Iglesia y cr\u00edtica a muchas de las voces escol\u00e1sticas que pretend\u00edan sostenerla. Ha publicado en revistas argentinas y del extranjero, ha traducido al espa\u00f1ol y editado obras de autores como Charron, Vanini, La Mothe Le Vayer y Bayle, ha sido editor responsable en publicaciones peri\u00f3dicas&nbsp;&nbsp;y&nbsp;ha colaborado en vol\u00famenes colectivos como&nbsp;<em>Academic Scepticism in the Development of Early Modern Philosophy&nbsp;<\/em>(Springer, 2017, edici\u00f3n de Pl\u00ednio Junqueira Smith y S\u00e1bastien Charles),&nbsp;<em>Sceptical Doubt and Disbelief in Modern European Thought&nbsp;<\/em>(Springer, 2021, edici\u00f3n de Pl\u00ednio Junqueira Smith y Vicente Raga) y&nbsp;<em>The Importance of Non-Christian Religions in the Philosophy of Pierre Bayle<\/em>&nbsp;(Springer, 2025, edici\u00f3n de Marta Garc\u00eda-Alonso y John C. Laursen). Tiene experiencia en la direcci\u00f3n de proyectos de investigaci\u00f3n desde el a\u00f1o 2005 y ha colaborado como investigador extranjero en el proyecto&nbsp;\u201cContra la ignorancia y la superstici\u00f3n: las propuestas ilustradas de Bayle y Feijoo\u201d (PID2019-104254GB-I00).<\/p>\n\n\n\n<p><\/p>\n\n\n\n<p><\/p>\n","protected":false},"excerpt":{"rendered":"<p>EQUIPO DE INVESTIGACI\u00d3N Eduardo Zazo Jim\u00e9nez (Universidad Aut\u00f3noma de Madrid) El investigador principal (IP1) del proyecto, de la Universidad Aut\u00f3noma de Madrid, se dedica a la filosof\u00eda de la historia y a la filosof\u00eda social. Ha publicado cap\u00edtulos de libro y art\u00edculos en revistas especializadas como&nbsp;Revista de Occidente,&nbsp;Philosophical Readings,&nbsp;Araucaria,&nbsp;Res Publica,&nbsp;Bajo Palabra&nbsp;o&nbsp;Minerva, y ha coordinado varios &hellip; <\/p>\n<p class=\"link-more\"><a href=\"https:\/\/www.unioviedo.es\/feijoopro\/equipo\/\" class=\"more-link\">Continuar leyendo<span class=\"screen-reader-text\"> \u00abEquipo\u00bb<\/span><\/a><\/p>\n","protected":false},"author":1,"featured_media":0,"parent":0,"menu_order":0,"comment_status":"closed","ping_status":"closed","template":"","meta":{"footnotes":""},"class_list":["post-518","page","type-page","status-publish","hentry"],"_links":{"self":[{"href":"https:\/\/www.unioviedo.es\/feijoopro\/wp-json\/wp\/v2\/pages\/518","targetHints":{"allow":["GET"]}}],"collection":[{"href":"https:\/\/www.unioviedo.es\/feijoopro\/wp-json\/wp\/v2\/pages"}],"about":[{"href":"https:\/\/www.unioviedo.es\/feijoopro\/wp-json\/wp\/v2\/types\/page"}],"author":[{"embeddable":true,"href":"https:\/\/www.unioviedo.es\/feijoopro\/wp-json\/wp\/v2\/users\/1"}],"replies":[{"embeddable":true,"href":"https:\/\/www.unioviedo.es\/feijoopro\/wp-json\/wp\/v2\/comments?post=518"}],"version-history":[{"count":9,"href":"https:\/\/www.unioviedo.es\/feijoopro\/wp-json\/wp\/v2\/pages\/518\/revisions"}],"predecessor-version":[{"id":558,"href":"https:\/\/www.unioviedo.es\/feijoopro\/wp-json\/wp\/v2\/pages\/518\/revisions\/558"}],"wp:attachment":[{"href":"https:\/\/www.unioviedo.es\/feijoopro\/wp-json\/wp\/v2\/media?parent=518"}],"curies":[{"name":"wp","href":"https:\/\/api.w.org\/{rel}","templated":true}]}}

<p>EQUIPO DE INVESTIGACIÓN</p>



<p><br><strong>Eduardo Zazo Jiménez</strong> (Universidad Autónoma de Madrid)</p>



<p>El <strong>investigador principal</strong> (IP1) del proyecto, de la Universidad Autónoma de Madrid, se dedica a la filosofía de la historia y a la filosofía social. Ha publicado capítulos de libro y artículos en revistas especializadas como&nbsp;<em>Revista de Occidente</em>,&nbsp;<em>Philosophical Readings</em>,&nbsp;<em>Araucaria</em>,&nbsp;<em>Res Publica</em>,&nbsp;<em>Bajo Palabra</em>&nbsp;o&nbsp;<em>Minerva</em>, y ha coordinado varios libros como ¿<em>El fracaso de la razón? Modernidad y exilio en la Europa de entreguerras</em>&nbsp;(Dykinson, 2025),&nbsp;<em>La destrucción de las democracias en la década de 1930. Intelectuales ante la violencia: Francia, Italia, España</em>&nbsp;(Plaza y Valdés, 2023),&nbsp;<em>Ante la catástrofe. Pensadores judíos del siglo XX</em>&nbsp;(Herder, 2020) y&nbsp;<em>Religiones en el espacio público</em>&nbsp;(Gedisa, 2016). Sobre el pensamiento de Benito Jerónimo Feijoo ha publicado el artículo “De la credulidad a la incredulidad. Las críticas de Feijoo”,&nbsp;<em>Araucaria</em>&nbsp;26(55), 2024, pp. 301-314, estudiando con detalle el empleo feijooniano de la noción ilustrada de “crítica” y formó parte de un proyecto de investigación anterior (2020-2024) titulado “Contra la ignorancia y la superstición: las propuestas ilustradas de Bayle y Feijoo” (PID2019-104254GB-I00).</p>



<p><strong>Marta García-Alonso</strong> (UNED), <a href="https://orcid.org/0000-0002-7030-0450">https://orcid.org/0000-0002-7030-0450</a></p>



<p>Catedrática de Filosofía Moral y Política y&nbsp;<strong>co-investigadora principal&nbsp;</strong>de este proyecto, desarrolla una línea de investigación que aborda la intersección entre lo político y lo religioso en la Modernidad, siempre teniendo en cuenta la inscripción conceptual de los conceptos en su contexto histórico. Su trabajo se articula en varias líneas principales. En primer lugar, cuestiona el vínculo tradicional entre Modernidad y Reforma, desmontando la supuesta influencia directa del protestantismo en la tradición liberal mediante el análisis de autores como Lutero y Calvino. En segundo término, se ha dedicado a rescatar la dimensión político-eclesial –esencial y&nbsp;a menudo ignorada– en el pensamiento de figuras clásicas como La Boétie y Hobbes. Actualmente, centra su foco en el estudio de la política y la teología&nbsp;durante la Ilustración, examinando en la obra de Pierre Bayle su intento de marginar la teología de la esfera pública —conectando así con los debates actuales sobre la laicidad— y analizando, en contraste, la propuesta de Benito Jerónimo Feijoo, cuya obra interpreta como la revitalización de un proyecto moral-cristiano para España. Ha publicado en revistas nacionales e internacionales&nbsp;&nbsp;y&nbsp;ha ejercido como editora de volúmenes colectivos como&nbsp;<em>Lumières radicales et politique&nbsp;</em>(Honoré Champion, 2017) y&nbsp;<em>The Importance of Non-Christian Religions in the Philosophy of Pierre Bayle</em>&nbsp;(Springer, 2025, junto a John C. Laursen). Tiene experiencia en la dirección de proyectos de investigación previos, habiendo sido investigadora principal de: «Los primeros pasos del laicismo: Spinoza y Bayle» (FFI2010-15578) y&nbsp;&nbsp;“Contra la ignorancia y la superstición: las propuestas ilustradas de Bayle y Feijoo” (PID2019-104254GB-I00).</p>



<p><strong>Armando Menéndez Viso</strong> (Universidad de Oviedo), <a href="https://orcid.org/0000-0001-6975-7616">https://orcid.org/0000-0001-6975-7616</a></p>



<p>Profesor Titular de Filosofía y director del <a href="https://ifesxviii.uniovi.es">Instituto Feijoo de Estudios del Siglo XVIII</a> de la Universidad de Oviedo, se ocupa, entre otras cosas, de la filosofía de la ciencia de Feijoo y, en general, de los vínculos entre la ciencia y su contexto ideológico. Ha estudiado aspectos filosóficos de la ciencia española de los siglos XVII y XVIII en relación con el contexto científico general y, más en concreto, con la Royal Society, y tratado algunos aspectos del escepticismo contemporáneo en relación con la actividad científica. Participa en la edición de las&nbsp;obras completas del sabio benedictino que realiza el IFESXVIII. Ha sido también miembro del proyecto «Contra la ignorancia y la superstición: las propuestas ilustradas de Bayle y Feijoo» (PID2019-104254GB-I00).</p>



<p><strong>Marta Nogueroles</strong> (Universidad Autónoma de Madrid)</p>



<p>Profesora contratada doctora de la Universidad Autónoma de Madrid. Se dedica a la filosofía española contemporánea y se ha especializado en el pensamiento de las mujeres. Junto con la profesora Juana Sánchez-Gey Venegas ha coordinado el <em>Diccionario de pensadoras españolas de los siglos XIX y XX</em>, Madrid, Sindéresis, 2020. Ha publicado capítulos de libro y artículos en revistas especializadas como <em>Bajo Palabra</em>, <em>Pensamiento</em> y <em>Revista de Hispanismo Filosófico</em>.</p>



<p>EQUIPO DE TRABAJO</p>



<p><strong>Nantu Arroyo</strong> (Universidad Autónoma de Madrid)</p>



<p>Profesora Ayudante Doctora en la Universidad Autónoma de Madrid, donde imparte la asignatura del Grado de Filosofía «Historia de la Filosofía Moderna: del Renacimiento a la Ilustración», como parte de la cual ha investigado largamente sobre la&nbsp;<em>Querella de las mujeres</em>&nbsp;en el ámbito europeo. Asimismo, es profesora del Máster en Filosofía de la Historia: Democracia y Orden Mundial, donde imparte la asignatura de «Ciudadanía antigua y moderna». Se doctoró en Filosofía y Ciencias del Lenguaje con una tesis titulada&nbsp;<em>Orígenes culturales de la Ilustración europea</em>&nbsp;(2022), una investigación que sirvió de fundamento para publicaciones en revistas indexadas como&nbsp;<em>Philosophical Readings</em> (2021),&nbsp;<em>Revista de Occidente&nbsp;</em>(2021) o&nbsp;<em>Microtextualidades</em>&nbsp;(2024). Ha publicado numerosos capítulos de libro destacando “Culpa”, “Deuda” y “Declive” en el&nbsp;<em>Glosario del Fracaso</em>&nbsp;(CBA, 2021), como miembro del equipo de trabajo del proyecto MSCA RISE H2020&nbsp;<em>FAILURE: Reversing genealogies of unsucces 16-19th centuries</em>. En calidad de investigadora postdoctoral Margarita Salas (01/01/23-31/12/24) realizó una estancia de investigación y docencia en la Facultad de Filosofía de la UNED de un año, y una estancia de investigación internacional en el Instituto de Historia de la PUC de Chile.&nbsp;</p>



<p><strong>Fernando Bahr</strong> (CONICET, Argentina), <a href="https://orcid.org/0000-0001-5352-6442">https://orcid.org/0000-0001-5352-6442</a></p>



<p>Profesor Titular de Filosofía Moderna (Siglos XVI-XVII) en la Universidad Pedagógica Nacional e Investigador del Consejo Nacional de Investigaciones Científica y Técnicas de Argentina, ha concentrado sus trabajos en el estudio del escepticismo moderno, con especial atención a los escritos de Pierre Charron y Pierre Bayle. En tal sentido, le interesa menos la exigencia de encuadrar esos escritos dentro de una versión (pirrónica o académica) del escepticismo antiguo y mucho más profundizar en los vínculos que se presentan entre el escepticismo moderno y la fe cristiana, mostrando justamente que este último componente hace muy difícil o imposible aquel encuadre. Dicho de manera más clara, a su juicio el escepticismo postcristiano o postpaulino es irreductible al escepticismo griego en cualquiera de sus variantes y guarda dentro de sí una ambigüedad que tan pronto abre sus puertas al respeto más estricto de la autoridad de la Revelación como amenaza con destruir la posibilidad misma de la fe. Por este camino se ha acercado también a Benito Jerónimo Feijoo: no porque quiera ver en el fraile benedictino a un supuesto destructor de la fe, sino porque le interesa reflexionar acerca de la relación que se da en él entre sumisión rotunda a la autoridad de la Iglesia y crítica a muchas de las voces escolásticas que pretendían sostenerla. Ha publicado en revistas argentinas y del extranjero, ha traducido al español y editado obras de autores como Charron, Vanini, La Mothe Le Vayer y Bayle, ha sido editor responsable en publicaciones periódicas&nbsp;&nbsp;y&nbsp;ha colaborado en volúmenes colectivos como&nbsp;<em>Academic Scepticism in the Development of Early Modern Philosophy&nbsp;</em>(Springer, 2017, edición de Plínio Junqueira Smith y Sábastien Charles),&nbsp;<em>Sceptical Doubt and Disbelief in Modern European Thought&nbsp;</em>(Springer, 2021, edición de Plínio Junqueira Smith y Vicente Raga) y&nbsp;<em>The Importance of Non-Christian Religions in the Philosophy of Pierre Bayle</em>&nbsp;(Springer, 2025, edición de Marta García-Alonso y John C. Laursen). Tiene experiencia en la dirección de proyectos de investigación desde el año 2005 y ha colaborado como investigador extranjero en el proyecto&nbsp;“Contra la ignorancia y la superstición: las propuestas ilustradas de Bayle y Feijoo” (PID2019-104254GB-I00).</p>



<p></p>



<p></p>

<p>EQUIPO DE INVESTIGACIÓN Eduardo Zazo Jiménez (Universidad Autónoma de Madrid) El investigador principal (IP1) del proyecto, de la Universidad Autónoma de Madrid, se dedica a la filosofía de la historia y a la filosofía social. Ha publicado capítulos de libro y artículos en revistas especializadas como&nbsp;Revista de Occidente,&nbsp;Philosophical Readings,&nbsp;Araucaria,&nbsp;Res Publica,&nbsp;Bajo Palabra&nbsp;o&nbsp;Minerva, y ha coordinado varios &hellip; </p>
<p class="link-more"><a href="https://www.unioviedo.es/feijoopro/equipo/" class="more-link">Continuar leyendo<span class="screen-reader-text"> «Equipo»</span></a></p>
