{"id":539,"date":"2025-11-21T11:46:08","date_gmt":"2025-11-21T10:46:08","guid":{"rendered":"https:\/\/www.unioviedo.es\/feijoopro\/?page_id=539"},"modified":"2025-11-24T16:14:53","modified_gmt":"2025-11-24T15:14:53","slug":"publicaciones-2","status":"publish","type":"page","link":"https:\/\/www.unioviedo.es\/feijoopro\/publicaciones-2\/","title":{"rendered":"Publicaciones"},"content":{"rendered":"\n<p>De pr\u00f3xima aparici\u00f3n:<\/p>\n\n\n\n<p><em><strong>Ecos del <\/strong><\/em><strong>Teatro Cr\u00edtico<\/strong><em><strong>: epistemolog\u00eda, pol\u00edtica, g\u00e9nero y recepci\u00f3n del pensamiento de Benito Feijoo<\/strong><\/em>, Marta Garc\u00eda-Alonso (coordinadora),\u00a0<em>\u00a0Cuadernos de estudios del siglo XVIII\u00a0<\/em>(aceptado). Con la participaci\u00f3n de: Nantu Arroyo, Fernando Bahr, Marta Garc\u00eda-Alonso, Armando Men\u00e9ndez Viso, Marta Noguerales, Anita Traninguer, Eduardo Zazo.<\/p>\n\n\n\n<p>\u00a0<br><strong>Teatro Cr\u00edtico Universal <\/strong><em><strong>de Feijoo en la historia del pensamiento<\/strong><\/em>, Marta Garc\u00eda-Alonso (coordinadora),\u00a0<em>Hispania sacra\u00a0<\/em>(aceptado). Con la participaci\u00f3n de: M\u00f3nica Bolufer, Francisco Fern\u00e1ndez L\u00f3pez, Marta Garc\u00eda-Alonso, Elena de Lorenzo, Rodrigo Olay, Marina Torres Arce, Eva Velasco.\u00a0<\/p>\n\n\n\n<p><\/p>\n","protected":false},"excerpt":{"rendered":"<p>De pr\u00f3xima aparici\u00f3n: Ecos del Teatro Cr\u00edtico: epistemolog\u00eda, pol\u00edtica, g\u00e9nero y recepci\u00f3n del pensamiento de Benito Feijoo, Marta Garc\u00eda-Alonso (coordinadora),\u00a0\u00a0Cuadernos de estudios del siglo XVIII\u00a0(aceptado). Con la participaci\u00f3n de: Nantu Arroyo, Fernando Bahr, Marta Garc\u00eda-Alonso, Armando Men\u00e9ndez Viso, Marta Noguerales, Anita Traninguer, Eduardo Zazo. \u00a0Teatro Cr\u00edtico Universal de Feijoo en la historia del pensamiento, Marta &hellip; <\/p>\n<p class=\"link-more\"><a href=\"https:\/\/www.unioviedo.es\/feijoopro\/publicaciones-2\/\" class=\"more-link\">Continuar leyendo<span class=\"screen-reader-text\"> \u00abPublicaciones\u00bb<\/span><\/a><\/p>\n","protected":false},"author":1,"featured_media":0,"parent":0,"menu_order":0,"comment_status":"closed","ping_status":"closed","template":"","meta":{"footnotes":""},"class_list":["post-539","page","type-page","status-publish","hentry"],"_links":{"self":[{"href":"https:\/\/www.unioviedo.es\/feijoopro\/wp-json\/wp\/v2\/pages\/539","targetHints":{"allow":["GET"]}}],"collection":[{"href":"https:\/\/www.unioviedo.es\/feijoopro\/wp-json\/wp\/v2\/pages"}],"about":[{"href":"https:\/\/www.unioviedo.es\/feijoopro\/wp-json\/wp\/v2\/types\/page"}],"author":[{"embeddable":true,"href":"https:\/\/www.unioviedo.es\/feijoopro\/wp-json\/wp\/v2\/users\/1"}],"replies":[{"embeddable":true,"href":"https:\/\/www.unioviedo.es\/feijoopro\/wp-json\/wp\/v2\/comments?post=539"}],"version-history":[{"count":5,"href":"https:\/\/www.unioviedo.es\/feijoopro\/wp-json\/wp\/v2\/pages\/539\/revisions"}],"predecessor-version":[{"id":553,"href":"https:\/\/www.unioviedo.es\/feijoopro\/wp-json\/wp\/v2\/pages\/539\/revisions\/553"}],"wp:attachment":[{"href":"https:\/\/www.unioviedo.es\/feijoopro\/wp-json\/wp\/v2\/media?parent=539"}],"curies":[{"name":"wp","href":"https:\/\/api.w.org\/{rel}","templated":true}]}}