{"id":615,"date":"2022-12-12T12:50:02","date_gmt":"2022-12-12T10:50:02","guid":{"rendered":"https:\/\/www.unioviedo.es\/fgs2024\/?page_id=615"},"modified":"2023-05-18T10:28:46","modified_gmt":"2023-05-18T08:28:46","slug":"local-committee","status":"publish","type":"page","link":"https:\/\/www.unioviedo.es\/fgs2024\/index.php\/about\/local-committee\/","title":{"rendered":"Local Committee"},"content":{"rendered":"\n<div class=\"wp-block-group\"><div class=\"wp-block-group__inner-container is-layout-constrained wp-block-group-is-layout-constrained\">\n<p>Mariano Jos\u00e9 Mateos Alberdi (University of Oviedo)<br>Pedro Alonso Vel\u00e1zquez (University of Oviedo)<br>Rafael Gallego Amez (University of Oviedo)<br>Jorge Jim\u00e9nez Meana (University of Oviedo)<br>Antonio Palacio Mu\u00f1iz (University of Oviedo)<br>Set P\u00e9rez Gonz\u00e1lez (University of Oviedo)<br>Mar\u00eda Luisa Serrano Ortega (University of Oviedo)<br>Jes\u00fas Su\u00e1rez P\u00e9rez del R\u00edo (University of Oviedo)<\/p>\n\n\n\n<p> <\/p>\n\n\n\n<h2 class=\"wp-block-heading\">Technical secretariat<\/h2>\n\n\n\n<p>Adriana Su\u00e1rez Paredes (University of Oviedo Foundation)<br>Vanessa Cuenco D\u00edaz (University of Oviedo Foundation)<\/p>\n<\/div><\/div>\n","protected":false},"excerpt":{"rendered":"<p>Mariano Jos\u00e9 Mateos Alberdi (University of Oviedo)Pedro Alonso Vel\u00e1zquez (University of Oviedo)Rafael Gallego Amez (University of Oviedo)Jorge Jim\u00e9nez Meana (University&hellip; <\/p>\n","protected":false},"author":1,"featured_media":0,"parent":607,"menu_order":0,"comment_status":"closed","ping_status":"closed","template":"page-templates\/my-template.php","meta":{"footnotes":""},"class_list":["post-615","page","type-page","status-publish","hentry"],"_links":{"self":[{"href":"https:\/\/www.unioviedo.es\/fgs2024\/index.php\/wp-json\/wp\/v2\/pages\/615","targetHints":{"allow":["GET"]}}],"collection":[{"href":"https:\/\/www.unioviedo.es\/fgs2024\/index.php\/wp-json\/wp\/v2\/pages"}],"about":[{"href":"https:\/\/www.unioviedo.es\/fgs2024\/index.php\/wp-json\/wp\/v2\/types\/page"}],"author":[{"embeddable":true,"href":"https:\/\/www.unioviedo.es\/fgs2024\/index.php\/wp-json\/wp\/v2\/users\/1"}],"replies":[{"embeddable":true,"href":"https:\/\/www.unioviedo.es\/fgs2024\/index.php\/wp-json\/wp\/v2\/comments?post=615"}],"version-history":[{"count":28,"href":"https:\/\/www.unioviedo.es\/fgs2024\/index.php\/wp-json\/wp\/v2\/pages\/615\/revisions"}],"predecessor-version":[{"id":705,"href":"https:\/\/www.unioviedo.es\/fgs2024\/index.php\/wp-json\/wp\/v2\/pages\/615\/revisions\/705"}],"up":[{"embeddable":true,"href":"https:\/\/www.unioviedo.es\/fgs2024\/index.php\/wp-json\/wp\/v2\/pages\/607"}],"wp:attachment":[{"href":"https:\/\/www.unioviedo.es\/fgs2024\/index.php\/wp-json\/wp\/v2\/media?parent=615"}],"curies":[{"name":"wp","href":"https:\/\/api.w.org\/{rel}","templated":true}]}}