{"id":103,"date":"2023-02-13T10:24:25","date_gmt":"2023-02-13T10:24:25","guid":{"rendered":"https:\/\/www.unioviedo.es\/fincorp\/?page_id=103"},"modified":"2024-10-22T14:56:24","modified_gmt":"2024-10-22T14:56:24","slug":"personal-en-practicas","status":"publish","type":"page","link":"https:\/\/www.unioviedo.es\/fincorp\/index.php\/equipo\/personal-en-practicas\/","title":{"rendered":"Personal en pr\u00e1cticas"},"content":{"rendered":"\n<h2 class=\"wp-block-heading\">Personal en pr\u00e1cticas actual<\/h2>\n\n\n\n<ul class=\"wp-block-list has-medium-font-size\">\n<li><a href=\"https:\/\/www.unioviedo.es\/fincorp\/index.php\/equipo\/personal-en-practicas\/nadia-alvarez-garcia-es\/\">Nadia \u00c1lvarez Garc\u00eda<\/a><\/li>\n<\/ul>\n\n\n\n<div class=\"wp-block-media-text alignwide is-stacked-on-mobile\" style=\"grid-template-columns:15% auto\"><figure class=\"wp-block-media-text__media\"><img loading=\"lazy\" decoding=\"async\" width=\"592\" height=\"592\" src=\"http:\/\/www.unioviedo.es\/fincorp\/wp-content\/uploads\/2024\/09\/Nadia-Foto.jpeg\" alt=\"\" class=\"wp-image-3000 size-full\" srcset=\"https:\/\/www.unioviedo.es\/fincorp\/wp-content\/uploads\/2024\/09\/Nadia-Foto.jpeg 592w, https:\/\/www.unioviedo.es\/fincorp\/wp-content\/uploads\/2024\/09\/Nadia-Foto-300x300.jpeg 300w, https:\/\/www.unioviedo.es\/fincorp\/wp-content\/uploads\/2024\/09\/Nadia-Foto-150x150.jpeg 150w\" sizes=\"auto, (max-width: 592px) 100vw, 592px\" \/><\/figure><div class=\"wp-block-media-text__content\">\n<p><strong>Categor\u00eda<\/strong>: Estudiante en pr\u00e1cticas del M\u00e1ster Universitario en Econom\u00eda: Instrumentos del An\u00e1lisis Econ\u00f3mico<\/p>\n\n\n\n<div class=\"wp-block-group is-nowrap is-layout-flex wp-container-core-group-is-layout-9123dee2 wp-block-group-is-layout-flex\">\n<figure class=\"wp-block-image size-full is-resized\"><a href=\"https:\/\/www.linkedin.com\/in\/nadia-%C3%A1lvarez-garc%C3%ADa\/\" target=\"_blank\" rel=\"noreferrer noopener\"><img loading=\"lazy\" decoding=\"async\" width=\"120\" height=\"120\" src=\"http:\/\/www.unioviedo.es\/fincorp\/wp-content\/uploads\/2023\/02\/LinkedIn.png\" alt=\"\" class=\"wp-image-595\" style=\"width:30px\"\/><\/a><\/figure>\n<\/div>\n<\/div><\/div>\n\n\n\n<div style=\"height:35px\" aria-hidden=\"true\" class=\"wp-block-spacer\"><\/div>\n\n\n\n<h2 class=\"wp-block-heading\">Personal en pr\u00e1cticas pasado<\/h2>\n\n\n\n<ul class=\"wp-block-list\">\n<li>Borja Hevia Rodr\u00edguez: Grado en Econom\u00eda.<\/li>\n\n\n\n<li>Carla Iglesias Lastra: Grado en Administraci\u00f3n y Direcci\u00f3n de Empresas.<\/li>\n\n\n\n<li>Mario Solares Fern\u00e1ndez: PCEO Grado en Administraci\u00f3n y Direcci\u00f3n de Empresas\/Grado en Derecho.<\/li>\n<\/ul>\n","protected":false},"excerpt":{"rendered":"<p>Personal en pr\u00e1cticas actual Personal en pr\u00e1cticas pasado<\/p>\n","protected":false},"author":1,"featured_media":0,"parent":100,"menu_order":2,"comment_status":"closed","ping_status":"closed","template":"","meta":{"neve_meta_sidebar":"","neve_meta_container":"","neve_meta_enable_content_width":"","neve_meta_content_width":0,"neve_meta_title_alignment":"","neve_meta_author_avatar":"","neve_post_elements_order":"","neve_meta_disable_header":"","neve_meta_disable_footer":"","neve_meta_disable_title":"","footnotes":""},"class_list":["post-103","page","type-page","status-publish","hentry"],"_links":{"self":[{"href":"https:\/\/www.unioviedo.es\/fincorp\/index.php\/wp-json\/wp\/v2\/pages\/103","targetHints":{"allow":["GET"]}}],"collection":[{"href":"https:\/\/www.unioviedo.es\/fincorp\/index.php\/wp-json\/wp\/v2\/pages"}],"about":[{"href":"https:\/\/www.unioviedo.es\/fincorp\/index.php\/wp-json\/wp\/v2\/types\/page"}],"author":[{"embeddable":true,"href":"https:\/\/www.unioviedo.es\/fincorp\/index.php\/wp-json\/wp\/v2\/users\/1"}],"replies":[{"embeddable":true,"href":"https:\/\/www.unioviedo.es\/fincorp\/index.php\/wp-json\/wp\/v2\/comments?post=103"}],"version-history":[{"count":18,"href":"https:\/\/www.unioviedo.es\/fincorp\/index.php\/wp-json\/wp\/v2\/pages\/103\/revisions"}],"predecessor-version":[{"id":3071,"href":"https:\/\/www.unioviedo.es\/fincorp\/index.php\/wp-json\/wp\/v2\/pages\/103\/revisions\/3071"}],"up":[{"embeddable":true,"href":"https:\/\/www.unioviedo.es\/fincorp\/index.php\/wp-json\/wp\/v2\/pages\/100"}],"wp:attachment":[{"href":"https:\/\/www.unioviedo.es\/fincorp\/index.php\/wp-json\/wp\/v2\/media?parent=103"}],"curies":[{"name":"wp","href":"https:\/\/api.w.org\/{rel}","templated":true}]}}