{"id":1095,"date":"2023-03-13T09:27:02","date_gmt":"2023-03-13T09:27:02","guid":{"rendered":"http:\/\/www.unioviedo.es\/fincorp\/?page_id=1095"},"modified":"2024-04-01T07:11:27","modified_gmt":"2024-04-01T07:11:27","slug":"teaching-innovation-projects","status":"publish","type":"page","link":"https:\/\/www.unioviedo.es\/fincorp\/index.php\/en\/teaching\/teaching-innovation-projects\/","title":{"rendered":"Teaching innovation projects"},"content":{"rendered":"\n<ul class=\"wp-block-list\">\n<li><strong>\u00abFinEduca360: J\u00f3venes para J\u00f3venes\u00bb<\/strong>, Instituto de Investigaci\u00f3n e Innovaci\u00f3n Educativa,\u00a0Vicerrectorado de Pol\u00edticas del Profesorado de la Universidad de Oviedo.\u00a0Coordinating teachers: S. G\u00f3mez Ans\u00f3n and I. Mart\u00ednez Garc\u00eda. 2023-2024 and 2024-2025 academic years.<\/li>\n\n\n\n<li><strong>\u00abLa Cl\u00ednica Jur\u00eddica, una forma de aprendizaje-servicio para cumplir los objetivos de desarrollo sostenible en la Facultad de Derecho\u00bb<\/strong>, Instituto de Investigaci\u00f3n e Innovaci\u00f3n Educativa, Vicerrectorado de Pol\u00edticas del Profesorado de la Universidad de Oviedo. Coordinating teacher: M. P. Fern\u00e1ndez-Rivera Gonz\u00e1lez. 2022-2023 academic year.<\/li>\n\n\n\n<li><strong>\u00abComunidad Canguro: paisajes acad\u00e9micos y representaciones del aprendizaje\u00bb<\/strong>, Instituto de Investigaci\u00f3n e Innovaci\u00f3n Educativa, Vicerrectorado de Pol\u00edticas del Profesorado de la Universidad de Oviedo. Coordinating teacher: G. LLamedo Pandiella. 2022-2023 academic year.<\/li>\n<\/ul>\n","protected":false},"excerpt":{"rendered":"","protected":false},"author":1,"featured_media":0,"parent":1091,"menu_order":2,"comment_status":"closed","ping_status":"closed","template":"","meta":{"neve_meta_sidebar":"","neve_meta_container":"","neve_meta_enable_content_width":"","neve_meta_content_width":0,"neve_meta_title_alignment":"","neve_meta_author_avatar":"","neve_post_elements_order":"","neve_meta_disable_header":"","neve_meta_disable_footer":"","neve_meta_disable_title":"","footnotes":""},"class_list":["post-1095","page","type-page","status-publish","hentry"],"_links":{"self":[{"href":"https:\/\/www.unioviedo.es\/fincorp\/index.php\/wp-json\/wp\/v2\/pages\/1095","targetHints":{"allow":["GET"]}}],"collection":[{"href":"https:\/\/www.unioviedo.es\/fincorp\/index.php\/wp-json\/wp\/v2\/pages"}],"about":[{"href":"https:\/\/www.unioviedo.es\/fincorp\/index.php\/wp-json\/wp\/v2\/types\/page"}],"author":[{"embeddable":true,"href":"https:\/\/www.unioviedo.es\/fincorp\/index.php\/wp-json\/wp\/v2\/users\/1"}],"replies":[{"embeddable":true,"href":"https:\/\/www.unioviedo.es\/fincorp\/index.php\/wp-json\/wp\/v2\/comments?post=1095"}],"version-history":[{"count":5,"href":"https:\/\/www.unioviedo.es\/fincorp\/index.php\/wp-json\/wp\/v2\/pages\/1095\/revisions"}],"predecessor-version":[{"id":2664,"href":"https:\/\/www.unioviedo.es\/fincorp\/index.php\/wp-json\/wp\/v2\/pages\/1095\/revisions\/2664"}],"up":[{"embeddable":true,"href":"https:\/\/www.unioviedo.es\/fincorp\/index.php\/wp-json\/wp\/v2\/pages\/1091"}],"wp:attachment":[{"href":"https:\/\/www.unioviedo.es\/fincorp\/index.php\/wp-json\/wp\/v2\/media?parent=1095"}],"curies":[{"name":"wp","href":"https:\/\/api.w.org\/{rel}","templated":true}]}}