{"id":1122,"date":"2023-03-13T09:38:36","date_gmt":"2023-03-13T09:38:36","guid":{"rendered":"http:\/\/www.unioviedo.es\/fincorp\/?page_id=1122"},"modified":"2024-09-23T11:45:49","modified_gmt":"2024-09-23T11:45:49","slug":"projects","status":"publish","type":"page","link":"https:\/\/www.unioviedo.es\/fincorp\/index.php\/en\/research\/projects\/","title":{"rendered":"Projects"},"content":{"rendered":"\n<p>Since 2014 the following projects have been developed:<\/p>\n\n\n\n<h2 class=\"wp-block-heading\">European projects<\/h2>\n\n\n\n<ul class=\"wp-block-list\">\n<li><strong>All rights reserved? Barriers towards European Citizenship (bEUcitizen)<\/strong>.<\/li>\n<\/ul>\n\n\n\n<div class=\"wp-block-group is-vertical is-layout-flex wp-container-core-group-is-layout-8cf370e7 wp-block-group-is-layout-flex\">\n<p>Financing entity: 7<sup>th<\/sup> Framework Programme, European Comission, [FP7-SSH-2012.5.1-1.320294].<\/p>\n\n\n\n<p>Duration: May 2013-April 2017 (4 years).<\/p>\n\n\n\n<p>Principal researchers: Sybe de Vries (Universiteit Utrecht) and Silvia G\u00f3mez Ans\u00f3n (University of Oviedo group).<\/p>\n<\/div>\n\n\n\n<div style=\"height:35px\" aria-hidden=\"true\" class=\"wp-block-spacer\"><\/div>\n\n\n\n<h2 class=\"wp-block-heading\">National projects<\/h2>\n\n\n\n<ul class=\"wp-block-list\">\n<li><strong>Diversidad de g\u00e9nero en el gobierno corporativo: determinantes institucionales, normativa e implicaciones en las estrategias y comportamiento empresarial<\/strong>.<\/li>\n<\/ul>\n\n\n\n<div class=\"wp-block-group is-vertical is-layout-flex wp-container-core-group-is-layout-8cf370e7 wp-block-group-is-layout-flex\">\n<p>Financing entity: Ministerio de Ciencia e Innovaci\u00f3n, [MCINN-23-PID2022-140023NA-I00].<\/p>\n\n\n\n<p>Duration: septiembre 2023-agosto 2027 (4 a\u00f1os).<\/p>\n\n\n\n<p>Principal researcher: Irma Mart\u00ednez Garc\u00eda.<\/p>\n\n\n\n<p>Researchers: Irma Mart\u00ednez Garc\u00eda, Silvia G\u00f3mez Ans\u00f3n, Ferm\u00edn L\u00f3pez Rodr\u00edguez y Mar\u00eda Sacrist\u00e1n Navarro.<\/p>\n<\/div>\n\n\n\n<ul class=\"wp-block-list\">\n<li><strong>Estrategias corporativas, internacionalizaci\u00f3n y factores estrat\u00e9gicos clave en un contexto institucional global: Determinantes del rendimiento y sostenibilidad empresarial<\/strong>.<\/li>\n<\/ul>\n\n\n\n<div class=\"wp-block-group is-vertical is-layout-flex wp-container-core-group-is-layout-8cf370e7 wp-block-group-is-layout-flex\">\n<p>Financing entity: Agencia Estatal de Investigaci\u00f3n, [PID2021-124641NB-I00].<\/p>\n\n\n\n<p>Duration: September 2022-Augost 2025 (3 years).<\/p>\n\n\n\n<p>Principal researchers: Francisco Javier Forcadell Mart\u00ednez and Luis \u00c1ngel Guerras Mart\u00edn.<\/p>\n<\/div>\n\n\n\n<ul class=\"wp-block-list\">\n<li><strong>Estrategias corporativas de internacionalizaci\u00f3n, innovaci\u00f3n y responsabilidad social ante el reto de la sostenibilidad en un contexto global<\/strong>.<\/li>\n<\/ul>\n\n\n\n<div class=\"wp-block-group is-vertical is-layout-flex wp-container-core-group-is-layout-8cf370e7 wp-block-group-is-layout-flex\">\n<p>Financing entity: Ministerio de Ciencia, Innovaci\u00f3n y Universidades, [RTI2018-097447-B-I00].<\/p>\n\n\n\n<p>Duration: 2019-2022 (3 years).<\/p>\n<\/div>\n\n\n\n<ul class=\"wp-block-list\">\n<li><strong>Retos del gobierno corporativo en las empresas familiares europeas<\/strong>.<\/li>\n<\/ul>\n\n\n\n<div class=\"wp-block-group is-vertical is-layout-flex wp-container-core-group-is-layout-8cf370e7 wp-block-group-is-layout-flex\">\n<p>Financing entity: Ministerio de Econom\u00eda y Competitividad, Plan Nacional de I+D+i, Programa de Investigaci\u00f3n Fundamental, Proyectos de Investigaci\u00f3n Fundamental no Orientada, [ECO2015-69058-R].<\/p>\n\n\n\n<p>Duration: January 2016-December 2018 (3 years).<\/p>\n\n\n\n<p>Principal researcher: Silvia G\u00f3mez Ans\u00f3n.<\/p>\n<\/div>\n\n\n\n<ul class=\"wp-block-list\">\n<li><strong>Estrategias corporativas ante la recuperaci\u00f3n econ\u00f3mica: relaciones entre diversificaci\u00f3n, reestructuraci\u00f3n e internacionalizaci\u00f3n e impacto en la competitividad empresarial<\/strong>.<\/li>\n<\/ul>\n\n\n\n<div class=\"wp-block-group is-vertical is-content-justification-left is-layout-flex wp-container-core-group-is-layout-c0ca7d81 wp-block-group-is-layout-flex\">\n<p>Financing entity: Ministerio de Econom\u00eda y Competitividad, [ECO2015-67434-R].<\/p>\n\n\n\n<p>Duration: 2016-2019 (3 years).<\/p>\n<\/div>\n\n\n\n<ul class=\"wp-block-list\">\n<li><strong>Estrategias de reestructuraci\u00f3n empresarial como respuesta a la crisis econ\u00f3mica. Un an\u00e1lisis en el contexto europeo<\/strong>.<\/li>\n<\/ul>\n\n\n\n<div class=\"wp-block-group is-vertical is-layout-flex wp-container-core-group-is-layout-8cf370e7 wp-block-group-is-layout-flex\">\n<p>Financing entity: Ministerio de Econom\u00eda y Competitividad, [ECO2012-36775].<\/p>\n\n\n\n<p>Duration: January 2013-December 2015 (3 years).<\/p>\n\n\n\n<p>Principal researcher: Luis \u00c1ngel Guerras Mart\u00edn.<\/p>\n<\/div>\n\n\n\n<ul class=\"wp-block-list\">\n<li><strong>El papel de otros grandes accionistas en empresas de propiedad concentrada: el caso de las empresas familiares<\/strong>.<\/li>\n<\/ul>\n\n\n\n<div class=\"wp-block-group is-vertical is-layout-flex wp-container-core-group-is-layout-8cf370e7 wp-block-group-is-layout-flex\">\n<p>Financing entity: Plan Nacional de I+D+i, Programa de Investigaci\u00f3n Fundamental, Proyectos de Investigaci\u00f3n Fundamental no Orientada, [ECO2012-36532].<\/p>\n\n\n\n<p>Duration: January 2013-December 2015 (3 years).<\/p>\n\n\n\n<p>Principal researcher: Silvia G\u00f3mez Ans\u00f3n.<\/p>\n<\/div>\n\n\n\n<div style=\"height:35px\" aria-hidden=\"true\" class=\"wp-block-spacer\"><\/div>\n\n\n\n<h2 class=\"wp-block-heading\">Regional projects<\/h2>\n\n\n\n<ul class=\"wp-block-list\">\n<li><strong>Estudio econ\u00f3mico, jur\u00eddico, y sociol\u00f3gico de la Uni\u00f3n Europea: especial referencia a la realidad espa\u00f1ola<\/strong>.<\/li>\n<\/ul>\n\n\n\n<div class=\"wp-block-group is-vertical is-layout-flex wp-container-core-group-is-layout-8cf370e7 wp-block-group-is-layout-flex\">\n<p>Financing entity: University of Oviedo.<\/p>\n\n\n\n<p>Duration: January 2018-December 2024 (7 years).<\/p>\n\n\n\n<p>Principal researcher: Silvia G\u00f3mez Ans\u00f3n.<\/p>\n<\/div>\n\n\n\n<ul class=\"wp-block-list\">\n<li><strong>Ayudas a grupos de investigaci\u00f3n de Arte y Humanidades y Ciencias Sociales y Jur\u00eddicas<\/strong>.<\/li>\n<\/ul>\n\n\n\n<div class=\"wp-block-group is-vertical is-layout-flex wp-container-core-group-is-layout-8cf370e7 wp-block-group-is-layout-flex\">\n<p>Financing entity: Consejer\u00eda de Educaci\u00f3n y Ciencia del Principado de Asturias.<\/p>\n\n\n\n<p>Duration: January 2017-December 2017 (1 year).<\/p>\n\n\n\n<p>Principal researcher: Silvia G\u00f3mez Ans\u00f3n.<\/p>\n<\/div>\n\n\n\n<ul class=\"wp-block-list\">\n<li><strong>Ayudas a grupos de investigaci\u00f3n de Arte y Humanidades y Ciencias Sociales y Jur\u00eddicas<\/strong>.<\/li>\n<\/ul>\n\n\n\n<div class=\"wp-block-group is-vertical is-layout-flex wp-container-core-group-is-layout-8cf370e7 wp-block-group-is-layout-flex\">\n<p>Financing entity: Consejer\u00eda de Educaci\u00f3n y Ciencia del Principado de Asturias.<\/p>\n\n\n\n<p>Duration: January 2016-December 2016 (1 year).<\/p>\n\n\n\n<p>Principal researcher: Silvia G\u00f3mez Ans\u00f3n.<\/p>\n<\/div>\n\n\n\n<ul class=\"wp-block-list\">\n<li><strong>El papel de otros grandes accionistas en empresas de propiedad concentrada: el caso de las empresas familiares<\/strong>.<\/li>\n<\/ul>\n\n\n\n<div class=\"wp-block-group is-vertical is-layout-flex wp-container-core-group-is-layout-8cf370e7 wp-block-group-is-layout-flex\">\n<p>Financing entity: Proyecto Subvenci\u00f3n del Principado de Asturias I+D+i, Consejer\u00eda de Econom\u00eda y Empleo del Principado de Asturias, [SV-PA-13-ECOEMP-22].<\/p>\n\n\n\n<p>Duration: April 2013-December 2014 (1 year 9 months).<\/p>\n\n\n\n<p>Principal researcher: Silvia G\u00f3mez Ans\u00f3n.<\/p>\n<\/div>\n","protected":false},"excerpt":{"rendered":"<p>Since 2014 the following projects have been developed: European projects Financing entity: 7th Framework Programme, European Comission, [FP7-SSH-2012.5.1-1.320294]. Duration: May 2013-April 2017 (4 years). Principal researchers: Sybe de Vries (Universiteit Utrecht) and Silvia G\u00f3mez Ans\u00f3n (University of Oviedo group). National projects Financing entity: Ministerio de Ciencia e Innovaci\u00f3n, [MCINN-23-PID2022-140023NA-I00]. Duration: septiembre 2023-agosto 2027 (4 a\u00f1os).&hellip;&nbsp;<a href=\"https:\/\/www.unioviedo.es\/fincorp\/index.php\/en\/research\/projects\/\" rel=\"bookmark\">Leer m\u00e1s &raquo;<span class=\"screen-reader-text\">Projects<\/span><\/a><\/p>\n","protected":false},"author":1,"featured_media":0,"parent":1120,"menu_order":2,"comment_status":"closed","ping_status":"closed","template":"","meta":{"neve_meta_sidebar":"","neve_meta_container":"default","neve_meta_enable_content_width":"off","neve_meta_content_width":70,"neve_meta_title_alignment":"","neve_meta_author_avatar":"","neve_post_elements_order":"","neve_meta_disable_header":"","neve_meta_disable_footer":"","neve_meta_disable_title":"","footnotes":""},"class_list":["post-1122","page","type-page","status-publish","hentry"],"_links":{"self":[{"href":"https:\/\/www.unioviedo.es\/fincorp\/index.php\/wp-json\/wp\/v2\/pages\/1122","targetHints":{"allow":["GET"]}}],"collection":[{"href":"https:\/\/www.unioviedo.es\/fincorp\/index.php\/wp-json\/wp\/v2\/pages"}],"about":[{"href":"https:\/\/www.unioviedo.es\/fincorp\/index.php\/wp-json\/wp\/v2\/types\/page"}],"author":[{"embeddable":true,"href":"https:\/\/www.unioviedo.es\/fincorp\/index.php\/wp-json\/wp\/v2\/users\/1"}],"replies":[{"embeddable":true,"href":"https:\/\/www.unioviedo.es\/fincorp\/index.php\/wp-json\/wp\/v2\/comments?post=1122"}],"version-history":[{"count":10,"href":"https:\/\/www.unioviedo.es\/fincorp\/index.php\/wp-json\/wp\/v2\/pages\/1122\/revisions"}],"predecessor-version":[{"id":2878,"href":"https:\/\/www.unioviedo.es\/fincorp\/index.php\/wp-json\/wp\/v2\/pages\/1122\/revisions\/2878"}],"up":[{"embeddable":true,"href":"https:\/\/www.unioviedo.es\/fincorp\/index.php\/wp-json\/wp\/v2\/pages\/1120"}],"wp:attachment":[{"href":"https:\/\/www.unioviedo.es\/fincorp\/index.php\/wp-json\/wp\/v2\/media?parent=1122"}],"curies":[{"name":"wp","href":"https:\/\/api.w.org\/{rel}","templated":true}]}}

<p>Since 2014 the following projects have been developed:</p>



<h2 class="wp-block-heading">European projects</h2>



<ul class="wp-block-list">
<li><strong>All rights reserved? Barriers towards European Citizenship (bEUcitizen)</strong>.</li>
</ul>



<div class="wp-block-group is-vertical is-layout-flex wp-container-core-group-is-layout-8cf370e7 wp-block-group-is-layout-flex">
<p>Financing entity: 7<sup>th</sup> Framework Programme, European Comission, [FP7-SSH-2012.5.1-1.320294].</p>



<p>Duration: May 2013-April 2017 (4 years).</p>



<p>Principal researchers: Sybe de Vries (Universiteit Utrecht) and Silvia Gómez Ansón (University of Oviedo group).</p>
</div>



<div style="height:35px" aria-hidden="true" class="wp-block-spacer"></div>



<h2 class="wp-block-heading">National projects</h2>



<ul class="wp-block-list">
<li><strong>Diversidad de género en el gobierno corporativo: determinantes institucionales, normativa e implicaciones en las estrategias y comportamiento empresarial</strong>.</li>
</ul>



<div class="wp-block-group is-vertical is-layout-flex wp-container-core-group-is-layout-8cf370e7 wp-block-group-is-layout-flex">
<p>Financing entity: Ministerio de Ciencia e Innovación, [MCINN-23-PID2022-140023NA-I00].</p>



<p>Duration: septiembre 2023-agosto 2027 (4 años).</p>



<p>Principal researcher: Irma Martínez García.</p>



<p>Researchers: Irma Martínez García, Silvia Gómez Ansón, Fermín López Rodríguez y María Sacristán Navarro.</p>
</div>



<ul class="wp-block-list">
<li><strong>Estrategias corporativas, internacionalización y factores estratégicos clave en un contexto institucional global: Determinantes del rendimiento y sostenibilidad empresarial</strong>.</li>
</ul>



<div class="wp-block-group is-vertical is-layout-flex wp-container-core-group-is-layout-8cf370e7 wp-block-group-is-layout-flex">
<p>Financing entity: Agencia Estatal de Investigación, [PID2021-124641NB-I00].</p>



<p>Duration: September 2022-Augost 2025 (3 years).</p>



<p>Principal researchers: Francisco Javier Forcadell Martínez and Luis Ángel Guerras Martín.</p>
</div>



<ul class="wp-block-list">
<li><strong>Estrategias corporativas de internacionalización, innovación y responsabilidad social ante el reto de la sostenibilidad en un contexto global</strong>.</li>
</ul>



<div class="wp-block-group is-vertical is-layout-flex wp-container-core-group-is-layout-8cf370e7 wp-block-group-is-layout-flex">
<p>Financing entity: Ministerio de Ciencia, Innovación y Universidades, [RTI2018-097447-B-I00].</p>



<p>Duration: 2019-2022 (3 years).</p>
</div>



<ul class="wp-block-list">
<li><strong>Retos del gobierno corporativo en las empresas familiares europeas</strong>.</li>
</ul>



<div class="wp-block-group is-vertical is-layout-flex wp-container-core-group-is-layout-8cf370e7 wp-block-group-is-layout-flex">
<p>Financing entity: Ministerio de Economía y Competitividad, Plan Nacional de I+D+i, Programa de Investigación Fundamental, Proyectos de Investigación Fundamental no Orientada, [ECO2015-69058-R].</p>



<p>Duration: January 2016-December 2018 (3 years).</p>



<p>Principal researcher: Silvia Gómez Ansón.</p>
</div>



<ul class="wp-block-list">
<li><strong>Estrategias corporativas ante la recuperación económica: relaciones entre diversificación, reestructuración e internacionalización e impacto en la competitividad empresarial</strong>.</li>
</ul>



<div class="wp-block-group is-vertical is-content-justification-left is-layout-flex wp-container-core-group-is-layout-c0ca7d81 wp-block-group-is-layout-flex">
<p>Financing entity: Ministerio de Economía y Competitividad, [ECO2015-67434-R].</p>



<p>Duration: 2016-2019 (3 years).</p>
</div>



<ul class="wp-block-list">
<li><strong>Estrategias de reestructuración empresarial como respuesta a la crisis económica. Un análisis en el contexto europeo</strong>.</li>
</ul>



<div class="wp-block-group is-vertical is-layout-flex wp-container-core-group-is-layout-8cf370e7 wp-block-group-is-layout-flex">
<p>Financing entity: Ministerio de Economía y Competitividad, [ECO2012-36775].</p>



<p>Duration: January 2013-December 2015 (3 years).</p>



<p>Principal researcher: Luis Ángel Guerras Martín.</p>
</div>



<ul class="wp-block-list">
<li><strong>El papel de otros grandes accionistas en empresas de propiedad concentrada: el caso de las empresas familiares</strong>.</li>
</ul>



<div class="wp-block-group is-vertical is-layout-flex wp-container-core-group-is-layout-8cf370e7 wp-block-group-is-layout-flex">
<p>Financing entity: Plan Nacional de I+D+i, Programa de Investigación Fundamental, Proyectos de Investigación Fundamental no Orientada, [ECO2012-36532].</p>



<p>Duration: January 2013-December 2015 (3 years).</p>



<p>Principal researcher: Silvia Gómez Ansón.</p>
</div>



<div style="height:35px" aria-hidden="true" class="wp-block-spacer"></div>



<h2 class="wp-block-heading">Regional projects</h2>



<ul class="wp-block-list">
<li><strong>Estudio económico, jurídico, y sociológico de la Unión Europea: especial referencia a la realidad española</strong>.</li>
</ul>



<div class="wp-block-group is-vertical is-layout-flex wp-container-core-group-is-layout-8cf370e7 wp-block-group-is-layout-flex">
<p>Financing entity: University of Oviedo.</p>



<p>Duration: January 2018-December 2024 (7 years).</p>



<p>Principal researcher: Silvia Gómez Ansón.</p>
</div>



<ul class="wp-block-list">
<li><strong>Ayudas a grupos de investigación de Arte y Humanidades y Ciencias Sociales y Jurídicas</strong>.</li>
</ul>



<div class="wp-block-group is-vertical is-layout-flex wp-container-core-group-is-layout-8cf370e7 wp-block-group-is-layout-flex">
<p>Financing entity: Consejería de Educación y Ciencia del Principado de Asturias.</p>



<p>Duration: January 2017-December 2017 (1 year).</p>



<p>Principal researcher: Silvia Gómez Ansón.</p>
</div>



<ul class="wp-block-list">
<li><strong>Ayudas a grupos de investigación de Arte y Humanidades y Ciencias Sociales y Jurídicas</strong>.</li>
</ul>



<div class="wp-block-group is-vertical is-layout-flex wp-container-core-group-is-layout-8cf370e7 wp-block-group-is-layout-flex">
<p>Financing entity: Consejería de Educación y Ciencia del Principado de Asturias.</p>



<p>Duration: January 2016-December 2016 (1 year).</p>



<p>Principal researcher: Silvia Gómez Ansón.</p>
</div>



<ul class="wp-block-list">
<li><strong>El papel de otros grandes accionistas en empresas de propiedad concentrada: el caso de las empresas familiares</strong>.</li>
</ul>



<div class="wp-block-group is-vertical is-layout-flex wp-container-core-group-is-layout-8cf370e7 wp-block-group-is-layout-flex">
<p>Financing entity: Proyecto Subvención del Principado de Asturias I+D+i, Consejería de Economía y Empleo del Principado de Asturias, [SV-PA-13-ECOEMP-22].</p>



<p>Duration: April 2013-December 2014 (1 year 9 months).</p>



<p>Principal researcher: Silvia Gómez Ansón.</p>
</div>

<p>Since 2014 the following projects have been developed: European projects Financing entity: 7th Framework Programme, European Comission, [FP7-SSH-2012.5.1-1.320294]. Duration: May 2013-April 2017 (4 years). Principal researchers: Sybe de Vries (Universiteit Utrecht) and Silvia Gómez Ansón (University of Oviedo group). National projects Financing entity: Ministerio de Ciencia e Innovación, [MCINN-23-PID2022-140023NA-I00]. Duration: septiembre 2023-agosto 2027 (4 años).&hellip;&nbsp;<a href="https://www.unioviedo.es/fincorp/index.php/en/research/projects/" rel="bookmark">Leer más &raquo;<span class="screen-reader-text">Projects</span></a></p>
