{"id":1123,"date":"2023-03-13T09:53:27","date_gmt":"2023-03-13T09:53:27","guid":{"rendered":"http:\/\/www.unioviedo.es\/fincorp\/?page_id=1123"},"modified":"2024-09-23T11:54:12","modified_gmt":"2024-09-23T11:54:12","slug":"conferences","status":"publish","type":"page","link":"https:\/\/www.unioviedo.es\/fincorp\/index.php\/en\/research\/conferences\/","title":{"rendered":"Conferences"},"content":{"rendered":"\n<h2 class=\"wp-block-heading\">International conferences<\/h2>\n\n\n\n<ul class=\"wp-block-list\">\n<li><strong>Annual Conference of the European Academy of Management (EURAM)<\/strong>. 18<sup>th<\/sup>, 19<sup>th<\/sup>, 20<sup>th<\/sup> and 23<sup>rd<\/sup> editions.<\/li>\n\n\n\n<li><strong>The International Family Enterprise Research Academy (IFERA) Annual Conference<\/strong>. 2015, 2017, 2020 and 2024 editions.<\/li>\n\n\n\n<li><strong>International Conference de la Iberoamerican Academy of Management<\/strong>. 12<sup>th<\/sup> edition.<\/li>\n\n\n\n<li><strong>Academic Conference on Financial Literacy Research<\/strong> (organized by the European Commission, the FSMA and the KU Leaven).<\/li>\n\n\n\n<li><strong>Gender, Work &amp; Organization Biennal International Interdisciplinary Conference<\/strong>. 11<sup>th<\/sup> edition.<\/li>\n\n\n\n<li><strong>Congreso Internacional de J\u00f3venes Investigadorxs con perspectiva de g\u00e9nero<\/strong>. V edition.<\/li>\n\n\n\n<li><strong>World Finance &amp; Banking Symposium<\/strong>. 2020 edition.<\/li>\n\n\n\n<li><strong>International Academic Conference Family Firms in the Arab World<\/strong>. 1<sup>st<\/sup> edition,<\/li>\n\n\n\n<li><strong>Family Enterprise Research Conference (FERC)<\/strong>. 2018 edition.<\/li>\n\n\n\n<li><strong>International Conference on Corporate Governance in Emerging Markets of the Institute of Governance and Organizational Responsibility (iGOR)<\/strong>. 6<sup>th<\/sup> edition.<\/li>\n\n\n\n<li><strong>Wolpertinger Conference of the European Association of University Teachers of Banking and Finance<\/strong>. 2017 edition.<\/li>\n\n\n\n<li><strong>Congreso Internacional de la European Women Lawyers Association (EWLA)<\/strong>.<\/li>\n<\/ul>\n\n\n\n<h2 class=\"wp-block-heading\">National conferences<\/h2>\n\n\n\n<ul class=\"wp-block-list\">\n<li><strong>Congreso de la Asociaci\u00f3n Cient\u00edfica de Econom\u00eda y Direcci\u00f3n de la Empresa (ACEDE)<\/strong>. V, VI, VII, VIII, X, XIII, XIV, XV, XVI, XVII, XVIII, XIX, XXIII, XXIV, XXV, XXVII, XXVIII, XXIX, XXX, XXXII and XXXIII editions.<\/li>\n\n\n\n<li><strong>Congreso Anual de la Academia&nbsp;Europea de Direcci\u00f3n y Econom\u00eda de la Empresa&nbsp;(AEDEM)<\/strong>. X, XI, XIV, XVII, XVIII, XIX, XX, XXI, XXII and XIII editions.<\/li>\n\n\n\n<li><strong>Jornadas de Econom\u00eda Industrial<\/strong>. XIII, XIV, XV, XVI, XIX, XX and XXVI editions.<\/li>\n\n\n\n<li><strong>Foro de Finanzas de Segovia<\/strong>. I, II, III, IV and VI editions.<\/li>\n\n\n\n<li><strong>Foro de Finanzas de la Asociaci\u00f3n Espa\u00f1ola de Finanzas (AEFIN)<\/strong>. VII, XXVII and XXX editions.<\/li>\n\n\n\n<li><strong>Workshop USPCEU-Mutua Madrile\u00f1a<\/strong>. I edition.<\/li>\n\n\n\n<li><strong>Jornadas de Econom\u00eda Financiera<\/strong>. II edition.<\/li>\n\n\n\n<li><strong>Jornada sobre Reforma del Sector P\u00fablico: Privatizaci\u00f3n, Competencia y Regulaci\u00f3n<\/strong>.<\/li>\n<\/ul>\n\n\n\n<h2 class=\"wp-block-heading\">Awards<\/h2>\n\n\n\n<ul class=\"wp-block-list\">\n<li><strong>ACEDE 2021 Novel Researcher Award<\/strong>. XXX Congreso de la Asociaci\u00f3n Cient\u00edfica Espa\u00f1ola de Econom\u00eda y Direcci\u00f3n de la Empresa (ACEDE), June 2021.<\/li>\n\n\n\n<li><strong>Finalist for the ACEDE 2021 General Award for the best communication<\/strong>. XXX Congreso de la Asociaci\u00f3n Cient\u00edfica Espa\u00f1ola de Econom\u00eda y Direcci\u00f3n de la Empresa (ACEDE), June 2021.<\/li>\n\n\n\n<li><strong>Family Business Section Award<\/strong>, XXVII Congreso de la Asociaci\u00f3n Cient\u00edfica de Econom\u00eda y Direcci\u00f3n de la Empresa (ACEDE) for the article \u201cDisproportional Family Board Power: The effect of multiple shareholders and their identity\u201d, Aranjuez, June 2017.<\/li>\n<\/ul>\n\n\n\n<div class=\"wp-block-group\"><div class=\"wp-block-group__inner-container is-layout-constrained wp-block-group-is-layout-constrained\">\n<div class=\"wp-block-group is-nowrap is-layout-flex wp-container-core-group-is-layout-ad2f72ca wp-block-group-is-layout-flex\">\n<figure class=\"wp-block-image size-full is-resized\"><img loading=\"lazy\" decoding=\"async\" width=\"960\" height=\"720\" src=\"http:\/\/www.unioviedo.es\/fincorp\/wp-content\/uploads\/2023\/03\/Congreso-grupal.jpg\" alt=\"\" class=\"wp-image-789\" style=\"width:585px;height:440px\" srcset=\"https:\/\/www.unioviedo.es\/fincorp\/wp-content\/uploads\/2023\/03\/Congreso-grupal.jpg 960w, https:\/\/www.unioviedo.es\/fincorp\/wp-content\/uploads\/2023\/03\/Congreso-grupal-300x225.jpg 300w, https:\/\/www.unioviedo.es\/fincorp\/wp-content\/uploads\/2023\/03\/Congreso-grupal-768x576.jpg 768w\" sizes=\"auto, (max-width: 960px) 100vw, 960px\" \/><\/figure>\n\n\n\n<figure class=\"wp-block-image size-large is-resized\"><img loading=\"lazy\" decoding=\"async\" width=\"576\" height=\"1024\" src=\"http:\/\/www.unioviedo.es\/fincorp\/wp-content\/uploads\/2023\/03\/Congreso-2-576x1024.jpg\" alt=\"\" class=\"wp-image-792\" style=\"width:249px;height:440px\" srcset=\"https:\/\/www.unioviedo.es\/fincorp\/wp-content\/uploads\/2023\/03\/Congreso-2-576x1024.jpg 576w, https:\/\/www.unioviedo.es\/fincorp\/wp-content\/uploads\/2023\/03\/Congreso-2-169x300.jpg 169w, https:\/\/www.unioviedo.es\/fincorp\/wp-content\/uploads\/2023\/03\/Congreso-2.jpg 747w\" sizes=\"auto, (max-width: 576px) 100vw, 576px\" \/><\/figure>\n<\/div>\n\n\n\n<div style=\"height:10px\" aria-hidden=\"true\" class=\"wp-block-spacer\"><\/div>\n\n\n\n<div class=\"wp-block-group is-nowrap is-layout-flex wp-container-core-group-is-layout-ad2f72ca wp-block-group-is-layout-flex\">\n<figure class=\"wp-block-image size-large is-resized\"><img loading=\"lazy\" decoding=\"async\" width=\"1024\" height=\"576\" src=\"http:\/\/www.unioviedo.es\/fincorp\/wp-content\/uploads\/2023\/03\/Congreso-1-1024x576.jpg\" alt=\"\" class=\"wp-image-790\" style=\"width:480px;height:270px\" srcset=\"https:\/\/www.unioviedo.es\/fincorp\/wp-content\/uploads\/2023\/03\/Congreso-1-1024x576.jpg 1024w, https:\/\/www.unioviedo.es\/fincorp\/wp-content\/uploads\/2023\/03\/Congreso-1-300x169.jpg 300w, https:\/\/www.unioviedo.es\/fincorp\/wp-content\/uploads\/2023\/03\/Congreso-1-768x432.jpg 768w, https:\/\/www.unioviedo.es\/fincorp\/wp-content\/uploads\/2023\/03\/Congreso-1.jpg 1328w\" sizes=\"auto, (max-width: 1024px) 100vw, 1024px\" \/><\/figure>\n\n\n\n<figure class=\"wp-block-image size-full is-resized\"><img loading=\"lazy\" decoding=\"async\" width=\"960\" height=\"720\" src=\"http:\/\/www.unioviedo.es\/fincorp\/wp-content\/uploads\/2023\/03\/Congreso-3.jpg\" alt=\"\" class=\"wp-image-793\" style=\"width:361px;height:270px\" srcset=\"https:\/\/www.unioviedo.es\/fincorp\/wp-content\/uploads\/2023\/03\/Congreso-3.jpg 960w, https:\/\/www.unioviedo.es\/fincorp\/wp-content\/uploads\/2023\/03\/Congreso-3-300x225.jpg 300w, https:\/\/www.unioviedo.es\/fincorp\/wp-content\/uploads\/2023\/03\/Congreso-3-768x576.jpg 768w\" sizes=\"auto, (max-width: 960px) 100vw, 960px\" \/><\/figure>\n<\/div>\n\n\n\n<div style=\"height:10px\" aria-hidden=\"true\" class=\"wp-block-spacer\"><\/div>\n\n\n\n<div class=\"wp-block-group is-nowrap is-layout-flex wp-container-core-group-is-layout-ad2f72ca wp-block-group-is-layout-flex\">\n<figure class=\"wp-block-image size-large is-resized\"><img loading=\"lazy\" decoding=\"async\" width=\"576\" height=\"1024\" src=\"http:\/\/www.unioviedo.es\/fincorp\/wp-content\/uploads\/2023\/03\/Premio-576x1024.jpg\" alt=\"\" class=\"wp-image-795\" style=\"width:247px;height:440px\" srcset=\"https:\/\/www.unioviedo.es\/fincorp\/wp-content\/uploads\/2023\/03\/Premio-576x1024.jpg 576w, https:\/\/www.unioviedo.es\/fincorp\/wp-content\/uploads\/2023\/03\/Premio-169x300.jpg 169w, https:\/\/www.unioviedo.es\/fincorp\/wp-content\/uploads\/2023\/03\/Premio.jpg 747w\" sizes=\"auto, (max-width: 576px) 100vw, 576px\" \/><\/figure>\n\n\n\n<figure class=\"wp-block-image size-large is-resized\"><img loading=\"lazy\" decoding=\"async\" width=\"1024\" height=\"768\" src=\"http:\/\/www.unioviedo.es\/fincorp\/wp-content\/uploads\/2023\/03\/Congreso-4-1-1024x768.jpg\" alt=\"\" class=\"wp-image-804\" style=\"width:585px;height:440px\" srcset=\"https:\/\/www.unioviedo.es\/fincorp\/wp-content\/uploads\/2023\/03\/Congreso-4-1-1024x768.jpg 1024w, https:\/\/www.unioviedo.es\/fincorp\/wp-content\/uploads\/2023\/03\/Congreso-4-1-300x225.jpg 300w, https:\/\/www.unioviedo.es\/fincorp\/wp-content\/uploads\/2023\/03\/Congreso-4-1-768x576.jpg 768w, https:\/\/www.unioviedo.es\/fincorp\/wp-content\/uploads\/2023\/03\/Congreso-4-1-1536x1152.jpg 1536w, https:\/\/www.unioviedo.es\/fincorp\/wp-content\/uploads\/2023\/03\/Congreso-4-1.jpg 2016w\" sizes=\"auto, (max-width: 1024px) 100vw, 1024px\" \/><\/figure>\n<\/div>\n<\/div><\/div>\n","protected":false},"excerpt":{"rendered":"<p>International conferences National conferences Awards<\/p>\n","protected":false},"author":1,"featured_media":0,"parent":1120,"menu_order":2,"comment_status":"closed","ping_status":"closed","template":"","meta":{"neve_meta_sidebar":"","neve_meta_container":"","neve_meta_enable_content_width":"","neve_meta_content_width":0,"neve_meta_title_alignment":"","neve_meta_author_avatar":"","neve_post_elements_order":"","neve_meta_disable_header":"","neve_meta_disable_footer":"","neve_meta_disable_title":"","footnotes":""},"class_list":["post-1123","page","type-page","status-publish","hentry"],"_links":{"self":[{"href":"https:\/\/www.unioviedo.es\/fincorp\/index.php\/wp-json\/wp\/v2\/pages\/1123","targetHints":{"allow":["GET"]}}],"collection":[{"href":"https:\/\/www.unioviedo.es\/fincorp\/index.php\/wp-json\/wp\/v2\/pages"}],"about":[{"href":"https:\/\/www.unioviedo.es\/fincorp\/index.php\/wp-json\/wp\/v2\/types\/page"}],"author":[{"embeddable":true,"href":"https:\/\/www.unioviedo.es\/fincorp\/index.php\/wp-json\/wp\/v2\/users\/1"}],"replies":[{"embeddable":true,"href":"https:\/\/www.unioviedo.es\/fincorp\/index.php\/wp-json\/wp\/v2\/comments?post=1123"}],"version-history":[{"count":13,"href":"https:\/\/www.unioviedo.es\/fincorp\/index.php\/wp-json\/wp\/v2\/pages\/1123\/revisions"}],"predecessor-version":[{"id":2881,"href":"https:\/\/www.unioviedo.es\/fincorp\/index.php\/wp-json\/wp\/v2\/pages\/1123\/revisions\/2881"}],"up":[{"embeddable":true,"href":"https:\/\/www.unioviedo.es\/fincorp\/index.php\/wp-json\/wp\/v2\/pages\/1120"}],"wp:attachment":[{"href":"https:\/\/www.unioviedo.es\/fincorp\/index.php\/wp-json\/wp\/v2\/media?parent=1123"}],"curies":[{"name":"wp","href":"https:\/\/api.w.org\/{rel}","templated":true}]}}