{"id":1124,"date":"2023-03-13T09:55:39","date_gmt":"2023-03-13T09:55:39","guid":{"rendered":"http:\/\/www.unioviedo.es\/fincorp\/?page_id=1124"},"modified":"2024-09-23T11:40:49","modified_gmt":"2024-09-23T11:40:49","slug":"phds","status":"publish","type":"page","link":"https:\/\/www.unioviedo.es\/fincorp\/index.php\/en\/research\/phds\/","title":{"rendered":"PhDs"},"content":{"rendered":"\n<h2 class=\"wp-block-heading\">Defended PhDs<\/h2>\n\n\n\n<p>During the last ten years, the following PhDs have been defended:<\/p>\n\n\n\n<ul class=\"wp-block-list\">\n<li><strong>Johana Sierra Mor\u00e1n: <a href=\"https:\/\/www.educacion.gob.es\/teseo\/mostrarRef.do?ref=2364822\" target=\"_blank\" rel=\"noreferrer noopener\">\u00abThe board of directors and firm innovation<span style=\"color: rgb(0, 0, 0); font-size: medium; font-weight: 400; white-space-collapse: collapse;\"><\/span>\u00bb<\/a><\/strong>.<\/li>\n<\/ul>\n\n\n\n<div class=\"wp-block-group is-vertical is-layout-flex wp-container-core-group-is-layout-8cf370e7 wp-block-group-is-layout-flex\">\n<p>Directors: Laura Cabeza Garc\u00eda and Nuria Gonz\u00e1lez \u00c1lvarez, Universidad de Le\u00f3n.<\/p>\n\n\n\n<p>Reading date: January 19, 2023.<\/p>\n<\/div>\n\n\n\n<ul class=\"wp-block-list\">\n<li><strong>Jos\u00e9 Francisco Tragant: <a rel=\"noreferrer noopener\" href=\"https:\/\/burjcdigital.urjc.es\/handle\/10115\/20696\" target=\"_blank\">\u00abThe impact of innovation on the internationalization of manufacturing family firms\u00bb<\/a><\/strong>.<\/li>\n<\/ul>\n\n\n\n<div class=\"wp-block-group is-vertical is-layout-flex wp-container-core-group-is-layout-8cf370e7 wp-block-group-is-layout-flex\">\n<p>Directors: Mar\u00eda Sacrist\u00e1n Navarro y Jos\u00e9 \u00c1ngel Z\u00fa\u00f1iga, Universidad Rey Juan Carlos.<\/p>\n\n\n\n<p>Reading date: September 2, 2022.<\/p>\n<\/div>\n\n\n\n<ul class=\"wp-block-list\">\n<li><strong>Faustino Calz\u00f3n Men\u00e9ndez: <a href=\"https:\/\/burjcdigital.urjc.es\/handle\/10115\/20695?locale-attribute=en\" target=\"_blank\" rel=\"noreferrer noopener\">\u00abPr\u00e1cticas de conciliaci\u00f3n familiar: consecuencias y determinantes a nivel empresarial\u00bb<\/a><\/strong>.<\/li>\n<\/ul>\n\n\n\n<div class=\"wp-block-group is-vertical is-layout-flex wp-container-core-group-is-layout-8cf370e7 wp-block-group-is-layout-flex\">\n<p>Directors: Mar\u00eda Sacrist\u00e1n Navarro y Laura Cabeza Garc\u00eda, Universidad Rey Juan Carlos.<\/p>\n\n\n\n<p>Reading date: July 26, 2022.<\/p>\n<\/div>\n\n\n\n<ul class=\"wp-block-list\">\n<li><strong>M\u00f3nica Cervantes Sintas: <a href=\"https:\/\/www.educacion.gob.es\/teseo\/mostrarRef.do?ref=2017668\" target=\"_blank\" rel=\"noreferrer noopener\">\u00abDeterminant factors of corporate social responsibility reports\u2019 readability in spanish language: the role of GRI compliance and corporate governance\u00bb<\/a><\/strong>.<\/li>\n<\/ul>\n\n\n\n<div class=\"wp-block-group is-vertical is-layout-flex wp-container-core-group-is-layout-8cf370e7 wp-block-group-is-layout-flex\">\n<p>Director: Mar\u00eda Sacrist\u00e1n Navarro, Universidad Rey Juan Carlos.<\/p>\n\n\n\n<p>Reading date: July 16, 2021.<\/p>\n<\/div>\n\n\n\n<ul class=\"wp-block-list\">\n<li><strong>Irma Mart\u00ednez Garc\u00eda: <a rel=\"noreferrer noopener\" href=\"https:\/\/www.educacion.gob.es\/teseo\/mostrarRef.do?ref=1784451\" target=\"_blank\">\u00abDiversidad de g\u00e9nero en los consejos de administraci\u00f3n: Determinantes, caracter\u00edsticas e implicaciones\u00bb<\/a><\/strong>.<\/li>\n<\/ul>\n\n\n\n<div class=\"wp-block-group is-vertical is-layout-flex wp-container-core-group-is-layout-8cf370e7 wp-block-group-is-layout-flex\">\n<p>Director: Silvia G\u00f3mez Ans\u00f3n, Universidad de Oviedo.<\/p>\n\n\n\n<p>Reading date: June 10, 2019.<\/p>\n<\/div>\n\n\n\n<ul class=\"wp-block-list\">\n<li><strong>Carlos Rueda: <a rel=\"noreferrer noopener\" href=\"https:\/\/www.educacion.gob.es\/teseo\/mostrarRef.do?ref=1775871\" target=\"_blank\">\u00abMujeres en el consejo de administraci\u00f3n, desempe\u00f1o empresarial y determinantes\u00bb<\/a><\/strong>.<\/li>\n<\/ul>\n\n\n\n<div class=\"wp-block-group is-vertical is-layout-flex wp-container-core-group-is-layout-8cf370e7 wp-block-group-is-layout-flex\">\n<p>Directors: Esther del Br\u00edo y Laura Cabeza Garc\u00eda, Universidad de Salamanca.<\/p>\n\n\n\n<p>Reading date: May 8, 2019.<\/p>\n<\/div>\n\n\n\n<ul class=\"wp-block-list\">\n<li><strong>Mery Luz Oscanoa Victorio: <a rel=\"noreferrer noopener\" href=\"https:\/\/www.educacion.gob.es\/teseo\/mostrarRef.do?ref=1693308\" target=\"_blank\">\u00abG\u00e9nero y crecimiento econ\u00f3mico\u00bb<\/a><\/strong>.<\/li>\n<\/ul>\n\n\n\n<div class=\"wp-block-group is-vertical is-layout-flex wp-container-core-group-is-layout-8cf370e7 wp-block-group-is-layout-flex\">\n<p>Directors: Esther del Br\u00edo y Laura Cabeza Garc\u00eda, Universidad de Salamanca.<\/p>\n\n\n\n<p>Reading date: June 28, 2018.<\/p>\n<\/div>\n\n\n\n<ul class=\"wp-block-list\">\n<li><strong>Sonia Medina Salgado: <a rel=\"noreferrer noopener\" href=\"https:\/\/www.educacion.gob.es\/teseo\/mostrarRef.do?ref=1211256\" target=\"_blank\">\u00abLa influencia del gobierno corporativo y la estructura de propiedad en los acuerdos de cooperaci\u00f3n de las empresas cotizadas en el periodo 2004-2011\u00bb<\/a><\/strong>.<\/li>\n<\/ul>\n\n\n\n<div class=\"wp-block-group is-vertical is-layout-flex wp-container-core-group-is-layout-8cf370e7 wp-block-group-is-layout-flex\">\n<p>Directors: Mar\u00eda Sacrist\u00e1n Navarro y Luis \u00c1ngel Guerras Mart\u00edn, Universidad Rey Juan Carlos.<\/p>\n\n\n\n<p>Reading date: January 27, 2016.<\/p>\n<\/div>\n\n\n\n<div style=\"height:35px\" aria-hidden=\"true\" class=\"wp-block-spacer\"><\/div>\n\n\n\n<h2 class=\"wp-block-heading\">Registered PhDs<\/h2>\n\n\n\n<ul class=\"wp-block-list\">\n<li><strong>Mar\u00eda Paulina Brito Ochoa: \u00abLa resiliencia como capacidad din\u00e1mica en las empresas familiares ecuatorianas<span style=\"color: rgb(0, 0, 0); font-size: medium; font-weight: 400; white-space-collapse: collapse;\"><\/span>\u00bb<\/strong>.<\/li>\n<\/ul>\n\n\n\n<div class=\"wp-block-group is-vertical is-layout-flex wp-container-core-group-is-layout-8cf370e7 wp-block-group-is-layout-flex\">\n<p>Directors: Mar\u00eda Sacrist\u00e1n Navarro y Eva Mar\u00eda Pelechano, Universidad Rey Juan Carlos.<\/p>\n\n\n\n<p>Start date: 2019-2020.<\/p>\n<\/div>\n\n\n\n<ul class=\"wp-block-list\">\n<li><strong>M. Vaca: \u00abEl g\u00e9nero como determinante del Gobierno Corporativo: An\u00e1lisis al caso Ecuatoriano\u00bb<\/strong>.<\/li>\n<\/ul>\n\n\n\n<div class=\"wp-block-group is-vertical is-layout-flex wp-container-core-group-is-layout-8cf370e7 wp-block-group-is-layout-flex\">\n<p>Directors: Mar\u00eda Sacrist\u00e1n Navarro y Silvia G\u00f3mez Ans\u00f3n, Universidad Rey Juan Carlos.<\/p>\n\n\n\n<p>Start date: 2019-2020.<\/p>\n<\/div>\n","protected":false},"excerpt":{"rendered":"<p>Defended PhDs During the last ten years, the following PhDs have been defended: Directors: Laura Cabeza Garc\u00eda and Nuria Gonz\u00e1lez \u00c1lvarez, Universidad de Le\u00f3n. Reading date: January 19, 2023. Directors: Mar\u00eda Sacrist\u00e1n Navarro y Jos\u00e9 \u00c1ngel Z\u00fa\u00f1iga, Universidad Rey Juan Carlos. Reading date: September 2, 2022. Directors: Mar\u00eda Sacrist\u00e1n Navarro y Laura Cabeza Garc\u00eda, Universidad&hellip;&nbsp;<a href=\"https:\/\/www.unioviedo.es\/fincorp\/index.php\/en\/research\/phds\/\" rel=\"bookmark\">Leer m\u00e1s &raquo;<span class=\"screen-reader-text\">PhDs<\/span><\/a><\/p>\n","protected":false},"author":1,"featured_media":0,"parent":1120,"menu_order":2,"comment_status":"closed","ping_status":"closed","template":"","meta":{"neve_meta_sidebar":"","neve_meta_container":"default","neve_meta_enable_content_width":"","neve_meta_content_width":0,"neve_meta_title_alignment":"","neve_meta_author_avatar":"","neve_post_elements_order":"","neve_meta_disable_header":"","neve_meta_disable_footer":"","neve_meta_disable_title":"","footnotes":""},"class_list":["post-1124","page","type-page","status-publish","hentry"],"_links":{"self":[{"href":"https:\/\/www.unioviedo.es\/fincorp\/index.php\/wp-json\/wp\/v2\/pages\/1124","targetHints":{"allow":["GET"]}}],"collection":[{"href":"https:\/\/www.unioviedo.es\/fincorp\/index.php\/wp-json\/wp\/v2\/pages"}],"about":[{"href":"https:\/\/www.unioviedo.es\/fincorp\/index.php\/wp-json\/wp\/v2\/types\/page"}],"author":[{"embeddable":true,"href":"https:\/\/www.unioviedo.es\/fincorp\/index.php\/wp-json\/wp\/v2\/users\/1"}],"replies":[{"embeddable":true,"href":"https:\/\/www.unioviedo.es\/fincorp\/index.php\/wp-json\/wp\/v2\/comments?post=1124"}],"version-history":[{"count":9,"href":"https:\/\/www.unioviedo.es\/fincorp\/index.php\/wp-json\/wp\/v2\/pages\/1124\/revisions"}],"predecessor-version":[{"id":2870,"href":"https:\/\/www.unioviedo.es\/fincorp\/index.php\/wp-json\/wp\/v2\/pages\/1124\/revisions\/2870"}],"up":[{"embeddable":true,"href":"https:\/\/www.unioviedo.es\/fincorp\/index.php\/wp-json\/wp\/v2\/pages\/1120"}],"wp:attachment":[{"href":"https:\/\/www.unioviedo.es\/fincorp\/index.php\/wp-json\/wp\/v2\/media?parent=1124"}],"curies":[{"name":"wp","href":"https:\/\/api.w.org\/{rel}","templated":true}]}}

<h2 class="wp-block-heading">Defended PhDs</h2>



<p>During the last ten years, the following PhDs have been defended:</p>



<ul class="wp-block-list">
<li><strong>Johana Sierra Morán: <a href="https://www.educacion.gob.es/teseo/mostrarRef.do?ref=2364822" target="_blank" rel="noreferrer noopener">«The board of directors and firm innovation<span style="color: rgb(0, 0, 0); font-size: medium; font-weight: 400; white-space-collapse: collapse;"></span>»</a></strong>.</li>
</ul>



<div class="wp-block-group is-vertical is-layout-flex wp-container-core-group-is-layout-8cf370e7 wp-block-group-is-layout-flex">
<p>Directors: Laura Cabeza García and Nuria González Álvarez, Universidad de León.</p>



<p>Reading date: January 19, 2023.</p>
</div>



<ul class="wp-block-list">
<li><strong>José Francisco Tragant: <a rel="noreferrer noopener" href="https://burjcdigital.urjc.es/handle/10115/20696" target="_blank">«The impact of innovation on the internationalization of manufacturing family firms»</a></strong>.</li>
</ul>



<div class="wp-block-group is-vertical is-layout-flex wp-container-core-group-is-layout-8cf370e7 wp-block-group-is-layout-flex">
<p>Directors: María Sacristán Navarro y José Ángel Zúñiga, Universidad Rey Juan Carlos.</p>



<p>Reading date: September 2, 2022.</p>
</div>



<ul class="wp-block-list">
<li><strong>Faustino Calzón Menéndez: <a href="https://burjcdigital.urjc.es/handle/10115/20695?locale-attribute=en" target="_blank" rel="noreferrer noopener">«Prácticas de conciliación familiar: consecuencias y determinantes a nivel empresarial»</a></strong>.</li>
</ul>



<div class="wp-block-group is-vertical is-layout-flex wp-container-core-group-is-layout-8cf370e7 wp-block-group-is-layout-flex">
<p>Directors: María Sacristán Navarro y Laura Cabeza García, Universidad Rey Juan Carlos.</p>



<p>Reading date: July 26, 2022.</p>
</div>



<ul class="wp-block-list">
<li><strong>Mónica Cervantes Sintas: <a href="https://www.educacion.gob.es/teseo/mostrarRef.do?ref=2017668" target="_blank" rel="noreferrer noopener">«Determinant factors of corporate social responsibility reports’ readability in spanish language: the role of GRI compliance and corporate governance»</a></strong>.</li>
</ul>



<div class="wp-block-group is-vertical is-layout-flex wp-container-core-group-is-layout-8cf370e7 wp-block-group-is-layout-flex">
<p>Director: María Sacristán Navarro, Universidad Rey Juan Carlos.</p>



<p>Reading date: July 16, 2021.</p>
</div>



<ul class="wp-block-list">
<li><strong>Irma Martínez García: <a rel="noreferrer noopener" href="https://www.educacion.gob.es/teseo/mostrarRef.do?ref=1784451" target="_blank">«Diversidad de género en los consejos de administración: Determinantes, características e implicaciones»</a></strong>.</li>
</ul>



<div class="wp-block-group is-vertical is-layout-flex wp-container-core-group-is-layout-8cf370e7 wp-block-group-is-layout-flex">
<p>Director: Silvia Gómez Ansón, Universidad de Oviedo.</p>



<p>Reading date: June 10, 2019.</p>
</div>



<ul class="wp-block-list">
<li><strong>Carlos Rueda: <a rel="noreferrer noopener" href="https://www.educacion.gob.es/teseo/mostrarRef.do?ref=1775871" target="_blank">«Mujeres en el consejo de administración, desempeño empresarial y determinantes»</a></strong>.</li>
</ul>



<div class="wp-block-group is-vertical is-layout-flex wp-container-core-group-is-layout-8cf370e7 wp-block-group-is-layout-flex">
<p>Directors: Esther del Brío y Laura Cabeza García, Universidad de Salamanca.</p>



<p>Reading date: May 8, 2019.</p>
</div>



<ul class="wp-block-list">
<li><strong>Mery Luz Oscanoa Victorio: <a rel="noreferrer noopener" href="https://www.educacion.gob.es/teseo/mostrarRef.do?ref=1693308" target="_blank">«Género y crecimiento económico»</a></strong>.</li>
</ul>



<div class="wp-block-group is-vertical is-layout-flex wp-container-core-group-is-layout-8cf370e7 wp-block-group-is-layout-flex">
<p>Directors: Esther del Brío y Laura Cabeza García, Universidad de Salamanca.</p>



<p>Reading date: June 28, 2018.</p>
</div>



<ul class="wp-block-list">
<li><strong>Sonia Medina Salgado: <a rel="noreferrer noopener" href="https://www.educacion.gob.es/teseo/mostrarRef.do?ref=1211256" target="_blank">«La influencia del gobierno corporativo y la estructura de propiedad en los acuerdos de cooperación de las empresas cotizadas en el periodo 2004-2011»</a></strong>.</li>
</ul>



<div class="wp-block-group is-vertical is-layout-flex wp-container-core-group-is-layout-8cf370e7 wp-block-group-is-layout-flex">
<p>Directors: María Sacristán Navarro y Luis Ángel Guerras Martín, Universidad Rey Juan Carlos.</p>



<p>Reading date: January 27, 2016.</p>
</div>



<div style="height:35px" aria-hidden="true" class="wp-block-spacer"></div>



<h2 class="wp-block-heading">Registered PhDs</h2>



<ul class="wp-block-list">
<li><strong>María Paulina Brito Ochoa: «La resiliencia como capacidad dinámica en las empresas familiares ecuatorianas<span style="color: rgb(0, 0, 0); font-size: medium; font-weight: 400; white-space-collapse: collapse;"></span>»</strong>.</li>
</ul>



<div class="wp-block-group is-vertical is-layout-flex wp-container-core-group-is-layout-8cf370e7 wp-block-group-is-layout-flex">
<p>Directors: María Sacristán Navarro y Eva María Pelechano, Universidad Rey Juan Carlos.</p>



<p>Start date: 2019-2020.</p>
</div>



<ul class="wp-block-list">
<li><strong>M. Vaca: «El género como determinante del Gobierno Corporativo: Análisis al caso Ecuatoriano»</strong>.</li>
</ul>



<div class="wp-block-group is-vertical is-layout-flex wp-container-core-group-is-layout-8cf370e7 wp-block-group-is-layout-flex">
<p>Directors: María Sacristán Navarro y Silvia Gómez Ansón, Universidad Rey Juan Carlos.</p>



<p>Start date: 2019-2020.</p>
</div>

<p>Defended PhDs During the last ten years, the following PhDs have been defended: Directors: Laura Cabeza García and Nuria González Álvarez, Universidad de León. Reading date: January 19, 2023. Directors: María Sacristán Navarro y José Ángel Zúñiga, Universidad Rey Juan Carlos. Reading date: September 2, 2022. Directors: María Sacristán Navarro y Laura Cabeza García, Universidad&hellip;&nbsp;<a href="https://www.unioviedo.es/fincorp/index.php/en/research/phds/" rel="bookmark">Leer más &raquo;<span class="screen-reader-text">PhDs</span></a></p>
