{"id":2047,"date":"2023-09-25T08:12:42","date_gmt":"2023-09-25T08:12:42","guid":{"rendered":"https:\/\/www.unioviedo.es\/fincorp\/?page_id=2047"},"modified":"2024-02-23T10:29:28","modified_gmt":"2024-02-23T10:29:28","slug":"fineduca360-research-and-knowledge-transfer","status":"publish","type":"page","link":"https:\/\/www.unioviedo.es\/fincorp\/index.php\/en\/fineduca360-en\/fineduca360-research-and-knowledge-transfer\/","title":{"rendered":"FinEduca360: Research and knowledge transfer"},"content":{"rendered":"\n<h2 class=\"wp-block-heading\">Projects and contracts<\/h2>\n\n\n\n<ul class=\"wp-block-list\">\n<li><strong>Financial Health and Economic Violence: regulations and state of the art<\/strong>.<\/li>\n<\/ul>\n\n\n\n<div class=\"wp-block-group is-vertical is-layout-flex wp-container-core-group-is-layout-8cf370e7 wp-block-group-is-layout-flex\">\n<p>Entity: Fundaci\u00f3n Nantik Lum [FUO-24-004].<\/p>\n\n\n\n<p>Duration: enero-septiembre 2024 (9 meses).<\/p>\n\n\n\n<p>Principal researcher: Silvia G\u00f3mez Ans\u00f3n.<\/p>\n\n\n\n<p>Researchers: Silvia G\u00f3mez Ans\u00f3n, Javier Gonz\u00e1lez-Vega, Mar\u00eda Sacrist\u00e1n Navarro, Irma Mart\u00ednez Garc\u00eda and M\u00aa Paz Fern\u00e1ndez-Rivera Gonz\u00e1lez.<\/p>\n<\/div>\n\n\n\n<ul class=\"wp-block-list\">\n<li><strong>Financial Education: plans and policies in the OECD<\/strong>.<\/li>\n<\/ul>\n\n\n\n<div class=\"wp-block-group is-vertical is-layout-flex wp-container-core-group-is-layout-8cf370e7 wp-block-group-is-layout-flex\">\n<p>Entity: Funcas [FUO23-339].<\/p>\n\n\n\n<p>Duration: November 2023-January 2025 (1 year 2 months).<\/p>\n\n\n\n<p>Principal researcher: Silvia G\u00f3mez Ans\u00f3n.<\/p>\n\n\n\n<p>Researchers: Silvia G\u00f3mez Ans\u00f3n e Irma Mart\u00ednez Garc\u00eda.<\/p>\n<\/div>\n\n\n\n<ul class=\"wp-block-list\">\n<li><strong>Financial education: progress and challenges<\/strong>.<\/li>\n<\/ul>\n\n\n\n<div class=\"wp-block-group is-vertical is-layout-flex wp-container-core-group-is-layout-8cf370e7 wp-block-group-is-layout-flex\">\n<p>Entity: Bolsas y Mercados Espa\u00f1oles, Sociedad Holding de Mercados y Sistemas Financieros, S.A..<\/p>\n\n\n\n<p>Duration: September 2023 \u2013 January 2024 (4 months).<\/p>\n\n\n\n<p>Researchers: Irma Mart\u00ednez Garc\u00eda and Silvia G\u00f3mez Ans\u00f3n.<\/p>\n<\/div>\n\n\n\n<ul class=\"wp-block-list\">\n<li><strong>Educaci\u00f3n financiera en la educaci\u00f3n secundaria obligatoria: impacto de la normativa, los programas de educaci\u00f3n financiera y desigualdades territoriales<\/strong>.<\/li>\n<\/ul>\n\n\n\n<div class=\"wp-block-group is-vertical is-layout-flex wp-container-core-group-is-layout-8cf370e7 wp-block-group-is-layout-flex\">\n<p>Entity: III Convocatoria de Ayudas a la Investigaci\u00f3n en Educaci\u00f3n Financiera, FUNCAS, [FUO-FUO-071-22].<\/p>\n\n\n\n<p>Duration: December 2021-November 2022 (1 year).<\/p>\n\n\n\n<p>Principal researcher: Silvia G\u00f3mez Ans\u00f3n.<\/p>\n\n\n\n<p>Researchers: Silvia G\u00f3mez Ans\u00f3n e Irma Mart\u00ednez Garc\u00eda.<\/p>\n<\/div>\n\n\n\n<div style=\"height:35px\" aria-hidden=\"true\" class=\"wp-block-spacer\"><\/div>\n\n\n\n<h2 class=\"wp-block-heading\">Conferences<\/h2>\n\n\n\n<ul class=\"wp-block-list\">\n<li><strong>Mart\u00ednez-Garc\u00eda, I., L\u00f3pez-Rodr\u00edguez F. &amp; G\u00f3mez-Ans\u00f3n S.: \u00abEducation norms as policies to promote financial literacy: are they effective?\u00bb<\/strong>, Academic Conference on Financial Literacy Research (organized by the European Commission, the FSMA and the KU Leaven), February 21, 2024.<\/li>\n\n\n\n<li><strong>Mart\u00ednez-Garc\u00eda, I., L\u00f3pez-Rodr\u00edguez F. &amp; G\u00f3mez-Ans\u00f3n S.: \u00abEducation norms as policies to promote financial literacy: are they effective?\u00bb<\/strong>, 12<sup>th<\/sup> International Conference of the Iberoamerican Academy of Management, December, 2023.<\/li>\n\n\n\n<li><strong>Mart\u00ednez-Garc\u00eda, I., L\u00f3pez-Rodr\u00edguez F. &amp; G\u00f3mez-Ans\u00f3n S.: \u00abEducation norms as policies to promote financial literacy: are they effective?\u00bb<\/strong>, AEFIN&#8217;s 30<sup>th<\/sup> Finance Forum, M\u00e1laga, July 7, 2023.<\/li>\n<\/ul>\n\n\n\n<div style=\"height:35px\" aria-hidden=\"true\" class=\"wp-block-spacer\"><\/div>\n\n\n\n<h2 class=\"wp-block-heading\">Publications<\/h2>\n\n\n\n<ul class=\"wp-block-list\">\n<li>Mart\u00ednez-Garc\u00eda, I., &amp; G\u00f3mez-Ans\u00f3n, S. (2023). <em>Educaci\u00f3n financiera: avances y desaf\u00edos de la investigaci\u00f3n<\/em>. Bolsas y Mercados Espa\u00f1oles. <a rel=\"noreferrer noopener\" href=\"https:\/\/www.bolsasymercados.es\/docs\/BME\/docsSubidos\/Estudios-Articulos\/BME-Educacion-Financiera-avances-desafios-investigacion.pdf\" target=\"_blank\">https:\/\/www.bolsasymercados.es\/docs\/BME\/docsSubidos\/Estudios-Articulos\/BME-Educacion-Financiera-avances-desafios-investigacion.pdf<\/a><\/li>\n\n\n\n<li>Mart\u00ednez-Garc\u00eda, I., L\u00f3pez-Rodr\u00edguez, F., &amp; G\u00f3mez-Ans\u00f3n, S. (2023). <em>Educaci\u00f3n financiera en la Educaci\u00f3n Secundaria Obligatoria: impacto de la normativa, los programas de educaci\u00f3n financiera y desigualdades territoriales<\/em>. Funcas. <a rel=\"noreferrer noopener\" href=\"https:\/\/www.funcas.es\/libro\/educacion-financiera-en-la-educacion-secundaria-obligatoria-impacto-de-la-normativa-los-programas-de-educacion-financiera-y-desigualdades-territoriales\/\" target=\"_blank\">https:\/\/www.funcas.es\/libro\/educacion-financiera-en-la-educacion-secundaria-obligatoria-impacto-de-la-normativa-los-programas-de-educacion-financiera-y-desigualdades-territoriales\/<\/a><\/li>\n\n\n\n<li>Llamedo-Pandiella, G. &amp; Mart\u00ednez-Garc\u00eda, I. (2022). \u00bfCiencia o apariencia? Educaci\u00f3n financiera y Educaci\u00f3n socioling\u00fc\u00edstica para familias.&nbsp;En<em> <\/em>REDINE,<em> <\/em>(Ed.), <em>Conference Proceedings EDUNOVATIC 2022&nbsp;<\/em>(pp. 357-362). Adaya Press. ISBN: 978-84-124511-7-7. doi: 10.58909\/ad22447986.<\/li>\n\n\n\n<li>Mart\u00ednez-Garc\u00eda, I. &amp; Llamedo-Pandiella, G. (2022). Aprendizaje para la vida desde la Roman\u00edstica y la Econom\u00eda Financiera. En&nbsp;REDINE (Ed.), <em>Conference Proceedings EDUNOVATIC 2022<\/em>&nbsp;(pp. 374-375). Adaya Press. ISBN: 978-84-124511-7-7. doi: 10.58909\/ad22447986.<\/li>\n<\/ul>\n","protected":false},"excerpt":{"rendered":"<p>Projects and contracts Entity: Fundaci\u00f3n Nantik Lum [FUO-24-004]. Duration: enero-septiembre 2024 (9 meses). Principal researcher: Silvia G\u00f3mez Ans\u00f3n. Researchers: Silvia G\u00f3mez Ans\u00f3n, Javier Gonz\u00e1lez-Vega, Mar\u00eda Sacrist\u00e1n Navarro, Irma Mart\u00ednez Garc\u00eda and M\u00aa Paz Fern\u00e1ndez-Rivera Gonz\u00e1lez. Entity: Funcas [FUO23-339]. Duration: November 2023-January 2025 (1 year 2 months). Principal researcher: Silvia G\u00f3mez Ans\u00f3n. Researchers: Silvia G\u00f3mez Ans\u00f3n&hellip;&nbsp;<a href=\"https:\/\/www.unioviedo.es\/fincorp\/index.php\/en\/fineduca360-en\/fineduca360-research-and-knowledge-transfer\/\" rel=\"bookmark\">Leer m\u00e1s &raquo;<span class=\"screen-reader-text\">FinEduca360: Research and knowledge transfer<\/span><\/a><\/p>\n","protected":false},"author":1,"featured_media":0,"parent":2028,"menu_order":2,"comment_status":"closed","ping_status":"closed","template":"","meta":{"neve_meta_sidebar":"","neve_meta_container":"default","neve_meta_enable_content_width":"","neve_meta_content_width":0,"neve_meta_title_alignment":"","neve_meta_author_avatar":"","neve_post_elements_order":"","neve_meta_disable_header":"","neve_meta_disable_footer":"","neve_meta_disable_title":"","footnotes":""},"class_list":["post-2047","page","type-page","status-publish","hentry"],"_links":{"self":[{"href":"https:\/\/www.unioviedo.es\/fincorp\/index.php\/wp-json\/wp\/v2\/pages\/2047","targetHints":{"allow":["GET"]}}],"collection":[{"href":"https:\/\/www.unioviedo.es\/fincorp\/index.php\/wp-json\/wp\/v2\/pages"}],"about":[{"href":"https:\/\/www.unioviedo.es\/fincorp\/index.php\/wp-json\/wp\/v2\/types\/page"}],"author":[{"embeddable":true,"href":"https:\/\/www.unioviedo.es\/fincorp\/index.php\/wp-json\/wp\/v2\/users\/1"}],"replies":[{"embeddable":true,"href":"https:\/\/www.unioviedo.es\/fincorp\/index.php\/wp-json\/wp\/v2\/comments?post=2047"}],"version-history":[{"count":13,"href":"https:\/\/www.unioviedo.es\/fincorp\/index.php\/wp-json\/wp\/v2\/pages\/2047\/revisions"}],"predecessor-version":[{"id":2592,"href":"https:\/\/www.unioviedo.es\/fincorp\/index.php\/wp-json\/wp\/v2\/pages\/2047\/revisions\/2592"}],"up":[{"embeddable":true,"href":"https:\/\/www.unioviedo.es\/fincorp\/index.php\/wp-json\/wp\/v2\/pages\/2028"}],"wp:attachment":[{"href":"https:\/\/www.unioviedo.es\/fincorp\/index.php\/wp-json\/wp\/v2\/media?parent=2047"}],"curies":[{"name":"wp","href":"https:\/\/api.w.org\/{rel}","templated":true}]}}

<h2 class="wp-block-heading">Projects and contracts</h2>



<ul class="wp-block-list">
<li><strong>Financial Health and Economic Violence: regulations and state of the art</strong>.</li>
</ul>



<div class="wp-block-group is-vertical is-layout-flex wp-container-core-group-is-layout-8cf370e7 wp-block-group-is-layout-flex">
<p>Entity: Fundación Nantik Lum [FUO-24-004].</p>



<p>Duration: enero-septiembre 2024 (9 meses).</p>



<p>Principal researcher: Silvia Gómez Ansón.</p>



<p>Researchers: Silvia Gómez Ansón, Javier González-Vega, María Sacristán Navarro, Irma Martínez García and Mª Paz Fernández-Rivera González.</p>
</div>



<ul class="wp-block-list">
<li><strong>Financial Education: plans and policies in the OECD</strong>.</li>
</ul>



<div class="wp-block-group is-vertical is-layout-flex wp-container-core-group-is-layout-8cf370e7 wp-block-group-is-layout-flex">
<p>Entity: Funcas [FUO23-339].</p>



<p>Duration: November 2023-January 2025 (1 year 2 months).</p>



<p>Principal researcher: Silvia Gómez Ansón.</p>



<p>Researchers: Silvia Gómez Ansón e Irma Martínez García.</p>
</div>



<ul class="wp-block-list">
<li><strong>Financial education: progress and challenges</strong>.</li>
</ul>



<div class="wp-block-group is-vertical is-layout-flex wp-container-core-group-is-layout-8cf370e7 wp-block-group-is-layout-flex">
<p>Entity: Bolsas y Mercados Españoles, Sociedad Holding de Mercados y Sistemas Financieros, S.A..</p>



<p>Duration: September 2023 – January 2024 (4 months).</p>



<p>Researchers: Irma Martínez García and Silvia Gómez Ansón.</p>
</div>



<ul class="wp-block-list">
<li><strong>Educación financiera en la educación secundaria obligatoria: impacto de la normativa, los programas de educación financiera y desigualdades territoriales</strong>.</li>
</ul>



<div class="wp-block-group is-vertical is-layout-flex wp-container-core-group-is-layout-8cf370e7 wp-block-group-is-layout-flex">
<p>Entity: III Convocatoria de Ayudas a la Investigación en Educación Financiera, FUNCAS, [FUO-FUO-071-22].</p>



<p>Duration: December 2021-November 2022 (1 year).</p>



<p>Principal researcher: Silvia Gómez Ansón.</p>



<p>Researchers: Silvia Gómez Ansón e Irma Martínez García.</p>
</div>



<div style="height:35px" aria-hidden="true" class="wp-block-spacer"></div>



<h2 class="wp-block-heading">Conferences</h2>



<ul class="wp-block-list">
<li><strong>Martínez-García, I., López-Rodríguez F. &amp; Gómez-Ansón S.: «Education norms as policies to promote financial literacy: are they effective?»</strong>, Academic Conference on Financial Literacy Research (organized by the European Commission, the FSMA and the KU Leaven), February 21, 2024.</li>



<li><strong>Martínez-García, I., López-Rodríguez F. &amp; Gómez-Ansón S.: «Education norms as policies to promote financial literacy: are they effective?»</strong>, 12<sup>th</sup> International Conference of the Iberoamerican Academy of Management, December, 2023.</li>



<li><strong>Martínez-García, I., López-Rodríguez F. &amp; Gómez-Ansón S.: «Education norms as policies to promote financial literacy: are they effective?»</strong>, AEFIN&#8217;s 30<sup>th</sup> Finance Forum, Málaga, July 7, 2023.</li>
</ul>



<div style="height:35px" aria-hidden="true" class="wp-block-spacer"></div>



<h2 class="wp-block-heading">Publications</h2>



<ul class="wp-block-list">
<li>Martínez-García, I., &amp; Gómez-Ansón, S. (2023). <em>Educación financiera: avances y desafíos de la investigación</em>. Bolsas y Mercados Españoles. <a rel="noreferrer noopener" href="https://www.bolsasymercados.es/docs/BME/docsSubidos/Estudios-Articulos/BME-Educacion-Financiera-avances-desafios-investigacion.pdf" target="_blank">https://www.bolsasymercados.es/docs/BME/docsSubidos/Estudios-Articulos/BME-Educacion-Financiera-avances-desafios-investigacion.pdf</a></li>



<li>Martínez-García, I., López-Rodríguez, F., &amp; Gómez-Ansón, S. (2023). <em>Educación financiera en la Educación Secundaria Obligatoria: impacto de la normativa, los programas de educación financiera y desigualdades territoriales</em>. Funcas. <a rel="noreferrer noopener" href="https://www.funcas.es/libro/educacion-financiera-en-la-educacion-secundaria-obligatoria-impacto-de-la-normativa-los-programas-de-educacion-financiera-y-desigualdades-territoriales/" target="_blank">https://www.funcas.es/libro/educacion-financiera-en-la-educacion-secundaria-obligatoria-impacto-de-la-normativa-los-programas-de-educacion-financiera-y-desigualdades-territoriales/</a></li>



<li>Llamedo-Pandiella, G. &amp; Martínez-García, I. (2022). ¿Ciencia o apariencia? Educación financiera y Educación sociolingüística para familias.&nbsp;En<em> </em>REDINE,<em> </em>(Ed.), <em>Conference Proceedings EDUNOVATIC 2022&nbsp;</em>(pp. 357-362). Adaya Press. ISBN: 978-84-124511-7-7. doi: 10.58909/ad22447986.</li>



<li>Martínez-García, I. &amp; Llamedo-Pandiella, G. (2022). Aprendizaje para la vida desde la Romanística y la Economía Financiera. En&nbsp;REDINE (Ed.), <em>Conference Proceedings EDUNOVATIC 2022</em>&nbsp;(pp. 374-375). Adaya Press. ISBN: 978-84-124511-7-7. doi: 10.58909/ad22447986.</li>
</ul>

<p>Projects and contracts Entity: Fundación Nantik Lum [FUO-24-004]. Duration: enero-septiembre 2024 (9 meses). Principal researcher: Silvia Gómez Ansón. Researchers: Silvia Gómez Ansón, Javier González-Vega, María Sacristán Navarro, Irma Martínez García and Mª Paz Fernández-Rivera González. Entity: Funcas [FUO23-339]. Duration: November 2023-January 2025 (1 year 2 months). Principal researcher: Silvia Gómez Ansón. Researchers: Silvia Gómez Ansón&hellip;&nbsp;<a href="https://www.unioviedo.es/fincorp/index.php/en/fineduca360-en/fineduca360-research-and-knowledge-transfer/" rel="bookmark">Leer más &raquo;<span class="screen-reader-text">FinEduca360: Research and knowledge transfer</span></a></p>
