{"id":223,"date":"2023-02-16T09:11:09","date_gmt":"2023-02-16T09:11:09","guid":{"rendered":"https:\/\/www.unioviedo.es\/fincorp\/?page_id=223"},"modified":"2024-01-15T08:53:24","modified_gmt":"2024-01-15T08:53:24","slug":"colaboraciones","status":"publish","type":"page","link":"https:\/\/www.unioviedo.es\/fincorp\/index.php\/transferencia\/colaboraciones\/","title":{"rendered":"Colaboraciones"},"content":{"rendered":"\n<div class=\"wp-block-media-text alignwide is-stacked-on-mobile is-vertically-aligned-center\" style=\"grid-template-columns:23% auto\"><figure class=\"wp-block-media-text__media\"><a href=\"https:\/\/ucc.uniovi.es\/\" target=\"_blank\" rel=\"noreferrer noopener\"><img loading=\"lazy\" decoding=\"async\" width=\"1024\" height=\"509\" src=\"http:\/\/www.unioviedo.es\/fincorp\/wp-content\/uploads\/2023\/10\/Captura-de-pantalla-2023-10-04-a-las-10.05.34-1024x509.png\" alt=\"\" class=\"wp-image-2159 size-full\" srcset=\"https:\/\/www.unioviedo.es\/fincorp\/wp-content\/uploads\/2023\/10\/Captura-de-pantalla-2023-10-04-a-las-10.05.34-1024x509.png 1024w, https:\/\/www.unioviedo.es\/fincorp\/wp-content\/uploads\/2023\/10\/Captura-de-pantalla-2023-10-04-a-las-10.05.34-300x149.png 300w, https:\/\/www.unioviedo.es\/fincorp\/wp-content\/uploads\/2023\/10\/Captura-de-pantalla-2023-10-04-a-las-10.05.34-768x381.png 768w, https:\/\/www.unioviedo.es\/fincorp\/wp-content\/uploads\/2023\/10\/Captura-de-pantalla-2023-10-04-a-las-10.05.34-1536x763.png 1536w, https:\/\/www.unioviedo.es\/fincorp\/wp-content\/uploads\/2023\/10\/Captura-de-pantalla-2023-10-04-a-las-10.05.34-2048x1017.png 2048w\" sizes=\"auto, (max-width: 1024px) 100vw, 1024px\" \/><\/a><\/figure><div class=\"wp-block-media-text__content\">\n<ul class=\"wp-block-list\">\n<li><a href=\"https:\/\/www.bolsasymercados.es\/esp\/Home\" target=\"_blank\" rel=\"noreferrer noopener\">Bolsas y Mercados Espa\u00f1oles<\/a><\/li>\n<\/ul>\n<\/div><\/div>\n\n\n\n<div style=\"height:35px\" aria-hidden=\"true\" class=\"wp-block-spacer\"><\/div>\n\n\n\n<div class=\"wp-block-media-text alignwide is-stacked-on-mobile is-vertically-aligned-center\" style=\"grid-template-columns:23% auto\"><figure class=\"wp-block-media-text__media\"><a href=\"https:\/\/caagenda2030.uniovi.es\/\" target=\"_blank\" rel=\"noreferrer noopener\"><img loading=\"lazy\" decoding=\"async\" width=\"686\" height=\"324\" src=\"https:\/\/www.unioviedo.es\/fincorp\/wp-content\/uploads\/2023\/02\/Catedra-Concepcion-Arenal-de-Agenda-2030.png\" alt=\"\" class=\"wp-image-373 size-full\" srcset=\"https:\/\/www.unioviedo.es\/fincorp\/wp-content\/uploads\/2023\/02\/Catedra-Concepcion-Arenal-de-Agenda-2030.png 686w, https:\/\/www.unioviedo.es\/fincorp\/wp-content\/uploads\/2023\/02\/Catedra-Concepcion-Arenal-de-Agenda-2030-300x142.png 300w\" sizes=\"auto, (max-width: 686px) 100vw, 686px\" \/><\/a><\/figure><div class=\"wp-block-media-text__content\">\n<ul class=\"wp-block-list\">\n<li><a href=\"https:\/\/caagenda2030.uniovi.es\/\" target=\"_blank\" rel=\"noreferrer noopener\">C\u00e1tedra Concepci\u00f3n Arenal de Agenda 2030<\/a><\/li>\n<\/ul>\n<\/div><\/div>\n\n\n\n<div style=\"height:35px\" aria-hidden=\"true\" class=\"wp-block-spacer\"><\/div>\n\n\n\n<div class=\"wp-block-media-text alignwide is-stacked-on-mobile is-vertically-aligned-center\" style=\"grid-template-columns:23% auto\"><figure class=\"wp-block-media-text__media\"><a href=\"https:\/\/www.asturias.es\" target=\"_blank\" rel=\"noreferrer noopener\"><img loading=\"lazy\" decoding=\"async\" width=\"1024\" height=\"407\" src=\"http:\/\/www.unioviedo.es\/fincorp\/wp-content\/uploads\/2023\/05\/Castellano-horizontal-full-color-1024x407.png\" alt=\"\" class=\"wp-image-1762 size-full\" srcset=\"https:\/\/www.unioviedo.es\/fincorp\/wp-content\/uploads\/2023\/05\/Castellano-horizontal-full-color-1024x407.png 1024w, https:\/\/www.unioviedo.es\/fincorp\/wp-content\/uploads\/2023\/05\/Castellano-horizontal-full-color-300x119.png 300w, https:\/\/www.unioviedo.es\/fincorp\/wp-content\/uploads\/2023\/05\/Castellano-horizontal-full-color-768x305.png 768w, https:\/\/www.unioviedo.es\/fincorp\/wp-content\/uploads\/2023\/05\/Castellano-horizontal-full-color-1536x611.png 1536w, https:\/\/www.unioviedo.es\/fincorp\/wp-content\/uploads\/2023\/05\/Castellano-horizontal-full-color.png 1924w\" sizes=\"auto, (max-width: 1024px) 100vw, 1024px\" \/><\/a><\/figure><div class=\"wp-block-media-text__content\">\n<ul class=\"wp-block-list\">\n<li><a href=\"https:\/\/www.asturias.es\" target=\"_blank\" rel=\"noreferrer noopener\">Direcci\u00f3n General de Gobernanza P\u00fablica, Transparencia, Participaci\u00f3n Ciudadana y Agenda 2030, Consejer\u00eda de Presidencia, Gobierno del Principado de Asturias<\/a><\/li>\n<\/ul>\n<\/div><\/div>\n\n\n\n<div style=\"height:35px\" aria-hidden=\"true\" class=\"wp-block-spacer\"><\/div>\n\n\n\n<div class=\"wp-block-media-text alignwide is-stacked-on-mobile is-vertically-aligned-center\" style=\"grid-template-columns:23% auto\"><figure class=\"wp-block-media-text__media\"><a href=\"https:\/\/www.funcas.es\/\" target=\"_blank\" rel=\"noreferrer noopener\"><img loading=\"lazy\" decoding=\"async\" width=\"202\" height=\"47\" src=\"http:\/\/www.unioviedo.es\/fincorp\/wp-content\/uploads\/2023\/03\/Funcas.png\" alt=\"\" class=\"wp-image-990 size-full\"\/><\/a><\/figure><div class=\"wp-block-media-text__content\">\n<ul class=\"wp-block-list\">\n<li><a rel=\"noreferrer noopener\" href=\"https:\/\/www.funcas.es\/\" target=\"_blank\">Funcas<\/a><\/li>\n<\/ul>\n<\/div><\/div>\n\n\n\n<div style=\"height:35px\" aria-hidden=\"true\" class=\"wp-block-spacer\"><\/div>\n\n\n\n<div class=\"wp-block-media-text alignwide is-stacked-on-mobile is-vertically-aligned-center\" style=\"grid-template-columns:23% auto\"><figure class=\"wp-block-media-text__media\"><a href=\"https:\/\/ucc.uniovi.es\/\" target=\"_blank\" rel=\"noreferrer noopener\"><img loading=\"lazy\" decoding=\"async\" width=\"468\" height=\"320\" src=\"http:\/\/www.unioviedo.es\/fincorp\/wp-content\/uploads\/2024\/01\/Nantik-Lum-logo.png\" alt=\"\" class=\"wp-image-2450 size-full\" srcset=\"https:\/\/www.unioviedo.es\/fincorp\/wp-content\/uploads\/2024\/01\/Nantik-Lum-logo.png 468w, https:\/\/www.unioviedo.es\/fincorp\/wp-content\/uploads\/2024\/01\/Nantik-Lum-logo-300x205.png 300w\" sizes=\"auto, (max-width: 468px) 100vw, 468px\" \/><\/a><\/figure><div class=\"wp-block-media-text__content\">\n<ul class=\"wp-block-list\">\n<li><a href=\"https:\/\/nantiklum.org\/?gclid=EAIaIQobChMI6vmT9IDfgwMVWpRoCR0osgcqEAAYASAAEgKvwvD_BwE\" data-type=\"link\" data-id=\"https:\/\/nantiklum.org\/?gclid=EAIaIQobChMI6vmT9IDfgwMVWpRoCR0osgcqEAAYASAAEgKvwvD_BwE\">Fundaci\u00f3n Nantik Lum<\/a><\/li>\n<\/ul>\n<\/div><\/div>\n\n\n\n<div style=\"height:35px\" aria-hidden=\"true\" class=\"wp-block-spacer\"><\/div>\n\n\n\n<div class=\"wp-block-media-text alignwide is-stacked-on-mobile is-vertically-aligned-center\" style=\"grid-template-columns:23% auto\"><figure class=\"wp-block-media-text__media\"><a href=\"https:\/\/caagenda2030.uniovi.es\/\" target=\"_blank\" rel=\"noreferrer noopener\"><img loading=\"lazy\" decoding=\"async\" width=\"598\" height=\"479\" src=\"http:\/\/www.unioviedo.es\/fincorp\/wp-content\/uploads\/2023\/07\/iimv.png\" alt=\"\" class=\"wp-image-1903 size-full\" srcset=\"https:\/\/www.unioviedo.es\/fincorp\/wp-content\/uploads\/2023\/07\/iimv.png 598w, https:\/\/www.unioviedo.es\/fincorp\/wp-content\/uploads\/2023\/07\/iimv-300x240.png 300w\" sizes=\"auto, (max-width: 598px) 100vw, 598px\" \/><\/a><\/figure><div class=\"wp-block-media-text__content\">\n<ul class=\"wp-block-list\">\n<li><a href=\"https:\/\/www.iimv.org\/\" data-type=\"URL\" data-id=\"https:\/\/www.iimv.org\/\" target=\"_blank\" rel=\"noreferrer noopener\">Instituto Iberoamericano de Mercados de Valores<\/a><\/li>\n<\/ul>\n<\/div><\/div>\n\n\n\n<div style=\"height:35px\" aria-hidden=\"true\" class=\"wp-block-spacer\"><\/div>\n\n\n\n<div class=\"wp-block-media-text alignwide is-stacked-on-mobile\" style=\"grid-template-columns:23% auto\"><figure class=\"wp-block-media-text__media\"><a href=\"https:\/\/www.pactomundial.org\/\" target=\"_blank\" rel=\"noreferrer noopener\"><img loading=\"lazy\" decoding=\"async\" width=\"1024\" height=\"339\" src=\"http:\/\/www.unioviedo.es\/fincorp\/wp-content\/uploads\/2023\/03\/Pacto-Mundial-Red-Espanola-1024x339.jpeg\" alt=\"\" class=\"wp-image-1346 size-full\" srcset=\"https:\/\/www.unioviedo.es\/fincorp\/wp-content\/uploads\/2023\/03\/Pacto-Mundial-Red-Espanola-1024x339.jpeg 1024w, https:\/\/www.unioviedo.es\/fincorp\/wp-content\/uploads\/2023\/03\/Pacto-Mundial-Red-Espanola-300x99.jpeg 300w, https:\/\/www.unioviedo.es\/fincorp\/wp-content\/uploads\/2023\/03\/Pacto-Mundial-Red-Espanola-768x254.jpeg 768w, https:\/\/www.unioviedo.es\/fincorp\/wp-content\/uploads\/2023\/03\/Pacto-Mundial-Red-Espanola-1536x508.jpeg 1536w, https:\/\/www.unioviedo.es\/fincorp\/wp-content\/uploads\/2023\/03\/Pacto-Mundial-Red-Espanola.jpeg 1614w\" sizes=\"auto, (max-width: 1024px) 100vw, 1024px\" \/><\/a><\/figure><div class=\"wp-block-media-text__content\">\n<ul class=\"wp-block-list\">\n<li><a href=\"https:\/\/www.pactomundial.org\/\" target=\"_blank\" rel=\"noreferrer noopener\">Red Espa\u00f1ola del Pacto Mundial de Naciones Unidas<\/a><\/li>\n<\/ul>\n<\/div><\/div>\n\n\n\n<div style=\"height:35px\" aria-hidden=\"true\" class=\"wp-block-spacer\"><\/div>\n\n\n\n<div class=\"wp-block-media-text alignwide is-stacked-on-mobile is-vertically-aligned-center\" style=\"grid-template-columns:23% auto\"><figure class=\"wp-block-media-text__media\"><a href=\"https:\/\/ucc.uniovi.es\/\" target=\"_blank\" rel=\"noreferrer noopener\"><img loading=\"lazy\" decoding=\"async\" width=\"904\" height=\"224\" src=\"http:\/\/www.unioviedo.es\/fincorp\/wp-content\/uploads\/2023\/03\/UCCI.jpeg\" alt=\"\" class=\"wp-image-1604 size-full\" srcset=\"https:\/\/www.unioviedo.es\/fincorp\/wp-content\/uploads\/2023\/03\/UCCI.jpeg 904w, https:\/\/www.unioviedo.es\/fincorp\/wp-content\/uploads\/2023\/03\/UCCI-300x74.jpeg 300w, https:\/\/www.unioviedo.es\/fincorp\/wp-content\/uploads\/2023\/03\/UCCI-768x190.jpeg 768w\" sizes=\"auto, (max-width: 904px) 100vw, 904px\" \/><\/a><\/figure><div class=\"wp-block-media-text__content\">\n<ul class=\"wp-block-list\">\n<li><a href=\"https:\/\/ucc.uniovi.es\/\" target=\"_blank\" rel=\"noreferrer noopener\">Unidad de Cultura Cient\u00edfica y de la Innovaci\u00f3n, Universidad de Oviedo<\/a><\/li>\n<\/ul>\n<\/div><\/div>\n","protected":false},"excerpt":{"rendered":"","protected":false},"author":1,"featured_media":0,"parent":220,"menu_order":2,"comment_status":"closed","ping_status":"closed","template":"","meta":{"neve_meta_sidebar":"","neve_meta_container":"","neve_meta_enable_content_width":"","neve_meta_content_width":0,"neve_meta_title_alignment":"","neve_meta_author_avatar":"","neve_post_elements_order":"","neve_meta_disable_header":"","neve_meta_disable_footer":"","neve_meta_disable_title":"","footnotes":""},"class_list":["post-223","page","type-page","status-publish","hentry"],"_links":{"self":[{"href":"https:\/\/www.unioviedo.es\/fincorp\/index.php\/wp-json\/wp\/v2\/pages\/223","targetHints":{"allow":["GET"]}}],"collection":[{"href":"https:\/\/www.unioviedo.es\/fincorp\/index.php\/wp-json\/wp\/v2\/pages"}],"about":[{"href":"https:\/\/www.unioviedo.es\/fincorp\/index.php\/wp-json\/wp\/v2\/types\/page"}],"author":[{"embeddable":true,"href":"https:\/\/www.unioviedo.es\/fincorp\/index.php\/wp-json\/wp\/v2\/users\/1"}],"replies":[{"embeddable":true,"href":"https:\/\/www.unioviedo.es\/fincorp\/index.php\/wp-json\/wp\/v2\/comments?post=223"}],"version-history":[{"count":45,"href":"https:\/\/www.unioviedo.es\/fincorp\/index.php\/wp-json\/wp\/v2\/pages\/223\/revisions"}],"predecessor-version":[{"id":2455,"href":"https:\/\/www.unioviedo.es\/fincorp\/index.php\/wp-json\/wp\/v2\/pages\/223\/revisions\/2455"}],"up":[{"embeddable":true,"href":"https:\/\/www.unioviedo.es\/fincorp\/index.php\/wp-json\/wp\/v2\/pages\/220"}],"wp:attachment":[{"href":"https:\/\/www.unioviedo.es\/fincorp\/index.php\/wp-json\/wp\/v2\/media?parent=223"}],"curies":[{"name":"wp","href":"https:\/\/api.w.org\/{rel}","templated":true}]}}

<div class="wp-block-media-text alignwide is-stacked-on-mobile is-vertically-aligned-center" style="grid-template-columns:23% auto"><figure class="wp-block-media-text__media"><a href="https://ucc.uniovi.es/" target="_blank" rel="noreferrer noopener"><img loading="lazy" decoding="async" width="1024" height="509" src="http://www.unioviedo.es/fincorp/wp-content/uploads/2023/10/Captura-de-pantalla-2023-10-04-a-las-10.05.34-1024x509.png" alt="" class="wp-image-2159 size-full" srcset="https://www.unioviedo.es/fincorp/wp-content/uploads/2023/10/Captura-de-pantalla-2023-10-04-a-las-10.05.34-1024x509.png 1024w, https://www.unioviedo.es/fincorp/wp-content/uploads/2023/10/Captura-de-pantalla-2023-10-04-a-las-10.05.34-300x149.png 300w, https://www.unioviedo.es/fincorp/wp-content/uploads/2023/10/Captura-de-pantalla-2023-10-04-a-las-10.05.34-768x381.png 768w, https://www.unioviedo.es/fincorp/wp-content/uploads/2023/10/Captura-de-pantalla-2023-10-04-a-las-10.05.34-1536x763.png 1536w, https://www.unioviedo.es/fincorp/wp-content/uploads/2023/10/Captura-de-pantalla-2023-10-04-a-las-10.05.34-2048x1017.png 2048w" sizes="auto, (max-width: 1024px) 100vw, 1024px" /></a></figure><div class="wp-block-media-text__content">
<ul class="wp-block-list">
<li><a href="https://www.bolsasymercados.es/esp/Home" target="_blank" rel="noreferrer noopener">Bolsas y Mercados Españoles</a></li>
</ul>
</div></div>



<div style="height:35px" aria-hidden="true" class="wp-block-spacer"></div>



<div class="wp-block-media-text alignwide is-stacked-on-mobile is-vertically-aligned-center" style="grid-template-columns:23% auto"><figure class="wp-block-media-text__media"><a href="https://caagenda2030.uniovi.es/" target="_blank" rel="noreferrer noopener"><img loading="lazy" decoding="async" width="686" height="324" src="https://www.unioviedo.es/fincorp/wp-content/uploads/2023/02/Catedra-Concepcion-Arenal-de-Agenda-2030.png" alt="" class="wp-image-373 size-full" srcset="https://www.unioviedo.es/fincorp/wp-content/uploads/2023/02/Catedra-Concepcion-Arenal-de-Agenda-2030.png 686w, https://www.unioviedo.es/fincorp/wp-content/uploads/2023/02/Catedra-Concepcion-Arenal-de-Agenda-2030-300x142.png 300w" sizes="auto, (max-width: 686px) 100vw, 686px" /></a></figure><div class="wp-block-media-text__content">
<ul class="wp-block-list">
<li><a href="https://caagenda2030.uniovi.es/" target="_blank" rel="noreferrer noopener">Cátedra Concepción Arenal de Agenda 2030</a></li>
</ul>
</div></div>



<div style="height:35px" aria-hidden="true" class="wp-block-spacer"></div>



<div class="wp-block-media-text alignwide is-stacked-on-mobile is-vertically-aligned-center" style="grid-template-columns:23% auto"><figure class="wp-block-media-text__media"><a href="https://www.asturias.es" target="_blank" rel="noreferrer noopener"><img loading="lazy" decoding="async" width="1024" height="407" src="http://www.unioviedo.es/fincorp/wp-content/uploads/2023/05/Castellano-horizontal-full-color-1024x407.png" alt="" class="wp-image-1762 size-full" srcset="https://www.unioviedo.es/fincorp/wp-content/uploads/2023/05/Castellano-horizontal-full-color-1024x407.png 1024w, https://www.unioviedo.es/fincorp/wp-content/uploads/2023/05/Castellano-horizontal-full-color-300x119.png 300w, https://www.unioviedo.es/fincorp/wp-content/uploads/2023/05/Castellano-horizontal-full-color-768x305.png 768w, https://www.unioviedo.es/fincorp/wp-content/uploads/2023/05/Castellano-horizontal-full-color-1536x611.png 1536w, https://www.unioviedo.es/fincorp/wp-content/uploads/2023/05/Castellano-horizontal-full-color.png 1924w" sizes="auto, (max-width: 1024px) 100vw, 1024px" /></a></figure><div class="wp-block-media-text__content">
<ul class="wp-block-list">
<li><a href="https://www.asturias.es" target="_blank" rel="noreferrer noopener">Dirección General de Gobernanza Pública, Transparencia, Participación Ciudadana y Agenda 2030, Consejería de Presidencia, Gobierno del Principado de Asturias</a></li>
</ul>
</div></div>



<div style="height:35px" aria-hidden="true" class="wp-block-spacer"></div>



<div class="wp-block-media-text alignwide is-stacked-on-mobile is-vertically-aligned-center" style="grid-template-columns:23% auto"><figure class="wp-block-media-text__media"><a href="https://www.funcas.es/" target="_blank" rel="noreferrer noopener"><img loading="lazy" decoding="async" width="202" height="47" src="http://www.unioviedo.es/fincorp/wp-content/uploads/2023/03/Funcas.png" alt="" class="wp-image-990 size-full"/></a></figure><div class="wp-block-media-text__content">
<ul class="wp-block-list">
<li><a rel="noreferrer noopener" href="https://www.funcas.es/" target="_blank">Funcas</a></li>
</ul>
</div></div>



<div style="height:35px" aria-hidden="true" class="wp-block-spacer"></div>



<div class="wp-block-media-text alignwide is-stacked-on-mobile is-vertically-aligned-center" style="grid-template-columns:23% auto"><figure class="wp-block-media-text__media"><a href="https://ucc.uniovi.es/" target="_blank" rel="noreferrer noopener"><img loading="lazy" decoding="async" width="468" height="320" src="http://www.unioviedo.es/fincorp/wp-content/uploads/2024/01/Nantik-Lum-logo.png" alt="" class="wp-image-2450 size-full" srcset="https://www.unioviedo.es/fincorp/wp-content/uploads/2024/01/Nantik-Lum-logo.png 468w, https://www.unioviedo.es/fincorp/wp-content/uploads/2024/01/Nantik-Lum-logo-300x205.png 300w" sizes="auto, (max-width: 468px) 100vw, 468px" /></a></figure><div class="wp-block-media-text__content">
<ul class="wp-block-list">
<li><a href="https://nantiklum.org/?gclid=EAIaIQobChMI6vmT9IDfgwMVWpRoCR0osgcqEAAYASAAEgKvwvD_BwE" data-type="link" data-id="https://nantiklum.org/?gclid=EAIaIQobChMI6vmT9IDfgwMVWpRoCR0osgcqEAAYASAAEgKvwvD_BwE">Fundación Nantik Lum</a></li>
</ul>
</div></div>



<div style="height:35px" aria-hidden="true" class="wp-block-spacer"></div>



<div class="wp-block-media-text alignwide is-stacked-on-mobile is-vertically-aligned-center" style="grid-template-columns:23% auto"><figure class="wp-block-media-text__media"><a href="https://caagenda2030.uniovi.es/" target="_blank" rel="noreferrer noopener"><img loading="lazy" decoding="async" width="598" height="479" src="http://www.unioviedo.es/fincorp/wp-content/uploads/2023/07/iimv.png" alt="" class="wp-image-1903 size-full" srcset="https://www.unioviedo.es/fincorp/wp-content/uploads/2023/07/iimv.png 598w, https://www.unioviedo.es/fincorp/wp-content/uploads/2023/07/iimv-300x240.png 300w" sizes="auto, (max-width: 598px) 100vw, 598px" /></a></figure><div class="wp-block-media-text__content">
<ul class="wp-block-list">
<li><a href="https://www.iimv.org/" data-type="URL" data-id="https://www.iimv.org/" target="_blank" rel="noreferrer noopener">Instituto Iberoamericano de Mercados de Valores</a></li>
</ul>
</div></div>



<div style="height:35px" aria-hidden="true" class="wp-block-spacer"></div>



<div class="wp-block-media-text alignwide is-stacked-on-mobile" style="grid-template-columns:23% auto"><figure class="wp-block-media-text__media"><a href="https://www.pactomundial.org/" target="_blank" rel="noreferrer noopener"><img loading="lazy" decoding="async" width="1024" height="339" src="http://www.unioviedo.es/fincorp/wp-content/uploads/2023/03/Pacto-Mundial-Red-Espanola-1024x339.jpeg" alt="" class="wp-image-1346 size-full" srcset="https://www.unioviedo.es/fincorp/wp-content/uploads/2023/03/Pacto-Mundial-Red-Espanola-1024x339.jpeg 1024w, https://www.unioviedo.es/fincorp/wp-content/uploads/2023/03/Pacto-Mundial-Red-Espanola-300x99.jpeg 300w, https://www.unioviedo.es/fincorp/wp-content/uploads/2023/03/Pacto-Mundial-Red-Espanola-768x254.jpeg 768w, https://www.unioviedo.es/fincorp/wp-content/uploads/2023/03/Pacto-Mundial-Red-Espanola-1536x508.jpeg 1536w, https://www.unioviedo.es/fincorp/wp-content/uploads/2023/03/Pacto-Mundial-Red-Espanola.jpeg 1614w" sizes="auto, (max-width: 1024px) 100vw, 1024px" /></a></figure><div class="wp-block-media-text__content">
<ul class="wp-block-list">
<li><a href="https://www.pactomundial.org/" target="_blank" rel="noreferrer noopener">Red Española del Pacto Mundial de Naciones Unidas</a></li>
</ul>
</div></div>



<div style="height:35px" aria-hidden="true" class="wp-block-spacer"></div>



<div class="wp-block-media-text alignwide is-stacked-on-mobile is-vertically-aligned-center" style="grid-template-columns:23% auto"><figure class="wp-block-media-text__media"><a href="https://ucc.uniovi.es/" target="_blank" rel="noreferrer noopener"><img loading="lazy" decoding="async" width="904" height="224" src="http://www.unioviedo.es/fincorp/wp-content/uploads/2023/03/UCCI.jpeg" alt="" class="wp-image-1604 size-full" srcset="https://www.unioviedo.es/fincorp/wp-content/uploads/2023/03/UCCI.jpeg 904w, https://www.unioviedo.es/fincorp/wp-content/uploads/2023/03/UCCI-300x74.jpeg 300w, https://www.unioviedo.es/fincorp/wp-content/uploads/2023/03/UCCI-768x190.jpeg 768w" sizes="auto, (max-width: 904px) 100vw, 904px" /></a></figure><div class="wp-block-media-text__content">
<ul class="wp-block-list">
<li><a href="https://ucc.uniovi.es/" target="_blank" rel="noreferrer noopener">Unidad de Cultura Científica y de la Innovación, Universidad de Oviedo</a></li>
</ul>
</div></div>
