{"id":3362,"date":"2025-05-20T20:26:21","date_gmt":"2025-05-20T20:26:21","guid":{"rendered":"https:\/\/www.unioviedo.es\/fincorp\/?page_id=3362"},"modified":"2026-01-23T08:21:21","modified_gmt":"2026-01-23T08:21:21","slug":"divgenemp-publications","status":"publish","type":"page","link":"https:\/\/www.unioviedo.es\/fincorp\/index.php\/en\/divgenemp-eng\/divgenemp-publications\/","title":{"rendered":"DIVGENEMP: Publications"},"content":{"rendered":"\n<h2 class=\"wp-block-heading\">Articles<\/h2>\n\n\n\n<ul class=\"wp-block-list\">\n<li>Cervantes, M., Sacrist\u00e1n-Navarro, M., Mart\u00ednez-Garc\u00eda, I., &amp; Medina-Salgado, C. (2025). The influence of corporate governance characteristics on the readability of corporate social responsibility reports written in Spanish. <em>Spanish Accounting Review, 28<\/em>(2), 251-267. <a href=\"https:\/\/doi.org\/10.6018\/rcsar.508621\">https:\/\/doi.org\/10.6018\/rcsar.508621<\/a><\/li>\n\n\n\n<li>Mart\u00ednez-Garc\u00eda, I., Terjesen, S., &amp; G\u00f3mez-Ans\u00f3n, S. (2024). Regulating board gender diversity in Europe: The influence of legal, cultural, governmental, and women\u2019s institutions. <em>Journal of Business Research, 182<\/em>, 114782. <a href=\"https:\/\/doi.org\/10.1016\/j.jbusres.2024.114782\">https:\/\/doi.org\/10.1016\/j.jbusres.2024.114782<\/a><\/li>\n\n\n\n<li>Sacrist\u00e1n-Navarro, M., Mart\u00ednez-Garc\u00eda, I., Basco, R., &amp; G\u00f3mez-Ans\u00f3n, S. (2025). Context matters! Insights into family ownership of listed firms across Europe. <em>Review of Regional Research, 45<\/em>, 109-151. <a href=\"https:\/\/doi.org\/10.1007\/s10037-024-00220-0\">https:\/\/doi.org\/10.1007\/s10037-024-00220-0<\/a><\/li>\n<\/ul>\n\n\n\n<h2 class=\"wp-block-heading\">Book chapters<\/h2>\n\n\n\n<ul class=\"wp-block-list\">\n<li>Basco, R. (2024). Informal institutions. In <em>Elgar encyclopedia of family business<\/em>. Edward Elgar Publishing.<\/li>\n\n\n\n<li>Mart\u00ednez-Garc\u00eda, I., &amp; G\u00f3mez-Ans\u00f3n, S. (2023). Women on corporate boards in Europe: Milestones and challenges. In D. M. Mueller (Ed.), <em>Gender diversity: Past, present and future perspectives<\/em> (pp. 1-38). Nova Science Publishers.<\/li>\n<\/ul>\n\n\n\n<h2 class=\"wp-block-heading\">Other publications<\/h2>\n\n\n\n<ul class=\"wp-block-list\">\n<li>Mart\u00ednez-Garc\u00eda, I. (2023). Cuotas de g\u00e9nero en los consejos de administraci\u00f3n: Una perspectiva internacional. <em>Revista Iberoamericana de Mercados de Valores, 69<\/em>, 3-12. <a href=\"https:\/\/digibuo.uniovi.es\/dspace\/handle\/10651\/71845\">https:\/\/digibuo.uniovi.es\/dspace\/handle\/10651\/71845<\/a><\/li>\n\n\n\n<li>Sacrist\u00e1n-Navarro, M., &amp; G\u00f3mez-Ans\u00f3n, S. (2024). Gobierno corporativo en Latinoam\u00e9rica: Tendencias y desaf\u00edos. <em>Revista Iberoamericana del Mercado de Valores<\/em>, n\u00famero especial 25 aniversario, <em>73<\/em>, 161-173.<\/li>\n<\/ul>\n","protected":false},"excerpt":{"rendered":"<p>Articles Book chapters Other publications<\/p>\n","protected":false},"author":1,"featured_media":0,"parent":3348,"menu_order":0,"comment_status":"closed","ping_status":"closed","template":"","meta":{"neve_meta_sidebar":"","neve_meta_container":"","neve_meta_enable_content_width":"","neve_meta_content_width":0,"neve_meta_title_alignment":"","neve_meta_author_avatar":"","neve_post_elements_order":"","neve_meta_disable_header":"","neve_meta_disable_footer":"","neve_meta_disable_title":"","footnotes":""},"class_list":["post-3362","page","type-page","status-publish","hentry"],"_links":{"self":[{"href":"https:\/\/www.unioviedo.es\/fincorp\/index.php\/wp-json\/wp\/v2\/pages\/3362","targetHints":{"allow":["GET"]}}],"collection":[{"href":"https:\/\/www.unioviedo.es\/fincorp\/index.php\/wp-json\/wp\/v2\/pages"}],"about":[{"href":"https:\/\/www.unioviedo.es\/fincorp\/index.php\/wp-json\/wp\/v2\/types\/page"}],"author":[{"embeddable":true,"href":"https:\/\/www.unioviedo.es\/fincorp\/index.php\/wp-json\/wp\/v2\/users\/1"}],"replies":[{"embeddable":true,"href":"https:\/\/www.unioviedo.es\/fincorp\/index.php\/wp-json\/wp\/v2\/comments?post=3362"}],"version-history":[{"count":4,"href":"https:\/\/www.unioviedo.es\/fincorp\/index.php\/wp-json\/wp\/v2\/pages\/3362\/revisions"}],"predecessor-version":[{"id":3784,"href":"https:\/\/www.unioviedo.es\/fincorp\/index.php\/wp-json\/wp\/v2\/pages\/3362\/revisions\/3784"}],"up":[{"embeddable":true,"href":"https:\/\/www.unioviedo.es\/fincorp\/index.php\/wp-json\/wp\/v2\/pages\/3348"}],"wp:attachment":[{"href":"https:\/\/www.unioviedo.es\/fincorp\/index.php\/wp-json\/wp\/v2\/media?parent=3362"}],"curies":[{"name":"wp","href":"https:\/\/api.w.org\/{rel}","templated":true}]}}