{"id":3375,"date":"2025-05-20T20:30:27","date_gmt":"2025-05-20T20:30:27","guid":{"rendered":"https:\/\/www.unioviedo.es\/fincorp\/?page_id=3375"},"modified":"2025-06-09T08:54:32","modified_gmt":"2025-06-09T08:54:32","slug":"divgenemp-announcements","status":"publish","type":"page","link":"https:\/\/www.unioviedo.es\/fincorp\/index.php\/en\/divgenemp-eng\/divgenemp-announcements\/","title":{"rendered":"DIVGENEMP: Announcements"},"content":{"rendered":"<ul class=\"wp-block-latest-posts__list wp-block-latest-posts\"><li><div class=\"wp-block-latest-posts__featured-image alignleft\"><img loading=\"lazy\" decoding=\"async\" width=\"193\" height=\"300\" src=\"https:\/\/www.unioviedo.es\/fincorp\/wp-content\/uploads\/2026\/01\/semciencia2025-193x300.jpg\" class=\"attachment-medium size-medium wp-post-image\" alt=\"\" style=\"max-width:150px;max-height:150px;\" srcset=\"https:\/\/www.unioviedo.es\/fincorp\/wp-content\/uploads\/2026\/01\/semciencia2025-193x300.jpg 193w, https:\/\/www.unioviedo.es\/fincorp\/wp-content\/uploads\/2026\/01\/semciencia2025.jpg 337w\" sizes=\"auto, (max-width: 193px) 100vw, 193px\" \/><\/div><a class=\"wp-block-latest-posts__post-title\" href=\"https:\/\/www.unioviedo.es\/fincorp\/index.php\/en\/2025\/11\/28\/participation-in-the-25th-week-of-science-and-innovation-of-the-university-of-oviedo\/\">Participation in the 25th Week of Science and Innovation of the University of Oviedo<\/a><div class=\"wp-block-latest-posts__post-excerpt\">In November 2025, members of our research group take part in the 25th Week of Science and Innovation of the University of Oviedo, carried out within the framework of the FECYT funding programme for the promotion of scientific, technological and innovation culture (Spanish Ministry of Science and Innovation).<\/div><\/li>\n<li><div class=\"wp-block-latest-posts__featured-image alignleft\"><img loading=\"lazy\" decoding=\"async\" width=\"300\" height=\"279\" src=\"https:\/\/www.unioviedo.es\/fincorp\/wp-content\/uploads\/2024\/03\/Logos-Nantik-Lum-y-Grupo-300x279.png\" class=\"attachment-medium size-medium wp-post-image\" alt=\"\" style=\"max-width:150px;max-height:150px;\" srcset=\"https:\/\/www.unioviedo.es\/fincorp\/wp-content\/uploads\/2024\/03\/Logos-Nantik-Lum-y-Grupo-300x279.png 300w, https:\/\/www.unioviedo.es\/fincorp\/wp-content\/uploads\/2024\/03\/Logos-Nantik-Lum-y-Grupo-1024x951.png 1024w, https:\/\/www.unioviedo.es\/fincorp\/wp-content\/uploads\/2024\/03\/Logos-Nantik-Lum-y-Grupo-768x713.png 768w, https:\/\/www.unioviedo.es\/fincorp\/wp-content\/uploads\/2024\/03\/Logos-Nantik-Lum-y-Grupo.png 1342w\" sizes=\"auto, (max-width: 300px) 100vw, 300px\" \/><\/div><a class=\"wp-block-latest-posts__post-title\" href=\"https:\/\/www.unioviedo.es\/fincorp\/index.php\/en\/2025\/11\/11\/ii-conference-on-economic-violence-and-financial-health-challenges-solutions-and-legal-advances\/\">II Conference on Economic Violence and Financial Health: Challenges, Solutions and Legal Advances<\/a><div class=\"wp-block-latest-posts__post-excerpt\">Next Tuesday, November 18th, 2025, the II Conference \u00abEconomic Violence and Financial Health: Challenges, Solutions and Legal Advances\u00bb will take place at the Main Hall (Aula Magna) of the University of Oviedo. The event is organized by the Finance and Corporate Governance Research Group and the Nantik Lum Foundation, with the support of the Vice-Rectorate for Strategic Planning and Campus Coordination, the Ministry of Social Rights, Consumer Affairs and the 2030 Agenda, and the Ministry of Science, Innovation and Universities (Project: PID2022-140023NA-I00).<\/div><\/li>\n<li><div class=\"wp-block-latest-posts__featured-image alignleft\"><img loading=\"lazy\" decoding=\"async\" width=\"213\" height=\"300\" src=\"https:\/\/www.unioviedo.es\/fincorp\/wp-content\/uploads\/2026\/01\/aulagen-213x300.png\" class=\"attachment-medium size-medium wp-post-image\" alt=\"\" style=\"max-width:150px;max-height:150px;\" srcset=\"https:\/\/www.unioviedo.es\/fincorp\/wp-content\/uploads\/2026\/01\/aulagen-213x300.png 213w, https:\/\/www.unioviedo.es\/fincorp\/wp-content\/uploads\/2026\/01\/aulagen.png 555w\" sizes=\"auto, (max-width: 213px) 100vw, 213px\" \/><\/div><a class=\"wp-block-latest-posts__post-title\" href=\"https:\/\/www.unioviedo.es\/fincorp\/index.php\/en\/2025\/10\/20\/start-of-the-sin-genero-de-dudas-university-extension-programme\/\">Start of the \u00abSin G\u00e9nero de Dudas\u00bb University Extension Programme<\/a><div class=\"wp-block-latest-posts__post-excerpt\">In October 2025, the University Extension Programme \u00abSin G\u00e9nero de Dudas: cuestiones de g\u00e9nero con perspectiva econ\u00f3mica y jur\u00eddica\u00bb began for the 2025-2026 academic year in Riosa (Principality of Asturias). The programme is jointly directed by Irma Mart\u00ednez Garc\u00eda, a member of our research group, and Beatriz V\u00e1zquez Rodr\u00edguez.<\/div><\/li>\n<li><div class=\"wp-block-latest-posts__featured-image alignleft\"><img loading=\"lazy\" decoding=\"async\" width=\"247\" height=\"300\" src=\"https:\/\/www.unioviedo.es\/fincorp\/wp-content\/uploads\/2024\/06\/pumuo-logo-1-247x300.jpg\" class=\"attachment-medium size-medium wp-post-image\" alt=\"\" style=\"max-width:150px;max-height:150px;\" srcset=\"https:\/\/www.unioviedo.es\/fincorp\/wp-content\/uploads\/2024\/06\/pumuo-logo-1-247x300.jpg 247w, https:\/\/www.unioviedo.es\/fincorp\/wp-content\/uploads\/2024\/06\/pumuo-logo-1.jpg 296w\" sizes=\"auto, (max-width: 247px) 100vw, 247px\" \/><\/div><a class=\"wp-block-latest-posts__post-title\" href=\"https:\/\/www.unioviedo.es\/fincorp\/index.php\/en\/2025\/09\/30\/start-of-the-course-diversity-equity-and-inclusion-legal-and-economic-perspectives-pumuo\/\">Start of the course \u00abDiversity, equity and inclusion: legal and economic perspectives\u00bb (PUMUO)<\/a><div class=\"wp-block-latest-posts__post-excerpt\">In September 2025, the course \u00abDiversity, equity and inclusion: legal and economic perspectives\u00bb begins as part of the University Programme for Older Learners of the University of Oviedo (PUMUO). The course is delivered during the first semester of the 2025-2026 academic year in Avil\u00e9s, and Silvia G\u00f3mez Ans\u00f3n, a member of our research group, participates in the teaching.<\/div><\/li>\n<li><div class=\"wp-block-latest-posts__featured-image alignleft\"><img loading=\"lazy\" decoding=\"async\" width=\"247\" height=\"300\" src=\"https:\/\/www.unioviedo.es\/fincorp\/wp-content\/uploads\/2024\/06\/pumuo-logo-1-247x300.jpg\" class=\"attachment-medium size-medium wp-post-image\" alt=\"\" style=\"max-width:150px;max-height:150px;\" srcset=\"https:\/\/www.unioviedo.es\/fincorp\/wp-content\/uploads\/2024\/06\/pumuo-logo-1-247x300.jpg 247w, https:\/\/www.unioviedo.es\/fincorp\/wp-content\/uploads\/2024\/06\/pumuo-logo-1.jpg 296w\" sizes=\"auto, (max-width: 247px) 100vw, 247px\" \/><\/div><a class=\"wp-block-latest-posts__post-title\" href=\"https:\/\/www.unioviedo.es\/fincorp\/index.php\/en\/2025\/09\/30\/start-of-the-course-leaving-no-one-behind-addressing-the-2030-agenda-from-an-intergenerational-perspective-pumuo\/\">Start of the course \u00abLeaving no one behind: Addressing the 2030 Agenda from an intergenerational perspective\u00bb (PUMUO)<\/a><div class=\"wp-block-latest-posts__post-excerpt\">In September 2025, the course \u00abLeaving no one behind: Addressing the 2030 Agenda from an intergenerational perspective\u00bb begins as part of the University Programme for Older Learners of the University of Oviedo (PUMUO). The course is delivered during the first semester of the 2025\u20132026 academic year in Oviedo, and Irma Mart\u00ednez Garc\u00eda, a member of our research group, participates in the teaching.<\/div><\/li>\n<\/ul>","protected":false},"excerpt":{"rendered":"","protected":false},"author":1,"featured_media":0,"parent":3348,"menu_order":0,"comment_status":"closed","ping_status":"closed","template":"","meta":{"neve_meta_sidebar":"","neve_meta_container":"","neve_meta_enable_content_width":"","neve_meta_content_width":0,"neve_meta_title_alignment":"","neve_meta_author_avatar":"","neve_post_elements_order":"","neve_meta_disable_header":"","neve_meta_disable_footer":"","neve_meta_disable_title":"","footnotes":""},"class_list":["post-3375","page","type-page","status-publish","hentry"],"_links":{"self":[{"href":"https:\/\/www.unioviedo.es\/fincorp\/index.php\/wp-json\/wp\/v2\/pages\/3375","targetHints":{"allow":["GET"]}}],"collection":[{"href":"https:\/\/www.unioviedo.es\/fincorp\/index.php\/wp-json\/wp\/v2\/pages"}],"about":[{"href":"https:\/\/www.unioviedo.es\/fincorp\/index.php\/wp-json\/wp\/v2\/types\/page"}],"author":[{"embeddable":true,"href":"https:\/\/www.unioviedo.es\/fincorp\/index.php\/wp-json\/wp\/v2\/users\/1"}],"replies":[{"embeddable":true,"href":"https:\/\/www.unioviedo.es\/fincorp\/index.php\/wp-json\/wp\/v2\/comments?post=3375"}],"version-history":[{"count":2,"href":"https:\/\/www.unioviedo.es\/fincorp\/index.php\/wp-json\/wp\/v2\/pages\/3375\/revisions"}],"predecessor-version":[{"id":3465,"href":"https:\/\/www.unioviedo.es\/fincorp\/index.php\/wp-json\/wp\/v2\/pages\/3375\/revisions\/3465"}],"up":[{"embeddable":true,"href":"https:\/\/www.unioviedo.es\/fincorp\/index.php\/wp-json\/wp\/v2\/pages\/3348"}],"wp:attachment":[{"href":"https:\/\/www.unioviedo.es\/fincorp\/index.php\/wp-json\/wp\/v2\/media?parent=3375"}],"curies":[{"name":"wp","href":"https:\/\/api.w.org\/{rel}","templated":true}]}}

<ul class="wp-block-latest-posts__list wp-block-latest-posts"><li><div class="wp-block-latest-posts__featured-image alignleft"><img loading="lazy" decoding="async" width="193" height="300" src="https://www.unioviedo.es/fincorp/wp-content/uploads/2026/01/semciencia2025-193x300.jpg" class="attachment-medium size-medium wp-post-image" alt="" style="max-width:150px;max-height:150px;" srcset="https://www.unioviedo.es/fincorp/wp-content/uploads/2026/01/semciencia2025-193x300.jpg 193w, https://www.unioviedo.es/fincorp/wp-content/uploads/2026/01/semciencia2025.jpg 337w" sizes="auto, (max-width: 193px) 100vw, 193px" /></div><a class="wp-block-latest-posts__post-title" href="https://www.unioviedo.es/fincorp/index.php/en/2025/11/28/participation-in-the-25th-week-of-science-and-innovation-of-the-university-of-oviedo/">Participation in the 25th Week of Science and Innovation of the University of Oviedo</a><div class="wp-block-latest-posts__post-excerpt">In November 2025, members of our research group take part in the 25th Week of Science and Innovation of the University of Oviedo, carried out within the framework of the FECYT funding programme for the promotion of scientific, technological and innovation culture (Spanish Ministry of Science and Innovation).</div></li>
<li><div class="wp-block-latest-posts__featured-image alignleft"><img loading="lazy" decoding="async" width="300" height="279" src="https://www.unioviedo.es/fincorp/wp-content/uploads/2024/03/Logos-Nantik-Lum-y-Grupo-300x279.png" class="attachment-medium size-medium wp-post-image" alt="" style="max-width:150px;max-height:150px;" srcset="https://www.unioviedo.es/fincorp/wp-content/uploads/2024/03/Logos-Nantik-Lum-y-Grupo-300x279.png 300w, https://www.unioviedo.es/fincorp/wp-content/uploads/2024/03/Logos-Nantik-Lum-y-Grupo-1024x951.png 1024w, https://www.unioviedo.es/fincorp/wp-content/uploads/2024/03/Logos-Nantik-Lum-y-Grupo-768x713.png 768w, https://www.unioviedo.es/fincorp/wp-content/uploads/2024/03/Logos-Nantik-Lum-y-Grupo.png 1342w" sizes="auto, (max-width: 300px) 100vw, 300px" /></div><a class="wp-block-latest-posts__post-title" href="https://www.unioviedo.es/fincorp/index.php/en/2025/11/11/ii-conference-on-economic-violence-and-financial-health-challenges-solutions-and-legal-advances/">II Conference on Economic Violence and Financial Health: Challenges, Solutions and Legal Advances</a><div class="wp-block-latest-posts__post-excerpt">Next Tuesday, November 18th, 2025, the II Conference «Economic Violence and Financial Health: Challenges, Solutions and Legal Advances» will take place at the Main Hall (Aula Magna) of the University of Oviedo. The event is organized by the Finance and Corporate Governance Research Group and the Nantik Lum Foundation, with the support of the Vice-Rectorate for Strategic Planning and Campus Coordination, the Ministry of Social Rights, Consumer Affairs and the 2030 Agenda, and the Ministry of Science, Innovation and Universities (Project: PID2022-140023NA-I00).</div></li>
<li><div class="wp-block-latest-posts__featured-image alignleft"><img loading="lazy" decoding="async" width="213" height="300" src="https://www.unioviedo.es/fincorp/wp-content/uploads/2026/01/aulagen-213x300.png" class="attachment-medium size-medium wp-post-image" alt="" style="max-width:150px;max-height:150px;" srcset="https://www.unioviedo.es/fincorp/wp-content/uploads/2026/01/aulagen-213x300.png 213w, https://www.unioviedo.es/fincorp/wp-content/uploads/2026/01/aulagen.png 555w" sizes="auto, (max-width: 213px) 100vw, 213px" /></div><a class="wp-block-latest-posts__post-title" href="https://www.unioviedo.es/fincorp/index.php/en/2025/10/20/start-of-the-sin-genero-de-dudas-university-extension-programme/">Start of the «Sin Género de Dudas» University Extension Programme</a><div class="wp-block-latest-posts__post-excerpt">In October 2025, the University Extension Programme «Sin Género de Dudas: cuestiones de género con perspectiva económica y jurídica» began for the 2025-2026 academic year in Riosa (Principality of Asturias). The programme is jointly directed by Irma Martínez García, a member of our research group, and Beatriz Vázquez Rodríguez.</div></li>
<li><div class="wp-block-latest-posts__featured-image alignleft"><img loading="lazy" decoding="async" width="247" height="300" src="https://www.unioviedo.es/fincorp/wp-content/uploads/2024/06/pumuo-logo-1-247x300.jpg" class="attachment-medium size-medium wp-post-image" alt="" style="max-width:150px;max-height:150px;" srcset="https://www.unioviedo.es/fincorp/wp-content/uploads/2024/06/pumuo-logo-1-247x300.jpg 247w, https://www.unioviedo.es/fincorp/wp-content/uploads/2024/06/pumuo-logo-1.jpg 296w" sizes="auto, (max-width: 247px) 100vw, 247px" /></div><a class="wp-block-latest-posts__post-title" href="https://www.unioviedo.es/fincorp/index.php/en/2025/09/30/start-of-the-course-diversity-equity-and-inclusion-legal-and-economic-perspectives-pumuo/">Start of the course «Diversity, equity and inclusion: legal and economic perspectives» (PUMUO)</a><div class="wp-block-latest-posts__post-excerpt">In September 2025, the course «Diversity, equity and inclusion: legal and economic perspectives» begins as part of the University Programme for Older Learners of the University of Oviedo (PUMUO). The course is delivered during the first semester of the 2025-2026 academic year in Avilés, and Silvia Gómez Ansón, a member of our research group, participates in the teaching.</div></li>
<li><div class="wp-block-latest-posts__featured-image alignleft"><img loading="lazy" decoding="async" width="247" height="300" src="https://www.unioviedo.es/fincorp/wp-content/uploads/2024/06/pumuo-logo-1-247x300.jpg" class="attachment-medium size-medium wp-post-image" alt="" style="max-width:150px;max-height:150px;" srcset="https://www.unioviedo.es/fincorp/wp-content/uploads/2024/06/pumuo-logo-1-247x300.jpg 247w, https://www.unioviedo.es/fincorp/wp-content/uploads/2024/06/pumuo-logo-1.jpg 296w" sizes="auto, (max-width: 247px) 100vw, 247px" /></div><a class="wp-block-latest-posts__post-title" href="https://www.unioviedo.es/fincorp/index.php/en/2025/09/30/start-of-the-course-leaving-no-one-behind-addressing-the-2030-agenda-from-an-intergenerational-perspective-pumuo/">Start of the course «Leaving no one behind: Addressing the 2030 Agenda from an intergenerational perspective» (PUMUO)</a><div class="wp-block-latest-posts__post-excerpt">In September 2025, the course «Leaving no one behind: Addressing the 2030 Agenda from an intergenerational perspective» begins as part of the University Programme for Older Learners of the University of Oviedo (PUMUO). The course is delivered during the first semester of the 2025–2026 academic year in Oviedo, and Irma Martínez García, a member of our research group, participates in the teaching.</div></li>
</ul>
