{"id":395,"date":"2023-02-22T08:43:38","date_gmt":"2023-02-22T08:43:38","guid":{"rendered":"https:\/\/www.unioviedo.es\/fincorp\/?page_id=395"},"modified":"2025-05-14T16:08:11","modified_gmt":"2025-05-14T16:08:11","slug":"silvia-gomez-anson","status":"publish","type":"page","link":"https:\/\/www.unioviedo.es\/fincorp\/index.php\/equipo\/investigadores\/silvia-gomez-anson\/","title":{"rendered":"Silvia G\u00f3mez Ans\u00f3n"},"content":{"rendered":"\n<div class=\"wp-block-media-text alignwide is-stacked-on-mobile is-vertically-aligned-center\" style=\"grid-template-columns:25% auto\"><figure class=\"wp-block-media-text__media\"><img loading=\"lazy\" decoding=\"async\" width=\"176\" height=\"179\" src=\"https:\/\/www.unioviedo.es\/fincorp\/wp-content\/uploads\/2025\/05\/FotoWeb-SGA.jpg\" alt=\"\" class=\"wp-image-3338 size-full\"\/><\/figure><div class=\"wp-block-media-text__content\">\n<p><strong>Categor\u00eda<\/strong>: Catedr\u00e1tica de Econom\u00eda Financiera y Contabilidad, Universidad de Oviedo<br><strong>Contacto<\/strong>: <a rel=\"noreferrer noopener\" href=\"mailto:sgomez@uniovi.es\" target=\"_blank\">sgomez@uniovi.es<\/a><\/p>\n\n\n\n<div class=\"wp-block-group is-nowrap is-layout-flex wp-container-core-group-is-layout-9123dee2 wp-block-group-is-layout-flex\">\n<figure class=\"wp-block-image size-full is-resized is-style-default\"><a href=\"https:\/\/orcid.org\/0000-0002-9630-4935\" target=\"_blank\" rel=\"noreferrer noopener\"><img loading=\"lazy\" decoding=\"async\" width=\"120\" height=\"120\" src=\"http:\/\/www.unioviedo.es\/fincorp\/wp-content\/uploads\/2023\/02\/ORCID.png\" alt=\"\" class=\"wp-image-588\" style=\"width:30px;height:30px\"\/><\/a><\/figure>\n\n\n\n<figure class=\"wp-block-image size-full is-resized\"><a href=\"https:\/\/scholar.google.es\/citations?user=hKQt8k8AAAAJ&amp;hl=es\" target=\"_blank\" rel=\"noreferrer noopener\"><img loading=\"lazy\" decoding=\"async\" width=\"795\" height=\"795\" src=\"https:\/\/www.unioviedo.es\/fincorp\/wp-content\/uploads\/2023\/02\/Google-Scholar-2.png\" alt=\"\" class=\"wp-image-597\" style=\"width:30px;height:30px\" srcset=\"https:\/\/www.unioviedo.es\/fincorp\/wp-content\/uploads\/2023\/02\/Google-Scholar-2.png 795w, https:\/\/www.unioviedo.es\/fincorp\/wp-content\/uploads\/2023\/02\/Google-Scholar-2-300x300.png 300w, https:\/\/www.unioviedo.es\/fincorp\/wp-content\/uploads\/2023\/02\/Google-Scholar-2-150x150.png 150w, https:\/\/www.unioviedo.es\/fincorp\/wp-content\/uploads\/2023\/02\/Google-Scholar-2-768x768.png 768w\" sizes=\"auto, (max-width: 795px) 100vw, 795px\" \/><\/a><\/figure>\n\n\n\n<figure class=\"wp-block-image size-full is-resized\"><a href=\"https:\/\/www.researchgate.net\/profile\/Silvia-Gomez-Anson\" target=\"_blank\" rel=\"noreferrer noopener\"><img loading=\"lazy\" decoding=\"async\" width=\"120\" height=\"120\" src=\"https:\/\/www.unioviedo.es\/fincorp\/wp-content\/uploads\/2023\/02\/ResearchGate.png\" alt=\"\" class=\"wp-image-594\" style=\"width:30px;height:30px\"\/><\/a><\/figure>\n\n\n\n<figure class=\"wp-block-image size-full is-resized\"><a href=\"https:\/\/es.linkedin.com\/in\/silvia-g%C3%B3mez-ans%C3%B3n-50584b14\" target=\"_blank\" rel=\"noreferrer noopener\"><img loading=\"lazy\" decoding=\"async\" width=\"120\" height=\"120\" src=\"http:\/\/www.unioviedo.es\/fincorp\/wp-content\/uploads\/2023\/02\/LinkedIn.png\" alt=\"\" class=\"wp-image-595\" style=\"width:30px;height:30px\"\/><\/a><\/figure>\n<\/div>\n<\/div><\/div>\n\n\n\n<div style=\"height:35px\" aria-hidden=\"true\" class=\"wp-block-spacer\"><\/div>\n\n\n\n<h2 class=\"wp-block-heading\">\u00c1reas de inter\u00e9s<\/h2>\n\n\n\n<ul class=\"wp-block-list\">\n<li>Finanzas corporativas<\/li>\n\n\n\n<li>Gobierno corporativo<\/li>\n\n\n\n<li>Educaci\u00f3n financiera<\/li>\n\n\n\n<li>Empresa familiar<\/li>\n\n\n\n<li>G\u00e9nero y gobierno corporativo<\/li>\n\n\n\n<li>Sostenibilidad<\/li>\n<\/ul>\n\n\n\n<h2 class=\"wp-block-heading\">Biograf\u00eda<\/h2>\n\n\n\n<div class=\"wp-block-group is-vertical is-layout-flex wp-container-core-group-is-layout-8cf370e7 wp-block-group-is-layout-flex\">\n<p>Catedr\u00e1tica de Econom\u00eda Financiera y Contabilidad, Universidad de Oviedo.<\/p>\n\n\n\n<p>Es licenciada en Ciencias Econ\u00f3micas y Empresariales&nbsp; por CUNEF, M\u00e1ster en Econom\u00eda Internacional por la Universidad de Constanza, Alemania y Doctora en Ciencias Econ\u00f3micas y Empresariales por la Universidad de Oviedo.<\/p>\n\n\n\n<p>Es autora de publicaciones cient\u00edficas en forma de art\u00edculos, libros y cap\u00edtulos de libro.&nbsp;Premio Jos\u00e9 Sanch\u00eds (1996) y Premio Secci\u00f3n Empresa Familiar (2017), y finalista (2007, 2021) en Congresos ACEDE;&nbsp;Premio Alden G. Lank\/Family Business Consulting Group Award en Congreso IFERA (2004) y Premio Estudios Financieros, modalidad de Contabilidad y Administraci\u00f3n de Empresas (2002). Ponente invitada en seminarios y reuniones de organismos nacionales e internacionales.&nbsp;Ha dirigido varias tesis doctorales, entre ellas con menci\u00f3n de Doctor Internacional y Premio Extraordinario de Doctorado. Cuenta con seis sexenios: cinco de investigaci\u00f3n y uno de transferencia.<\/p>\n\n\n\n<p>Profesora invitada en universidades alemanas (Otto von Guericke Universit\u00e4t Magdeburg y Europa Universit\u00e4t Viadrina), y en la&nbsp;Universit\u00e0 degli Studi di Torino, Italia.&nbsp;Ha sido Directora de \u00c1rea de Coordinaci\u00f3n del Vicerrectorado de Planificaci\u00f3n Econ\u00f3mica y Delegada del Rector para el Campus de Excelencia Internacional de la Universidad de Oviedo. Responsable del Grupo de Investigaci\u00f3n Finanzas y Gobierno Corporativo de la Universidad de Oviedo y subdirectora de la C\u00e1tedra Concepci\u00f3n Arenal de Agenda 2030. A nivel nacional, ha colaborado con ANECA, ANEP, ACPUA, ACSYCYL, ACSUG, AQU Catalunya, AVAP, ACCUA, Fundaci\u00f3n Madridmasd, Fundaci\u00f3n LaCaixa, Fundaci\u00f3n Ram\u00f3n Areces y UNIBASQ. A nivel internacional, con la&nbsp;Agencia Ejecutiva&nbsp;Europea de&nbsp;Educaci\u00f3n&nbsp;y&nbsp;Cultura&nbsp;(EACEA). la Agencia Ejecutiva Europea de Investigaci\u00f3n (REA), Instituto Europeo de Innovaci\u00f3n y Tecnolog\u00eda (EIT),&nbsp; Alianza de Universidades EuroTech,&nbsp;L\u2019Ecole Polytechnique F\u00e9d\u00e9rale de Lausanne (EPFL),&nbsp;Servicio Alem\u00e1n de Intercambio Acad\u00e9mico (DAAD).<\/p>\n\n\n\n<p>Ha sido miembro del&nbsp;Panel Evaluador \u00e1rea de Econom\u00eda Contratos FPU (2020-2022), del Comit\u00e9 de&nbsp;Ciencias Jur\u00eddico-Sociales de&nbsp;las ayudas de apoyo a la etapa&nbsp;predoctoral, ACSUG (2021), de la&nbsp;Comisi\u00f3n de Verificaci\u00f3n, Seguimiento y Acreditaci\u00f3n de Programas de Doctorado (coordinadora rama Econom\u00eda), ACCUA (2016-2020) y de la Comisi\u00f3n de Ciencias Sociales y Jur\u00eddicas Evaluaci\u00f3n Institucional y de Programas, AQU Catalunya (2016-2021).<\/p>\n<\/div>\n","protected":false},"excerpt":{"rendered":"<p>\u00c1reas de inter\u00e9s Biograf\u00eda Catedr\u00e1tica de Econom\u00eda Financiera y Contabilidad, Universidad de Oviedo. Es licenciada en Ciencias Econ\u00f3micas y Empresariales&nbsp; por CUNEF, M\u00e1ster en Econom\u00eda Internacional por la Universidad de Constanza, Alemania y Doctora en Ciencias Econ\u00f3micas y Empresariales por la Universidad de Oviedo. Es autora de publicaciones cient\u00edficas en forma de art\u00edculos, libros y&hellip;&nbsp;<a href=\"https:\/\/www.unioviedo.es\/fincorp\/index.php\/equipo\/investigadores\/silvia-gomez-anson\/\" rel=\"bookmark\">Leer m\u00e1s &raquo;<span class=\"screen-reader-text\">Silvia G\u00f3mez Ans\u00f3n<\/span><\/a><\/p>\n","protected":false},"author":1,"featured_media":0,"parent":101,"menu_order":3,"comment_status":"closed","ping_status":"closed","template":"","meta":{"neve_meta_sidebar":"","neve_meta_container":"","neve_meta_enable_content_width":"","neve_meta_content_width":0,"neve_meta_title_alignment":"","neve_meta_author_avatar":"","neve_post_elements_order":"","neve_meta_disable_header":"","neve_meta_disable_footer":"","neve_meta_disable_title":"","footnotes":""},"class_list":["post-395","page","type-page","status-publish","hentry"],"_links":{"self":[{"href":"https:\/\/www.unioviedo.es\/fincorp\/index.php\/wp-json\/wp\/v2\/pages\/395","targetHints":{"allow":["GET"]}}],"collection":[{"href":"https:\/\/www.unioviedo.es\/fincorp\/index.php\/wp-json\/wp\/v2\/pages"}],"about":[{"href":"https:\/\/www.unioviedo.es\/fincorp\/index.php\/wp-json\/wp\/v2\/types\/page"}],"author":[{"embeddable":true,"href":"https:\/\/www.unioviedo.es\/fincorp\/index.php\/wp-json\/wp\/v2\/users\/1"}],"replies":[{"embeddable":true,"href":"https:\/\/www.unioviedo.es\/fincorp\/index.php\/wp-json\/wp\/v2\/comments?post=395"}],"version-history":[{"count":45,"href":"https:\/\/www.unioviedo.es\/fincorp\/index.php\/wp-json\/wp\/v2\/pages\/395\/revisions"}],"predecessor-version":[{"id":3339,"href":"https:\/\/www.unioviedo.es\/fincorp\/index.php\/wp-json\/wp\/v2\/pages\/395\/revisions\/3339"}],"up":[{"embeddable":true,"href":"https:\/\/www.unioviedo.es\/fincorp\/index.php\/wp-json\/wp\/v2\/pages\/101"}],"wp:attachment":[{"href":"https:\/\/www.unioviedo.es\/fincorp\/index.php\/wp-json\/wp\/v2\/media?parent=395"}],"curies":[{"name":"wp","href":"https:\/\/api.w.org\/{rel}","templated":true}]}}

Silvia Gómez Ansón

<div class="wp-block-media-text alignwide is-stacked-on-mobile is-vertically-aligned-center" style="grid-template-columns:25% auto"><figure class="wp-block-media-text__media"><img loading="lazy" decoding="async" width="176" height="179" src="https://www.unioviedo.es/fincorp/wp-content/uploads/2025/05/FotoWeb-SGA.jpg" alt="" class="wp-image-3338 size-full"/></figure><div class="wp-block-media-text__content">
<p><strong>Categoría</strong>: Catedrática de Economía Financiera y Contabilidad, Universidad de Oviedo<br><strong>Contacto</strong>: <a rel="noreferrer noopener" href="mailto:sgomez@uniovi.es" target="_blank">sgomez@uniovi.es</a></p>



<div class="wp-block-group is-nowrap is-layout-flex wp-container-core-group-is-layout-9123dee2 wp-block-group-is-layout-flex">
<figure class="wp-block-image size-full is-resized is-style-default"><a href="https://orcid.org/0000-0002-9630-4935" target="_blank" rel="noreferrer noopener"><img loading="lazy" decoding="async" width="120" height="120" src="http://www.unioviedo.es/fincorp/wp-content/uploads/2023/02/ORCID.png" alt="" class="wp-image-588" style="width:30px;height:30px"/></a></figure>



<figure class="wp-block-image size-full is-resized"><a href="https://scholar.google.es/citations?user=hKQt8k8AAAAJ&amp;hl=es" target="_blank" rel="noreferrer noopener"><img loading="lazy" decoding="async" width="795" height="795" src="https://www.unioviedo.es/fincorp/wp-content/uploads/2023/02/Google-Scholar-2.png" alt="" class="wp-image-597" style="width:30px;height:30px" srcset="https://www.unioviedo.es/fincorp/wp-content/uploads/2023/02/Google-Scholar-2.png 795w, https://www.unioviedo.es/fincorp/wp-content/uploads/2023/02/Google-Scholar-2-300x300.png 300w, https://www.unioviedo.es/fincorp/wp-content/uploads/2023/02/Google-Scholar-2-150x150.png 150w, https://www.unioviedo.es/fincorp/wp-content/uploads/2023/02/Google-Scholar-2-768x768.png 768w" sizes="auto, (max-width: 795px) 100vw, 795px" /></a></figure>



<figure class="wp-block-image size-full is-resized"><a href="https://www.researchgate.net/profile/Silvia-Gomez-Anson" target="_blank" rel="noreferrer noopener"><img loading="lazy" decoding="async" width="120" height="120" src="https://www.unioviedo.es/fincorp/wp-content/uploads/2023/02/ResearchGate.png" alt="" class="wp-image-594" style="width:30px;height:30px"/></a></figure>



<figure class="wp-block-image size-full is-resized"><a href="https://es.linkedin.com/in/silvia-g%C3%B3mez-ans%C3%B3n-50584b14" target="_blank" rel="noreferrer noopener"><img loading="lazy" decoding="async" width="120" height="120" src="http://www.unioviedo.es/fincorp/wp-content/uploads/2023/02/LinkedIn.png" alt="" class="wp-image-595" style="width:30px;height:30px"/></a></figure>
</div>
</div></div>



<div style="height:35px" aria-hidden="true" class="wp-block-spacer"></div>



<h2 class="wp-block-heading">Áreas de interés</h2>



<ul class="wp-block-list">
<li>Finanzas corporativas</li>



<li>Gobierno corporativo</li>



<li>Educación financiera</li>



<li>Empresa familiar</li>



<li>Género y gobierno corporativo</li>



<li>Sostenibilidad</li>
</ul>



<h2 class="wp-block-heading">Biografía</h2>



<div class="wp-block-group is-vertical is-layout-flex wp-container-core-group-is-layout-8cf370e7 wp-block-group-is-layout-flex">
<p>Catedrática de Economía Financiera y Contabilidad, Universidad de Oviedo.</p>



<p>Es licenciada en Ciencias Económicas y Empresariales&nbsp; por CUNEF, Máster en Economía Internacional por la Universidad de Constanza, Alemania y Doctora en Ciencias Económicas y Empresariales por la Universidad de Oviedo.</p>



<p>Es autora de publicaciones científicas en forma de artículos, libros y capítulos de libro.&nbsp;Premio José Sanchís (1996) y Premio Sección Empresa Familiar (2017), y finalista (2007, 2021) en Congresos ACEDE;&nbsp;Premio Alden G. Lank/Family Business Consulting Group Award en Congreso IFERA (2004) y Premio Estudios Financieros, modalidad de Contabilidad y Administración de Empresas (2002). Ponente invitada en seminarios y reuniones de organismos nacionales e internacionales.&nbsp;Ha dirigido varias tesis doctorales, entre ellas con mención de Doctor Internacional y Premio Extraordinario de Doctorado. Cuenta con seis sexenios: cinco de investigación y uno de transferencia.</p>



<p>Profesora invitada en universidades alemanas (Otto von Guericke Universität Magdeburg y Europa Universität Viadrina), y en la&nbsp;Università degli Studi di Torino, Italia.&nbsp;Ha sido Directora de Área de Coordinación del Vicerrectorado de Planificación Económica y Delegada del Rector para el Campus de Excelencia Internacional de la Universidad de Oviedo. Responsable del Grupo de Investigación Finanzas y Gobierno Corporativo de la Universidad de Oviedo y subdirectora de la Cátedra Concepción Arenal de Agenda 2030. A nivel nacional, ha colaborado con ANECA, ANEP, ACPUA, ACSYCYL, ACSUG, AQU Catalunya, AVAP, ACCUA, Fundación Madridmasd, Fundación LaCaixa, Fundación Ramón Areces y UNIBASQ. A nivel internacional, con la&nbsp;Agencia Ejecutiva&nbsp;Europea de&nbsp;Educación&nbsp;y&nbsp;Cultura&nbsp;(EACEA). la Agencia Ejecutiva Europea de Investigación (REA), Instituto Europeo de Innovación y Tecnología (EIT),&nbsp; Alianza de Universidades EuroTech,&nbsp;L’Ecole Polytechnique Fédérale de Lausanne (EPFL),&nbsp;Servicio Alemán de Intercambio Académico (DAAD).</p>



<p>Ha sido miembro del&nbsp;Panel Evaluador área de Economía Contratos FPU (2020-2022), del Comité de&nbsp;Ciencias Jurídico-Sociales de&nbsp;las ayudas de apoyo a la etapa&nbsp;predoctoral, ACSUG (2021), de la&nbsp;Comisión de Verificación, Seguimiento y Acreditación de Programas de Doctorado (coordinadora rama Economía), ACCUA (2016-2020) y de la Comisión de Ciencias Sociales y Jurídicas Evaluación Institucional y de Programas, AQU Catalunya (2016-2021).</p>
</div>

<p>Áreas de interés Biografía Catedrática de Economía Financiera y Contabilidad, Universidad de Oviedo. Es licenciada en Ciencias Económicas y Empresariales&nbsp; por CUNEF, Máster en Economía Internacional por la Universidad de Constanza, Alemania y Doctora en Ciencias Económicas y Empresariales por la Universidad de Oviedo. Es autora de publicaciones científicas en forma de artículos, libros y&hellip;&nbsp;<a href="https://www.unioviedo.es/fincorp/index.php/equipo/investigadores/silvia-gomez-anson/" rel="bookmark">Leer más &raquo;<span class="screen-reader-text">Silvia Gómez Ansón</span></a></p>
