{"id":483,"date":"2023-02-23T08:27:49","date_gmt":"2023-02-23T08:27:49","guid":{"rendered":"https:\/\/www.unioviedo.es\/fincorp\/?page_id=483"},"modified":"2023-03-14T10:32:16","modified_gmt":"2023-03-14T10:32:16","slug":"laura-cabeza-garcia","status":"publish","type":"page","link":"https:\/\/www.unioviedo.es\/fincorp\/index.php\/equipo\/investigadores\/laura-cabeza-garcia\/","title":{"rendered":"Laura Cabeza Garc\u00eda"},"content":{"rendered":"\n<div class=\"wp-block-media-text alignwide is-stacked-on-mobile is-vertically-aligned-center\" style=\"grid-template-columns:25% auto\"><figure class=\"wp-block-media-text__media\"><img loading=\"lazy\" decoding=\"async\" width=\"683\" height=\"1024\" src=\"http:\/\/www.unioviedo.es\/fincorp\/wp-content\/uploads\/2023\/03\/Laura-Cabeza-Garcia-683x1024.jpg\" alt=\"\" class=\"wp-image-1264 size-full\" srcset=\"https:\/\/www.unioviedo.es\/fincorp\/wp-content\/uploads\/2023\/03\/Laura-Cabeza-Garcia-683x1024.jpg 683w, https:\/\/www.unioviedo.es\/fincorp\/wp-content\/uploads\/2023\/03\/Laura-Cabeza-Garcia-200x300.jpg 200w, https:\/\/www.unioviedo.es\/fincorp\/wp-content\/uploads\/2023\/03\/Laura-Cabeza-Garcia-768x1152.jpg 768w, https:\/\/www.unioviedo.es\/fincorp\/wp-content\/uploads\/2023\/03\/Laura-Cabeza-Garcia-1024x1536.jpg 1024w, https:\/\/www.unioviedo.es\/fincorp\/wp-content\/uploads\/2023\/03\/Laura-Cabeza-Garcia-1365x2048.jpg 1365w, https:\/\/www.unioviedo.es\/fincorp\/wp-content\/uploads\/2023\/03\/Laura-Cabeza-Garcia-scaled.jpg 1707w\" sizes=\"auto, (max-width: 683px) 100vw, 683px\" \/><\/figure><div class=\"wp-block-media-text__content\">\n<p><strong>Categor\u00eda<\/strong>: Catedr\u00e1tica de Organizaci\u00f3n de Empresas, Universidad de Le\u00f3n<br><strong>Contacto<\/strong>: <a rel=\"noreferrer noopener\" href=\"mailto:laura.cabeza@unileon.es\" target=\"_blank\">laura.cabeza@unileon.es<\/a><\/p>\n\n\n\n<div class=\"wp-block-group is-nowrap is-layout-flex wp-container-core-group-is-layout-9123dee2 wp-block-group-is-layout-flex\">\n<figure class=\"wp-block-image size-full is-resized\"><a href=\"https:\/\/orcid.org\/0000-0001-8893-9415\" target=\"_blank\" rel=\"noreferrer noopener\"><img loading=\"lazy\" decoding=\"async\" src=\"http:\/\/www.unioviedo.es\/fincorp\/wp-content\/uploads\/2023\/02\/ORCID.png\" alt=\"\" class=\"wp-image-588\" width=\"30\" height=\"30\"\/><\/a><\/figure>\n\n\n\n<figure class=\"wp-block-image size-full is-resized\"><a href=\"https:\/\/scholar.google.com\/citations?user=UbbH5IQAAAAJ\" target=\"_blank\" rel=\"noreferrer noopener\"><img loading=\"lazy\" decoding=\"async\" src=\"https:\/\/www.unioviedo.es\/fincorp\/wp-content\/uploads\/2023\/02\/Google-Scholar-2.png\" alt=\"\" class=\"wp-image-597\" width=\"30\" height=\"30\" srcset=\"https:\/\/www.unioviedo.es\/fincorp\/wp-content\/uploads\/2023\/02\/Google-Scholar-2.png 795w, https:\/\/www.unioviedo.es\/fincorp\/wp-content\/uploads\/2023\/02\/Google-Scholar-2-300x300.png 300w, https:\/\/www.unioviedo.es\/fincorp\/wp-content\/uploads\/2023\/02\/Google-Scholar-2-150x150.png 150w, https:\/\/www.unioviedo.es\/fincorp\/wp-content\/uploads\/2023\/02\/Google-Scholar-2-768x768.png 768w\" sizes=\"auto, (max-width: 30px) 100vw, 30px\" \/><\/a><\/figure>\n\n\n\n<figure class=\"wp-block-image size-full is-resized\"><a href=\"https:\/\/www.researchgate.net\/profile\/Laura-Cabeza-Garcia\" target=\"_blank\" rel=\"noreferrer noopener\"><img loading=\"lazy\" decoding=\"async\" src=\"https:\/\/www.unioviedo.es\/fincorp\/wp-content\/uploads\/2023\/02\/ResearchGate.png\" alt=\"\" class=\"wp-image-594\" width=\"30\" height=\"30\"\/><\/a><\/figure>\n\n\n\n<figure class=\"wp-block-image size-full is-resized\"><a href=\"https:\/\/es.linkedin.com\/in\/laura-cabeza-garc%C3%ADa-3b638325\" target=\"_blank\" rel=\"noreferrer noopener\"><img loading=\"lazy\" decoding=\"async\" src=\"http:\/\/www.unioviedo.es\/fincorp\/wp-content\/uploads\/2023\/02\/LinkedIn.png\" alt=\"\" class=\"wp-image-595\" width=\"30\" height=\"30\"\/><\/a><\/figure>\n<\/div>\n<\/div><\/div>\n\n\n\n<div style=\"height:35px\" aria-hidden=\"true\" class=\"wp-block-spacer\"><\/div>\n\n\n\n<h2 class=\"wp-block-heading\">\u00c1reas de inter\u00e9s<\/h2>\n\n\n\n<ul class=\"wp-block-list\">\n<li>Gobierno corporativo<\/li>\n\n\n\n<li>Empresa familiar<\/li>\n\n\n\n<li>Privatizaciones<\/li>\n\n\n\n<li>RSC<\/li>\n<\/ul>\n\n\n\n<h2 class=\"wp-block-heading\">Biograf\u00eda<\/h2>\n\n\n\n<div class=\"wp-block-group is-vertical is-layout-flex wp-container-core-group-is-layout-8cf370e7 wp-block-group-is-layout-flex\">\n<p>Catedr\u00e1tica de Universidad en Organizaci\u00f3n de Empresas de la Universidad de Le\u00f3n (ULE) (2022).&nbsp;&nbsp;<\/p>\n\n\n\n<p>Es licenciada en Administraci\u00f3n y Direcci\u00f3n de Empresas y Doctora por la Universidad de Oviedo. Es coordinadora Erasmus y participa en programas de doctorado y en m\u00e1steres de varias universidades espa\u00f1olas.\u00a0Ha participado en diversos programas de movilidad docente, evaluado proyectos para el\u00a0Institut de Formation Internationale (IFI),\u00a0\u00a0Ecole Sup\u00e9rieure de Comerse, Rouen, Francia, e impartido docencia en la Universidad Nacional Daniel Alcides de Carri\u00f3n (Per\u00fa, online). Coordina el Grupo de Innovaci\u00f3n Docente en Estrategia Empresarial de la ULE. Ha participado en la Semana de la Ciencia de Castilla y Le\u00f3n, de la Noche Europea de los Investigadores y en el D\u00eda Internacional de la Mujer y la Ni\u00f1a en la Ciencia.\u00a0\u00a0\u00a0<\/p>\n\n\n\n<p>Premio Extraordinario de Doctorado, y Acc\u00e9sit en el III Premio Santander de Investigaci\u00f3n (2017), y\u00a0segundo Premio Estudios Financieros CEF (2007).\u00a0\u00a0Ha publicado m\u00e1s de 50 art\u00edculos en revistas, varios\u00a0libros\/monograf\u00edas y cap\u00edtulos de libro, participado en distintos proyectos de investigaci\u00f3n y ha sido la investigadora principal de una Ayuda a la Investigaci\u00f3n de la Fundaci\u00f3n de Estudios\u00a0Financieros y de un proyecto de la Consejer\u00eda de Hacienda de la Junta de Castilla y Le\u00f3n. Ha dirigido varias tesis doctorales, entre ellas dos con menci\u00f3n internacional.\u00a0Tiene reconocidos\u00a02 sexenios\u00a0de actividad investigadora.\u00a0\u00a0<\/p>\n\n\n\n<p>Ha sido secretaria de la Secci\u00f3n de Estrategia Empresarial de ACEDE (junio 2018-junio 2022) y desde 2019 es la secretaria del Departamento de Direcci\u00f3n y Econom\u00eda de la Empresa de la ULE as\u00ed como editora asociada de la revista\u00a0Review of Managerial Science.<\/p>\n<\/div>\n","protected":false},"excerpt":{"rendered":"<p>\u00c1reas de inter\u00e9s Biograf\u00eda Catedr\u00e1tica de Universidad en Organizaci\u00f3n de Empresas de la Universidad de Le\u00f3n (ULE) (2022).&nbsp;&nbsp; Es licenciada en Administraci\u00f3n y Direcci\u00f3n de Empresas y Doctora por la Universidad de Oviedo. Es coordinadora Erasmus y participa en programas de doctorado y en m\u00e1steres de varias universidades espa\u00f1olas.\u00a0Ha participado en diversos programas de movilidad&hellip;&nbsp;<a href=\"https:\/\/www.unioviedo.es\/fincorp\/index.php\/equipo\/investigadores\/laura-cabeza-garcia\/\" rel=\"bookmark\">Leer m\u00e1s &raquo;<span class=\"screen-reader-text\">Laura Cabeza Garc\u00eda<\/span><\/a><\/p>\n","protected":false},"author":1,"featured_media":0,"parent":101,"menu_order":3,"comment_status":"closed","ping_status":"closed","template":"","meta":{"neve_meta_sidebar":"","neve_meta_container":"","neve_meta_enable_content_width":"","neve_meta_content_width":0,"neve_meta_title_alignment":"","neve_meta_author_avatar":"","neve_post_elements_order":"","neve_meta_disable_header":"","neve_meta_disable_footer":"","neve_meta_disable_title":"","footnotes":""},"class_list":["post-483","page","type-page","status-publish","hentry"],"_links":{"self":[{"href":"https:\/\/www.unioviedo.es\/fincorp\/index.php\/wp-json\/wp\/v2\/pages\/483","targetHints":{"allow":["GET"]}}],"collection":[{"href":"https:\/\/www.unioviedo.es\/fincorp\/index.php\/wp-json\/wp\/v2\/pages"}],"about":[{"href":"https:\/\/www.unioviedo.es\/fincorp\/index.php\/wp-json\/wp\/v2\/types\/page"}],"author":[{"embeddable":true,"href":"https:\/\/www.unioviedo.es\/fincorp\/index.php\/wp-json\/wp\/v2\/users\/1"}],"replies":[{"embeddable":true,"href":"https:\/\/www.unioviedo.es\/fincorp\/index.php\/wp-json\/wp\/v2\/comments?post=483"}],"version-history":[{"count":14,"href":"https:\/\/www.unioviedo.es\/fincorp\/index.php\/wp-json\/wp\/v2\/pages\/483\/revisions"}],"predecessor-version":[{"id":1277,"href":"https:\/\/www.unioviedo.es\/fincorp\/index.php\/wp-json\/wp\/v2\/pages\/483\/revisions\/1277"}],"up":[{"embeddable":true,"href":"https:\/\/www.unioviedo.es\/fincorp\/index.php\/wp-json\/wp\/v2\/pages\/101"}],"wp:attachment":[{"href":"https:\/\/www.unioviedo.es\/fincorp\/index.php\/wp-json\/wp\/v2\/media?parent=483"}],"curies":[{"name":"wp","href":"https:\/\/api.w.org\/{rel}","templated":true}]}}

Laura Cabeza García

<div class="wp-block-media-text alignwide is-stacked-on-mobile is-vertically-aligned-center" style="grid-template-columns:25% auto"><figure class="wp-block-media-text__media"><img loading="lazy" decoding="async" width="683" height="1024" src="http://www.unioviedo.es/fincorp/wp-content/uploads/2023/03/Laura-Cabeza-Garcia-683x1024.jpg" alt="" class="wp-image-1264 size-full" srcset="https://www.unioviedo.es/fincorp/wp-content/uploads/2023/03/Laura-Cabeza-Garcia-683x1024.jpg 683w, https://www.unioviedo.es/fincorp/wp-content/uploads/2023/03/Laura-Cabeza-Garcia-200x300.jpg 200w, https://www.unioviedo.es/fincorp/wp-content/uploads/2023/03/Laura-Cabeza-Garcia-768x1152.jpg 768w, https://www.unioviedo.es/fincorp/wp-content/uploads/2023/03/Laura-Cabeza-Garcia-1024x1536.jpg 1024w, https://www.unioviedo.es/fincorp/wp-content/uploads/2023/03/Laura-Cabeza-Garcia-1365x2048.jpg 1365w, https://www.unioviedo.es/fincorp/wp-content/uploads/2023/03/Laura-Cabeza-Garcia-scaled.jpg 1707w" sizes="auto, (max-width: 683px) 100vw, 683px" /></figure><div class="wp-block-media-text__content">
<p><strong>Categoría</strong>: Catedrática de Organización de Empresas, Universidad de León<br><strong>Contacto</strong>: <a rel="noreferrer noopener" href="mailto:laura.cabeza@unileon.es" target="_blank">laura.cabeza@unileon.es</a></p>



<div class="wp-block-group is-nowrap is-layout-flex wp-container-core-group-is-layout-9123dee2 wp-block-group-is-layout-flex">
<figure class="wp-block-image size-full is-resized"><a href="https://orcid.org/0000-0001-8893-9415" target="_blank" rel="noreferrer noopener"><img loading="lazy" decoding="async" src="http://www.unioviedo.es/fincorp/wp-content/uploads/2023/02/ORCID.png" alt="" class="wp-image-588" width="30" height="30"/></a></figure>



<figure class="wp-block-image size-full is-resized"><a href="https://scholar.google.com/citations?user=UbbH5IQAAAAJ" target="_blank" rel="noreferrer noopener"><img loading="lazy" decoding="async" src="https://www.unioviedo.es/fincorp/wp-content/uploads/2023/02/Google-Scholar-2.png" alt="" class="wp-image-597" width="30" height="30" srcset="https://www.unioviedo.es/fincorp/wp-content/uploads/2023/02/Google-Scholar-2.png 795w, https://www.unioviedo.es/fincorp/wp-content/uploads/2023/02/Google-Scholar-2-300x300.png 300w, https://www.unioviedo.es/fincorp/wp-content/uploads/2023/02/Google-Scholar-2-150x150.png 150w, https://www.unioviedo.es/fincorp/wp-content/uploads/2023/02/Google-Scholar-2-768x768.png 768w" sizes="auto, (max-width: 30px) 100vw, 30px" /></a></figure>



<figure class="wp-block-image size-full is-resized"><a href="https://www.researchgate.net/profile/Laura-Cabeza-Garcia" target="_blank" rel="noreferrer noopener"><img loading="lazy" decoding="async" src="https://www.unioviedo.es/fincorp/wp-content/uploads/2023/02/ResearchGate.png" alt="" class="wp-image-594" width="30" height="30"/></a></figure>



<figure class="wp-block-image size-full is-resized"><a href="https://es.linkedin.com/in/laura-cabeza-garc%C3%ADa-3b638325" target="_blank" rel="noreferrer noopener"><img loading="lazy" decoding="async" src="http://www.unioviedo.es/fincorp/wp-content/uploads/2023/02/LinkedIn.png" alt="" class="wp-image-595" width="30" height="30"/></a></figure>
</div>
</div></div>



<div style="height:35px" aria-hidden="true" class="wp-block-spacer"></div>



<h2 class="wp-block-heading">Áreas de interés</h2>



<ul class="wp-block-list">
<li>Gobierno corporativo</li>



<li>Empresa familiar</li>



<li>Privatizaciones</li>



<li>RSC</li>
</ul>



<h2 class="wp-block-heading">Biografía</h2>



<div class="wp-block-group is-vertical is-layout-flex wp-container-core-group-is-layout-8cf370e7 wp-block-group-is-layout-flex">
<p>Catedrática de Universidad en Organización de Empresas de la Universidad de León (ULE) (2022).&nbsp;&nbsp;</p>



<p>Es licenciada en Administración y Dirección de Empresas y Doctora por la Universidad de Oviedo. Es coordinadora Erasmus y participa en programas de doctorado y en másteres de varias universidades españolas. Ha participado en diversos programas de movilidad docente, evaluado proyectos para el Institut de Formation Internationale (IFI),  Ecole Supérieure de Comerse, Rouen, Francia, e impartido docencia en la Universidad Nacional Daniel Alcides de Carrión (Perú, online). Coordina el Grupo de Innovación Docente en Estrategia Empresarial de la ULE. Ha participado en la Semana de la Ciencia de Castilla y León, de la Noche Europea de los Investigadores y en el Día Internacional de la Mujer y la Niña en la Ciencia.   </p>



<p>Premio Extraordinario de Doctorado, y Accésit en el III Premio Santander de Investigación (2017), y segundo Premio Estudios Financieros CEF (2007).  Ha publicado más de 50 artículos en revistas, varios libros/monografías y capítulos de libro, participado en distintos proyectos de investigación y ha sido la investigadora principal de una Ayuda a la Investigación de la Fundación de Estudios Financieros y de un proyecto de la Consejería de Hacienda de la Junta de Castilla y León. Ha dirigido varias tesis doctorales, entre ellas dos con mención internacional. Tiene reconocidos 2 sexenios de actividad investigadora.  </p>



<p>Ha sido secretaria de la Sección de Estrategia Empresarial de ACEDE (junio 2018-junio 2022) y desde 2019 es la secretaria del Departamento de Dirección y Economía de la Empresa de la ULE así como editora asociada de la revista Review of Managerial Science.</p>
</div>

<p>Áreas de interés Biografía Catedrática de Universidad en Organización de Empresas de la Universidad de León (ULE) (2022).&nbsp;&nbsp; Es licenciada en Administración y Dirección de Empresas y Doctora por la Universidad de Oviedo. Es coordinadora Erasmus y participa en programas de doctorado y en másteres de varias universidades españolas. Ha participado en diversos programas de movilidad&hellip;&nbsp;<a href="https://www.unioviedo.es/fincorp/index.php/equipo/investigadores/laura-cabeza-garcia/" rel="bookmark">Leer más &raquo;<span class="screen-reader-text">Laura Cabeza García</span></a></p>
