{"id":1883,"date":"2020-03-19T13:48:03","date_gmt":"2020-03-19T12:48:03","guid":{"rendered":"https:\/\/www.unioviedo.es\/gelp\/?page_id=1883"},"modified":"2021-01-26T11:08:10","modified_gmt":"2021-01-26T10:08:10","slug":"publications-2020","status":"publish","type":"page","link":"https:\/\/www.unioviedo.es\/gelp\/publications\/publications-2020\/","title":{"rendered":"Publications 2020"},"content":{"rendered":"<section class=\"kc-elm kc-css-229036 kc_row\"><div class=\"kc-row-container  kc-container\"><div class=\"kc-wrap-columns\"><div class=\"kc-elm kc-css-223827 kc_col-sm-12 kc_column kc_col-sm-12\"><div class=\"kc-col-container\"><div class=\"kc-elm kc-css-586657 kc_text_block\"><\/p>\n<p class=\"capsule__title fixpadv--m\"><strong>Unravelling the complex habitat use of the white mullet, Mugil curema, in several coastal environments from Neotropical Pacific and Atlantic waters<\/strong><\/p>\n<table>\n<tbody>\n<tr>\n<th style=\"text-align: left;\">Author<\/th>\n<td>Avigliano, E., Iba\u00f1ez, A.L., Fabr\u00e9, N.N., Callic\u00f3-Fortunato, R., M\u00e9ndez, A., Pisonero, J., Volpedo, A.V.<\/td>\n<\/tr>\n<tr>\n<th style=\"text-align: left;\">Source<\/th>\n<td><em><strong>Aquatic Conservation Marine and Freshwater Ecosystems,<\/strong><\/em> October 2020<\/td>\n<\/tr>\n<tr>\n<th style=\"text-align: left;\">DOI<\/th>\n<td><span style=\"color: #0000ff;\"><a class=\"nova-e-link nova-e-link--color-inherit nova-e-link--theme-decorated\" style=\"color: #0000ff;\" href=\"http:\/\/doi.org\/10.1002\/aqc.3486\">10.1002\/aqc.3486<\/a><\/span><\/td>\n<\/tr>\n<\/tbody>\n<\/table>\n<p class=\"capsule__title fixpadv--m\"><strong>Elucidation of the Chemical Role of the Pyroclastic Materials on the State of Conservation of Mural Paintings from Pompeii<\/strong><\/p>\n<table>\n<tbody>\n<tr>\n<th style=\"text-align: left;\">Author<\/th>\n<td>P\u00e9rez-Diez, S., Fern\u00e1ndez-Men\u00e9ndez, L.J., Morillas, H., Martellone, A., De Nigris, B., Osanna, M., Bordel, N., Caruso, F., Madariaga, J.M., Maguregui, M.<\/td>\n<\/tr>\n<tr>\n<th style=\"text-align: left;\">Source<\/th>\n<td><em><strong>Angew. Chem. Int. Ed.,<\/strong><\/em> October 2020<\/td>\n<\/tr>\n<tr>\n<th style=\"text-align: left;\">DOI<\/th>\n<td><span style=\"color: #0000ff;\"><a class=\"nova-e-link nova-e-link--color-inherit nova-e-link--theme-decorated\" style=\"color: #0000ff;\" href=\"http:\/\/doi.org\/10.1002\/anie.202010497\">10.1002\/anie.202010497<\/a><\/span><\/td>\n<\/tr>\n<\/tbody>\n<\/table>\n<p class=\"capsule__title fixpadv--m\"><strong>White mullet Mugil curema population structure from Mexico and Brazil revealed by otolith chemistry<\/strong><\/p>\n<table>\n<tbody>\n<tr>\n<th style=\"text-align: left;\">Author<\/th>\n<td>Avigliano, E., Iba\u00f1ez, A.L., Fabr\u00e9, N.N., Callic\u00f3-Fortunato, R., M\u00e9ndez, A., Pisonero, J., Volpedo, A.V.<\/td>\n<\/tr>\n<tr>\n<th style=\"text-align: left;\">Source<\/th>\n<td><em><strong>Journal of Fish Biology,<\/strong><\/em> 2020<\/td>\n<\/tr>\n<tr>\n<th style=\"text-align: left;\">DOI<\/th>\n<td><span style=\"color: #0000ff;\"><a class=\"nova-e-link nova-e-link--color-inherit nova-e-link--theme-decorated\" style=\"color: #0000ff;\" href=\"http:\/\/doi.org\/10.1111\/jfb.14500\">10.1111\/jfb.14500<\/a><\/span><\/td>\n<\/tr>\n<\/tbody>\n<\/table>\n<p class=\"capsule__title fixpadv--m\"><strong>Evaluation of a modified halo flowing atmospheric pressure afterglow ion source for the analysis of direct injected volatile organic compounds<\/strong><\/p>\n<table>\n<tbody>\n<tr>\n<th style=\"text-align: left;\">Author<\/th>\n<td>Fandino, J., Orejas, J., Chauvet, L., Blanco, D., Guillot, P., Pisonero, J., Bordel, N..<\/td>\n<\/tr>\n<tr>\n<th style=\"text-align: left;\">Source<\/th>\n<td><em><strong>Journal of Analytical Atomic Spectrometry,<\/strong><\/em> 2020, Accepted manuscript<\/td>\n<\/tr>\n<tr>\n<th style=\"text-align: left;\">DOI<\/th>\n<td><span style=\"color: #0000ff;\"><a class=\"nova-e-link nova-e-link--color-inherit nova-e-link--theme-decorated\" style=\"color: #0000ff;\" href=\"http:\/\/doi.org\/10.1039\/D0JA00140F\">10.1039\/D0JA00140F<\/a><\/span><\/td>\n<\/tr>\n<\/tbody>\n<\/table>\n<p><strong>Statolith chemistry as a stock tag in the Argentine shortfin squid <em>Illex argentinus<\/em><\/strong><\/p>\n<table>\n<tbody>\n<tr>\n<th style=\"text-align: left;\">Author<\/th>\n<td>Avigliano, E., Ivanovic, M., Prandoni, N., M\u00e9ndez, A., Pisonero, J., Volpedo, A.V.<\/td>\n<\/tr>\n<tr>\n<th style=\"text-align: left;\">Source<\/th>\n<td><em><strong>Regional Studies in Marine Science<\/strong><\/em> (2020) 101355<\/td>\n<\/tr>\n<tr>\n<th style=\"text-align: left;\">DOI<\/th>\n<td><span style=\"color: #0000ff;\"><a class=\"nova-e-link nova-e-link--color-inherit nova-e-link--theme-decorated\" style=\"color: #0000ff;\" href=\"https:\/\/doi.org\/10.1016\/j.rsma.2020.101355\">10.1016\/j.rsma.2020.101355<\/a><\/span><\/td>\n<\/tr>\n<\/tbody>\n<\/table>\n<p><strong>Laser induced plasmas at different nebulization conditions: Spatio-temporal distribution of emission signals and excitation temperatures<\/strong><\/p>\n<table>\n<tbody>\n<tr>\n<th>Author<\/th>\n<td>M\u00e9ndez-L\u00f3pez, C., \u00c1lvarez-Garc\u00eda, R., \u00c1lvarez-Llamas, C., Fern\u00e1ndez-Men\u00e9ndez, L.J., Gonz\u00e1lez-Gago, C., Pisonero, J., Bordel, N.<\/td>\n<\/tr>\n<tr>\n<th>Source<\/th>\n<td><em><strong>Spectrochimica Acta Part B<\/strong><\/em>\u00a0170 (2020) 105906<\/td>\n<\/tr>\n<tr>\n<th>DOI<\/th>\n<td><span style=\"color: #0000ff;\"><a style=\"color: #0000ff;\" href=\"https:\/\/doi.org\/10.1016\/j.sab.2020.105906\">10.1016\/j.sab.2020.105906<\/a><\/span><\/td>\n<\/tr>\n<\/tbody>\n<\/table>\n<p><b>Breaking the boundaries in spectrometry. Molecular analysis with atomic spectrometric techniques.<\/b><\/p>\n<table>\n<tbody>\n<tr>\n<th>Author<\/th>\n<td>Resano, M., Aramend\u00eda, M., Nakadi, F.V., Garc\u00eda-Ru\u00edz, E, \u00c1lvarez-Llamas, C., Bordel, N., Pisonero, J., Bolea-Fern\u00e1ndez, E., Liu, T., Vanhaecke, F.<\/td>\n<\/tr>\n<tr>\n<th>Source<\/th>\n<td><em><strong>TrAC Trends in Analytical Chemistry<\/strong><\/em>, 129 (2020) 115955<\/td>\n<\/tr>\n<tr>\n<th>DOI<\/th>\n<td><span style=\"color: #0000ff;\"><a class=\"doi\" style=\"color: #0000ff;\" title=\"Persistent link using digital object identifier\" href=\"https:\/\/doi.org\/10.1016\/j.trac.2020.115955\" target=\"_blank\" rel=\"noreferrer noopener\" aria-label=\"Persistent link using digital object identifier\">10.1016\/j.trac.2020.115955<\/a><\/span><\/td>\n<\/tr>\n<\/tbody>\n<\/table>\n<p><b>Atomic spectrometry update: review of advances in atomic spectrometry and related techniques<\/b><\/p>\n<table>\n<tbody>\n<tr>\n<th>Author<\/th>\n<td>Evans, H.; Pisonero, J.; Smith, C.M.M.; Taylor, R.N<\/td>\n<\/tr>\n<tr>\n<th>Source<\/th>\n<td><em><strong>Journal of Analytical Atomic Spectrometry<\/strong><\/em>, 2020,\u00a0<strong>35<\/strong>, 830-851<\/td>\n<\/tr>\n<tr>\n<th>DOI<\/th>\n<td><span style=\"color: #0000ff;\"><a class=\"text--small\" style=\"color: #0000ff;\" title=\"Link to landing page via DOI\" href=\"https:\/\/doi.org\/10.1039\/D0JA90015J\">10.1039\/D0JA90015J<\/a><\/span><\/td>\n<\/tr>\n<\/tbody>\n<\/table>\n<p><strong>Spatio-temporal distribution of atomic and molecular excited species in Laser-Induced Breakdown Spectroscopy: Potential implications on the determination of halogens<\/strong><\/p>\n<table>\n<tbody>\n<tr>\n<th>Author<\/th>\n<td>Fern\u00e1ndez-Men\u00e9ndez, L.J., M\u00e9ndez-L\u00f3pez, C., \u00c1lvarez-Llamas, C., Gonz\u00e1lez-Gago, C., Pisonero, J., Bordel, N.<\/td>\n<\/tr>\n<tr>\n<th>Source<\/th>\n<td><em><strong>Spectrochimica Acta Part B<\/strong><\/em>\u00a0168 (2020) 105848<\/td>\n<\/tr>\n<tr>\n<th>DOI<\/th>\n<td><span style=\"color: #0000ff;\"><a style=\"color: #0000ff;\" href=\"https:\/\/doi.org\/10.1016\/j.sab.2020.105848\">10.1016\/j.sab.2020.105848<\/a><\/span><\/td>\n<\/tr>\n<\/tbody>\n<\/table>\n<p><strong>Otoliths as indicators for fish behaviour and procurement strategies of hunter-gatherers in North Patagonia<\/strong><\/p>\n<table>\n<tbody>\n<tr>\n<th>Author<\/th>\n<td>Avigliano, E., Mart\u00ednez, G., Stoessel, L., M\u00e9ndez, A., Bordel, N., Pisonero, J., Volpedo, A.<\/td>\n<\/tr>\n<tr>\n<th>Source<\/th>\n<td><em><strong>Heliyon<\/strong>\u00a0<\/em>Vol. 6 Issue 3 (2020) e03438<\/td>\n<\/tr>\n<tr>\n<th>DOI<\/th>\n<td><a href=\"https:\/\/dx.doi.org\/10.1016%2Fj.heliyon.2020.e03438\" target=\"pmc_ext\" rel=\"noopener noreferrer\"><span style=\"color: #0000ff;\">10.1016\/j.heliyon.2020.e03438<\/span><\/a><\/td>\n<\/tr>\n<\/tbody>\n<\/table>\n<p><strong>Use of otolith elemental signatures to unravel lifetime movement patterns of Atlantic spadefish, Chaetodipterus faber, in the Southwest Atlantic Ocean<\/strong><\/p>\n<table>\n<tbody>\n<tr>\n<th>Author<\/th>\n<td>Soeth, M., Spach, H.L., Daros, F.A., Pisonero, J., Correia, A.T.<\/td>\n<\/tr>\n<tr>\n<th>Source<\/th>\n<td><strong><em>Journal of Sea Research<\/em>\u00a0<\/strong>158 (2020) 101873<\/td>\n<\/tr>\n<tr>\n<th>DOI<\/th>\n<td><span style=\"color: #0000ff;\"><a class=\"doi\" style=\"color: #0000ff;\" title=\"Persistent link using digital object identifier\" href=\"https:\/\/doi.org\/10.1016\/j.seares.2020.101873\" target=\"_blank\" rel=\"noreferrer noopener\" aria-label=\"Persistent link using digital object identifier\">10.1016\/j.seares.2020.101873<\/a><\/span><\/td>\n<\/tr>\n<\/tbody>\n<\/table>\n<p><strong>Convolutional neural network as a novel classification approach for LIBS applications in lithological recognition<\/strong><\/p>\n<table>\n<tbody>\n<tr>\n<th>Author<\/th>\n<td>Chen, J., Pisonero, J., Chen S., Wang, X., Fan, Q., Duan, Y.<\/td>\n<\/tr>\n<tr>\n<th>Source<\/th>\n<td><em><strong>Spectrochimica Acta Part B<\/strong>\u00a0<\/em>166 (2020) 105801<\/td>\n<\/tr>\n<tr>\n<th>DOI<\/th>\n<td><span style=\"color: #0000ff;\"><a class=\"doi\" style=\"color: #0000ff;\" title=\"Persistent link using digital object identifier\" href=\"https:\/\/doi.org\/10.1016\/j.sab.2020.105801\" target=\"_blank\" rel=\"noreferrer noopener\" aria-label=\"Persistent link using digital object identifier\">10.1016\/j.sab.2020.105801<\/a><\/span><\/td>\n<\/tr>\n<\/tbody>\n<\/table>\n<p>\n<\/div>\n<div class=\"kc-elm kc-css-447951 kc-pro-button kc-button-10\">\n\t<a href=\"https:\/\/www.unioviedo.es\/gelp\/publications\/\">\n\t\t<span class=\"creative_title\">Back to Publications<\/span> <span class=\"creative_icon creative_icon_right\"> <i class=\"sl-book-open\"><\/i> <\/span>\t<\/a>\n<\/div>\n<\/div><\/div><\/div><\/div><\/section>\n","protected":false},"excerpt":{"rendered":"","protected":false},"author":1,"featured_media":0,"parent":232,"menu_order":1,"comment_status":"closed","ping_status":"closed","template":"","meta":{"footnotes":""},"class_list":["post-1883","page","type-page","status-publish","hentry"],"_links":{"self":[{"href":"https:\/\/www.unioviedo.es\/gelp\/wp-json\/wp\/v2\/pages\/1883","targetHints":{"allow":["GET"]}}],"collection":[{"href":"https:\/\/www.unioviedo.es\/gelp\/wp-json\/wp\/v2\/pages"}],"about":[{"href":"https:\/\/www.unioviedo.es\/gelp\/wp-json\/wp\/v2\/types\/page"}],"author":[{"embeddable":true,"href":"https:\/\/www.unioviedo.es\/gelp\/wp-json\/wp\/v2\/users\/1"}],"replies":[{"embeddable":true,"href":"https:\/\/www.unioviedo.es\/gelp\/wp-json\/wp\/v2\/comments?post=1883"}],"version-history":[{"count":29,"href":"https:\/\/www.unioviedo.es\/gelp\/wp-json\/wp\/v2\/pages\/1883\/revisions"}],"predecessor-version":[{"id":2135,"href":"https:\/\/www.unioviedo.es\/gelp\/wp-json\/wp\/v2\/pages\/1883\/revisions\/2135"}],"up":[{"embeddable":true,"href":"https:\/\/www.unioviedo.es\/gelp\/wp-json\/wp\/v2\/pages\/232"}],"wp:attachment":[{"href":"https:\/\/www.unioviedo.es\/gelp\/wp-json\/wp\/v2\/media?parent=1883"}],"curies":[{"name":"wp","href":"https:\/\/api.w.org\/{rel}","templated":true}]}}