{"id":2140,"date":"2021-02-12T10:27:12","date_gmt":"2021-02-12T09:27:12","guid":{"rendered":"https:\/\/www.unioviedo.es\/gelp\/?page_id=2140"},"modified":"2023-11-20T11:09:59","modified_gmt":"2023-11-20T10:09:59","slug":"publications-2021","status":"publish","type":"page","link":"https:\/\/www.unioviedo.es\/gelp\/publications\/publications-2021\/","title":{"rendered":"Publications 2021"},"content":{"rendered":"<section class=\"kc-elm kc-css-409576 kc_row\"><div class=\"kc-row-container  kc-container\"><div class=\"kc-wrap-columns\"><div class=\"kc-elm kc-css-828066 kc_col-sm-12 kc_column kc_col-sm-12\"><div class=\"kc-col-container\"><div class=\"kc-elm kc-css-379832 kc_text_block\"><\/p>\n<pre><em>*Click on DOIs to see articles in the publisher pages. <\/em><\/pre>\n<p>\n<\/div><div class=\"kc-elm kc-css-766997 kc_text_block\"><\/p>\n<p>\n<strong><span class=\"title-text\">Atomic spectrometry update: review of advances in atomic spectrometry and related techniques<\/span><\/strong><\/p>\n<table>\n<tbody>\n<tr>\n<th>Author<\/th>\n<td>Evans, H., Pisonero, J., Smith, C.M.M., Taylor, R.<\/td>\n<\/tr>\n<tr>\n<th>Source<\/th>\n<td><b><i><\/i><\/b><em><strong>Journal of Analytcal Atomic Spectrometry<\/strong><\/em> (2021) Advance Article<\/td>\n<\/tr>\n<tr>\n<th>DOI<\/th>\n<td><a href=\"https:\/\/doi.org\/10.1039\/D1JA90016A\"><span style=\"color: #0000ff;\">10.1039\/D1JA90016A<\/span><\/a><\/td>\n<\/tr>\n<\/tbody>\n<\/table>\n<p>\n<\/div><div class=\"kc-elm kc-css-70181 kc_text_block\"><\/p>\n<p><strong><span class=\"title-text\">Modulation of the solution-cathode glow-discharge and solution-anode glow discharge using a rotating magnetic field<\/span><\/strong><\/p>\n<table>\n<tbody>\n<tr>\n<th>Author<\/th>\n<td>Hazel, N., Orejas, J., Ray, S.J.<\/td>\n<\/tr>\n<tr>\n<th>Source<\/th>\n<td><b><i><\/i><\/b><em><strong>Journal of Applied Physics <\/strong><\/em>129 (May, 2021) 183301<\/td>\n<\/tr>\n<tr>\n<th>DOI<\/th>\n<td><a href=\"https:\/\/doi.org\/10.1063\/5.0046922\"><span style=\"color: #0000ff;\">10.1063\/5.0046922<\/span><\/a><\/td>\n<\/tr>\n<\/tbody>\n<\/table>\n<p>\n<\/div><div class=\"kc-elm kc-css-53142 kc_text_block\"><\/p>\n<p>\n<strong><span class=\"title-text\">Chemometrics and elemental mapping by portable LIBS to identify the impact of volcanogenic and non-volcanogenic degradation sources on the mural paintings of Pompeii<\/span><\/strong><\/p>\n<table>\n<tbody>\n<tr>\n<th>Author<\/th>\n<td>P\u00e9rez-Diez, S., Fern\u00e1ndez-Men\u00e9ndez, L.J., Veneranda, M., Morillas, H., Prieto-Taboada, N., Fdez-Ortiz de Vallejuelo, S., Bordel, N., Martellone, A., De Nigris, B., Osanna, M., Madariaga, J.M, Maguregui, M.<\/td>\n<\/tr>\n<tr>\n<th>Source<\/th>\n<td><b><i><\/i><\/b><em><strong>Analytica Chimica Acta<\/strong><\/em> 240 (May, 2021) 338565<\/td>\n<\/tr>\n<tr>\n<th>DOI<\/th>\n<td><a href=\"https:\/\/doi.org\/10.1016\/j.aca.2021.338565\"><span style=\"color: #0000ff;\">10.1016\/j.aca.2021.338565<\/span><\/a><\/td>\n<\/tr>\n<\/tbody>\n<\/table>\n<p>\n<\/div><div class=\"kc-elm kc-css-6297 kc_text_block\"><\/p>\n<p>\n<strong>The solution-cathode glow discharge in slow motion: characterization of glow discharge filaments and droplet ejection using a rectangular capillary<\/strong><\/p>\n<table>\n<tbody>\n<tr>\n<th>Author<\/th>\n<td>Orejas, J., Hazel, N., Ray, S.J.<\/td>\n<\/tr>\n<tr>\n<th>Source<\/th>\n<td><b><i><\/i><\/b><em><strong>Spectrochim. Acta B: At. Spectrosc. <\/strong><\/em>(2021) 106209<\/td>\n<\/tr>\n<tr>\n<th>DOI<\/th>\n<td><a href=\"https:\/\/doi.org\/10.1016\/j.sab.2021.106209\"><span style=\"color: #0000ff;\">10.1016\/j.sab.2021.106209<\/span><\/a><\/td>\n<\/tr>\n<\/tbody>\n<\/table>\n<p>\n<\/div><div class=\"kc-elm kc-css-43868 kc_text_block\"><\/p>\n<p>\n<strong><span class=\"title-text\">Population structure and ontogenetic habitat use of Micropogonias furnieri in the Southwestern Atlantic Ocean inferred by otolith chemistry<\/span><\/strong><\/p>\n<table>\n<tbody>\n<tr>\n<th>Author<\/th>\n<td>Avigliano, E., Alves, N.M., Rico, M.R., Ruarte, C.O., D&#039;Atri, L., M\u00e9ndez, A., Pisonero, J., Volpedo, A., Borstelmann, C.<\/td>\n<\/tr>\n<tr>\n<th>Source<\/th>\n<td><b><i><\/i><\/b><em><strong>Fisheries Research<\/strong><\/em> 240 (2021) 105953<\/td>\n<\/tr>\n<tr>\n<th>DOI<\/th>\n<td><a href=\"https:\/\/doi.org\/10.1016\/j.fishres.2021.105953\"><span style=\"color: #0000ff;\">10.1016\/j.fishres.2021.105953<\/span><\/a><\/td>\n<\/tr>\n<\/tbody>\n<\/table>\n<p>\n<\/div><div class=\"kc-elm kc-css-669098 kc_text_block\"><\/p>\n<p>\n<strong><span class=\"title-text\">Otolith Sr\/Ca ratio complements Sr isotopes to reveal fish migration in large basins with heterogeneous geochemical landscapes<\/span><\/strong><\/p>\n<table>\n<tbody>\n<tr>\n<th>Author<\/th>\n<td>Avigliano, E., Pisonero, J., Bouchez, J., Pouilly, M., Dom\u00e1nico, A., S\u00e1nchez, S., Clavijo,C., Scarabotti, P.A., Facetti, J.F., Caffetti, J., del Rosso, F.R., Llamazares-Vegh, S., Volpedo, A.<\/td>\n<\/tr>\n<tr>\n<th>Source<\/th>\n<td><b><i>Environmental Biology of Fishes <\/i><\/b>(March, 2021)<\/td>\n<\/tr>\n<tr>\n<th>DOI<\/th>\n<td><a href=\"http:\/\/10.1007\/s10641-021-01074-y\"><span style=\"color: #0000ff;\">10.1007\/s10641-021-01074-y<\/span><\/a><\/td>\n<\/tr>\n<\/tbody>\n<\/table>\n<p>\n<\/div><div class=\"kc-elm kc-css-139525 kc_text_block\"><\/p>\n<p>\n<strong><span class=\"title-text\">Evaluation of solution-cathode glow discharge atomic emission spectrometry for the analysis of nanoparticle containing solutions<\/span><\/strong><\/p>\n<table>\n<tbody>\n<tr>\n<th>Author<\/th>\n<td>Hazel, N., Orejas, J., Ray, S.J.<\/td>\n<\/tr>\n<tr>\n<th>Source<\/th>\n<td><b><i><\/i><\/b><em><strong>Spectrochim. Acta B: At. Spectrosc. <\/strong>176 <\/em>(2021) 106040<\/td>\n<\/tr>\n<tr>\n<th>DOI<\/th>\n<td><a href=\"https:\/\/doi.org\/10.1016\/j.sab.2020.106040\"><span style=\"color: #0000ff;\">10.1016\/j.sab.2020.106040<\/span><\/a><\/td>\n<\/tr>\n<\/tbody>\n<\/table>\n<p>\n<\/div><div class=\"kc-elm kc-css-34715 kc_text_block\"><\/p>\n<p>\n<strong><span class=\"title-text\">Habitat use of the amphidromous catfish Genidens barbus: first insights at its southern distribution limit<\/span><\/strong><\/p>\n<table>\n<tbody>\n<tr>\n<th>Author<\/th>\n<td>Avigliano, E., Pisonero, J., M\u00e9ndez, A., Tombari, A., Volpedo, A.<\/td>\n<\/tr>\n<tr>\n<th>Source<\/th>\n<td><b><i><\/i><\/b><em><strong>New Zealand Journal of Marine and freshwater Research<\/strong><\/em> (2021) 1-7<\/td>\n<\/tr>\n<tr>\n<th>DOI<\/th>\n<td><a href=\"http:\/\/10.1080\/00288330.2021.1879178\"><span style=\"color: #0000ff;\">10.1080\/00288330.2021.1879178<\/span><\/a><\/td>\n<\/tr>\n<\/tbody>\n<\/table>\n<p>\n<\/div><div class=\"kc-elm kc-css-381142 kc_text_block\"><\/p>\n<p>\n<strong><span class=\"title-text\">Exploring quantitative cellular bioimaging and assessment of CdSe\/ZnS quantum dots cellular uptake in single cells, using ns-LA-ICP-SFMS<\/span><\/strong><\/p>\n<table>\n<tbody>\n<tr>\n<th>Author<\/th>\n<td>Pisonero, J., Traub, H., Cappella, B., \u00c1lvarez-Llamas, C., M\u00e9ndez, A., Richter, S., Ruiz Encinar, J., Costa-Fern\u00e1ndez, J.M., Bordel, N.<\/td>\n<\/tr>\n<tr>\n<th>Source<\/th>\n<td><em><strong>Talanta<\/strong><\/em> 227 (2021) 122162<\/td>\n<\/tr>\n<tr>\n<th>DOI<\/th>\n<td><a href=\"https:\/\/doi.org\/10.1016\/j.talanta.2021.122162\"><span style=\"color: #0000ff;\">10.1016\/j.talanta.2021.122162<\/span><\/a><\/td>\n<\/tr>\n<\/tbody>\n<\/table>\n<p>\n<\/div>\n<div class=\"kc-elm kc-css-313329 kc-pro-button kc-button-10\">\n\t<a href=\"https:\/\/www.unioviedo.es\/gelp\/publications\/\">\n\t\t<span class=\"creative_title\">Back to Publications<\/span> <span class=\"creative_icon creative_icon_right\"> <i class=\"sl-book-open\"><\/i> <\/span>\t<\/a>\n<\/div>\n<\/div><\/div><\/div><\/div><\/section>\n","protected":false},"excerpt":{"rendered":"","protected":false},"author":1,"featured_media":0,"parent":232,"menu_order":1,"comment_status":"closed","ping_status":"closed","template":"","meta":{"footnotes":""},"class_list":["post-2140","page","type-page","status-publish","hentry"],"_links":{"self":[{"href":"https:\/\/www.unioviedo.es\/gelp\/wp-json\/wp\/v2\/pages\/2140","targetHints":{"allow":["GET"]}}],"collection":[{"href":"https:\/\/www.unioviedo.es\/gelp\/wp-json\/wp\/v2\/pages"}],"about":[{"href":"https:\/\/www.unioviedo.es\/gelp\/wp-json\/wp\/v2\/types\/page"}],"author":[{"embeddable":true,"href":"https:\/\/www.unioviedo.es\/gelp\/wp-json\/wp\/v2\/users\/1"}],"replies":[{"embeddable":true,"href":"https:\/\/www.unioviedo.es\/gelp\/wp-json\/wp\/v2\/comments?post=2140"}],"version-history":[{"count":13,"href":"https:\/\/www.unioviedo.es\/gelp\/wp-json\/wp\/v2\/pages\/2140\/revisions"}],"predecessor-version":[{"id":2510,"href":"https:\/\/www.unioviedo.es\/gelp\/wp-json\/wp\/v2\/pages\/2140\/revisions\/2510"}],"up":[{"embeddable":true,"href":"https:\/\/www.unioviedo.es\/gelp\/wp-json\/wp\/v2\/pages\/232"}],"wp:attachment":[{"href":"https:\/\/www.unioviedo.es\/gelp\/wp-json\/wp\/v2\/media?parent=2140"}],"curies":[{"name":"wp","href":"https:\/\/api.w.org\/{rel}","templated":true}]}}