{"id":2371,"date":"2023-01-05T14:41:54","date_gmt":"2023-01-05T13:41:54","guid":{"rendered":"https:\/\/www.unioviedo.es\/gelp\/?page_id=2371"},"modified":"2023-11-20T11:09:16","modified_gmt":"2023-11-20T10:09:16","slug":"publications-2023","status":"publish","type":"page","link":"https:\/\/www.unioviedo.es\/gelp\/publications\/publications-2023\/","title":{"rendered":"Publications 2023"},"content":{"rendered":"<section class=\"kc-elm kc-css-235874 kc_row\"><div class=\"kc-row-container  kc-container\"><div class=\"kc-wrap-columns\"><div class=\"kc-elm kc-css-414566 kc_col-sm-12 kc_column kc_col-sm-12\"><div class=\"kc-col-container\"><div class=\"kc-elm kc-css-717764 kc_text_block\"><\/p>\n<pre><em>*Click on DOIs to see articles in the publisher pages. <\/em><\/pre>\n<p>\n<\/div><div class=\"kc-elm kc-css-274359 kc_text_block\"><\/p>\n<p><strong>Solution cathode glow discharge under high NaCl concentration: Impact on excitation conditions and analyte transfer processes<\/strong><\/p>\n<table>\n<tbody>\n<tr>\n<th>Author<\/th>\n<td>Orejas, J.; Zhang, Y.; Soto-Gancedo, C.; Fern\u00e1ndez-Men\u00e9ndez, L.J.; Pisonero, J.; Bordel, N.<\/td>\n<\/tr>\n<tr>\n<th>Source<\/th>\n<td><b><i>Spectrochim. Acta Part B: At. Spectrosc.<\/i><\/b> 209 (2023) 106786<\/td>\n<\/tr>\n<tr>\n<th>DOI<\/th>\n<td><a href=\"https:\/\/doi.org\/10.1016\/j.sab.2023.106786\">10.1016\/j.sab.2023.106786<\/a><\/td>\n<\/tr>\n<\/tbody>\n<\/table>\n<p>\n<\/div><div class=\"kc-elm kc-css-192129 kc_text_block\"><\/p>\n<p><strong>Contribution of the nursery areas to the major fishing grounds of the Brazilian sardine (Sardinella brasiliensis) in Southeastern Brazilian Bight inferred from otolith fingerprints<\/strong><\/p>\n<table>\n<tbody>\n<tr>\n<th>Author<\/th>\n<td>Schroeder, R.; Schwingel, P.R.; Daros, F.A.; Franco, T.; Hoff, N.; M\u00e9ndez-Vicente, A.; Pisonero, J.; Vaz-dos-Santos, A.M.; Correia, A.<\/td>\n<\/tr>\n<tr>\n<th>Source<\/th>\n<td><b><i>Biology and life sciences forum<\/i><\/b> 13(1) (2023) 113<\/td>\n<\/tr>\n<tr>\n<th>DOI<\/th>\n<td><a href=\"https:\/\/doi.org\/10.3390\/blsf2022013113\">10.3390\/blsf2022013113<\/a><\/td>\n<\/tr>\n<\/tbody>\n<\/table>\n<p>\n<\/div><div class=\"kc-elm kc-css-169271 kc_text_block\"><\/p>\n<p><strong>Is Chelidonichthys lucerna (Linnaeus, 1758) a Marine Estuarine-Dependent Fish? Insights from Saccular Otolith Microchemistry<\/strong><\/p>\n<table>\n<tbody>\n<tr>\n<th>Author<\/th>\n<td>Ferreira, I.; Daros, F.A.; Moreira, C.F..; Feij\u00f3, D.; Rocha, A.; M\u00e9ndez-Vicente, A.; Pisonero, J.;\u00a0 Correia, A.<\/td>\n<\/tr>\n<tr>\n<th>Source<\/th>\n<td><b><i>Fishes<\/i><\/b> 8(7) (2023) 383<\/td>\n<\/tr>\n<tr>\n<th>DOI<\/th>\n<td><a href=\"https:\/\/doi.org\/10.3390\/fishes8070383\">10.3390\/fishes8070383<\/a><\/td>\n<\/tr>\n<\/tbody>\n<\/table>\n<p>\n<\/div><div class=\"kc-elm kc-css-307898 kc_text_block\"><\/p>\n<p><strong>Novel optical method based on nebulization assisted laser induced plasma on inexpensive paper substrates for online determination of halogens and metals in liquid samples<\/strong><\/p>\n<table>\n<tbody>\n<tr>\n<th>Author<\/th>\n<td>M\u00e9ndez-L\u00f3pez, C.; Fern\u00e1ndez-Men\u00e9ndez, L.J.; Gonz\u00e1lez-Gago, C.; Pisonero, J.; Bordel, N.<\/td>\n<\/tr>\n<tr>\n<th>Source<\/th>\n<td><b><i>Optics &#038; Laser Technology<\/i><\/b> 164 (2023) 109536<\/td>\n<\/tr>\n<tr>\n<th>DOI<\/th>\n<td><a href=\"https:\/\/doi.org\/10.1016\/j.optlastec.2023.109536\">10.1016\/j.optlastec.2023.109536<\/a><\/td>\n<\/tr>\n<\/tbody>\n<\/table>\n<p>\n<\/div><div class=\"kc-elm kc-css-44306 kc_text_block\"><\/p>\n<p>\n<strong><span class=\"title-text\">Long-term platinum-based drug accumulation in cancer-associated fibroblasts promotes colorectal cancer progression and resistance to therapy<\/span><\/strong><\/p>\n<table>\n<tbody>\n<tr>\n<th>Author<\/th>\n<td>Linares, J.; Sallent-Aragay, A.; Badia-Ramentol, J.; et al. (GELP members: Ana M\u00e9ndez and Jorge Pisonero)<\/td>\n<\/tr>\n<tr>\n<th>Source<\/th>\n<td><b><i>Nature Communications.<\/i><\/b> 14 (2023) 746<\/td>\n<\/tr>\n<tr>\n<th>DOI<\/th>\n<td><a href=\"https:\/\/doi.org\/10.1038\/s41467-023-36334-1\">10.1038\/s41467-023-36334-1<\/a><\/td>\n<\/tr>\n<\/tbody>\n<\/table>\n<p>\n<\/div><div class=\"kc-elm kc-css-616431 kc_text_block\"><\/p>\n<p>\n<strong><span class=\"title-text\">Interlaboratory comparison for quantitative chlorine analysis in cement pastes with laser induced breakdown spectroscopy<\/span><\/strong><\/p>\n<table>\n<tbody>\n<tr>\n<th>Author<\/th>\n<td>V\u00f6lker, T.; Wilsch, G.; Gornushkin, I.B. et al. (GELP members: L.J. Fern\u00e1ndez-Men\u00e9ndez, C. M\u00e9ndez-L\u00f3pez, N. Bordel)<\/td>\n<\/tr>\n<tr>\n<th>Source<\/th>\n<td><b><i>Spectrochim. Acta Part B. At. Spetrosc.<\/i><\/b>\u00a0(2023) 106632<\/td>\n<\/tr>\n<tr>\n<th>DOI<\/th>\n<td><a href=\"http:\/\/doi.org\/10.1016\/j.sab.2023.106632\">10.1016\/j.sab.2023.106632<\/a><\/td>\n<\/tr>\n<\/tbody>\n<\/table>\n<p>\n<\/div><div class=\"kc-elm kc-css-806724 kc_text_block\"><\/p>\n<p>\n<strong><span class=\"title-text\">Improving Cl determination in cements by molecular LIBS using noble gas-enriched atmospheres and new approaches for interference removal<\/span><\/strong><\/p>\n<table>\n<tbody>\n<tr>\n<th>Author<\/th>\n<td>Fern\u00e1ndez-Men\u00e9ndez, L.J., M\u00e9ndez-L\u00f3pez, Gonz\u00e1lez-Gago, C., Pisonero, J., Bordel, N.<\/td>\n<\/tr>\n<tr>\n<th>Source<\/th>\n<td><b><i>Journal of Analytical Atomic Spectrometry<\/i><\/b> 38 (2023) 325-332<\/td>\n<\/tr>\n<tr>\n<th>DOI<\/th>\n<td><a href=\"https:\/\/doi.org\/10.1039\/D2JA00343K\">10.1039\/D2JA00343K<\/a><\/td>\n<\/tr>\n<\/tbody>\n<\/table>\n<p>\n<\/div><div class=\"kc-elm kc-css-771070 kc_text_block\"><\/p>\n<p>\n<b>Nebulization assisted molecular LIBS for sensitive and fast fluorine determination in aqueous solutions<\/b><\/p>\n<table>\n<tbody>\n<tr>\n<th>Author<\/th>\n<td>M\u00e9ndez-L\u00f3pez, C.; Fern\u00e1ndez-Men\u00e9ndez, L.J.; Gonz\u00e1lez-Gago, C.; Pisonero, J.; Bordel, N.<\/td>\n<\/tr>\n<tr>\n<th>Source<\/th>\n<td><b><i>Journal of Analytical Atomic Spectrometry <\/i><\/b><i>38 (<\/i><i>2023) 80-89<\/i><\/td>\n<\/tr>\n<tr>\n<th>DOI<\/th>\n<td><a href=\"http:\/\/doi.org\/10.1039\/D2JA00319H\">10.1039\/D2JA00319H<\/a><\/td>\n<\/tr>\n<\/tbody>\n<\/table>\n<p>\n<\/div>\n<div class=\"kc-elm kc-css-529264 kc-pro-button kc-button-10\">\n\t<a href=\"https:\/\/www.unioviedo.es\/gelp\/publications\/\">\n\t\t<span class=\"creative_title\">Back to Publications<\/span> <span class=\"creative_icon creative_icon_right\"> <i class=\"sl-book-open\"><\/i> <\/span>\t<\/a>\n<\/div>\n<\/div><\/div><\/div><\/div><\/section>\n","protected":false},"excerpt":{"rendered":"","protected":false},"author":3,"featured_media":0,"parent":232,"menu_order":1,"comment_status":"closed","ping_status":"closed","template":"","meta":{"footnotes":""},"class_list":["post-2371","page","type-page","status-publish","hentry"],"_links":{"self":[{"href":"https:\/\/www.unioviedo.es\/gelp\/wp-json\/wp\/v2\/pages\/2371","targetHints":{"allow":["GET"]}}],"collection":[{"href":"https:\/\/www.unioviedo.es\/gelp\/wp-json\/wp\/v2\/pages"}],"about":[{"href":"https:\/\/www.unioviedo.es\/gelp\/wp-json\/wp\/v2\/types\/page"}],"author":[{"embeddable":true,"href":"https:\/\/www.unioviedo.es\/gelp\/wp-json\/wp\/v2\/users\/3"}],"replies":[{"embeddable":true,"href":"https:\/\/www.unioviedo.es\/gelp\/wp-json\/wp\/v2\/comments?post=2371"}],"version-history":[{"count":11,"href":"https:\/\/www.unioviedo.es\/gelp\/wp-json\/wp\/v2\/pages\/2371\/revisions"}],"predecessor-version":[{"id":2508,"href":"https:\/\/www.unioviedo.es\/gelp\/wp-json\/wp\/v2\/pages\/2371\/revisions\/2508"}],"up":[{"embeddable":true,"href":"https:\/\/www.unioviedo.es\/gelp\/wp-json\/wp\/v2\/pages\/232"}],"wp:attachment":[{"href":"https:\/\/www.unioviedo.es\/gelp\/wp-json\/wp\/v2\/media?parent=2371"}],"curies":[{"name":"wp","href":"https:\/\/api.w.org\/{rel}","templated":true}]}}