{"id":655,"date":"2018-08-16T12:57:23","date_gmt":"2018-08-16T10:57:23","guid":{"rendered":"http:\/\/pruebagelp.com.mialias.net\/?page_id=655"},"modified":"2025-12-01T17:58:26","modified_gmt":"2025-12-01T16:58:26","slug":"projects","status":"publish","type":"page","link":"https:\/\/www.unioviedo.es\/gelp\/projects\/","title":{"rendered":"Projects"},"content":{"rendered":"<p><section class=\"kc-elm kc-css-142085 kc_row\"><div class=\"kc-row-container  kc-container\"><div class=\"kc-wrap-columns\"><div class=\"kc-elm kc-css-869223 kc_col-sm-12 kc_column kc_col-sm-12\"><div class=\"kc-col-container\">\n<div class=\"kc-elm kc-css-210457 kc-title-wrap \">\n\n\t<h1 class=\"kc_title\">Active projects<\/h1>\n<\/div>\n<\/div><\/div><\/div><\/div><\/section><section class=\"kc-elm kc-css-556986 kc_row\"><div class=\"kc-row-container  kc-container\"><div class=\"kc-wrap-columns\"><div class=\"kc-elm kc-css-159679 kc_col-sm-12 kc_column kc_col-sm-12\"><div class=\"kc-col-container\"><div class=\"kc-elm kc-css-930031 kc_text_block\"><\/p>\n<h4><strong>HR25-00861<\/strong><\/h4>\n<p><strong><em>\u00abAdvancing Precision Oncology through the Tumor Microenvironment Analysis<\/em>\u00bb <\/strong><\/p>\n<p>Proyecto Internacional de La Caixa Health Research. Partners: IMIM, Universidad de Granada, CNAG, Universidad de Oviedo<\/p>\n<p>\n<\/div><div class=\"kc-elm kc-css-222364 kc_shortcode kc_single_image\">\n\n        <img decoding=\"async\" src=\"https:\/\/www.unioviedo.es\/gelp\/wp-content\/uploads\/2025\/12\/LaCaixa-300x209.jpg\" class=\"\" alt=\"\" \/>    <\/div>\n<div class=\"kc-elm kc-css-893081 kc_text_block\"><\/p>\n<h4><strong>PID2023-149335NB-I00<\/strong><\/h4>\n<p><strong><em>\u00abDevelopment of multiplex atomic spectroscopy methodologies: evaluation of plasma processes and application to elemental characterization of materials related to hydrogen (PlasmaSpectra4H)<\/em>\u00bb <\/strong><\/p>\n<p>Desarrollo de m\u00e9todos t\u00e1ndem de espectroscop\u00eda at\u00f3mica: estudio de los procesos del plasma y aplicaci\u00f3n al an\u00e1lisis de materiales relacionados con el hidr\u00f3geno mediante (PlasmaSpectra4H)<\/p>\n<p>\n<\/div><div class=\"kc-elm kc-css-37588 kc_shortcode kc_single_image\">\n\n        <img decoding=\"async\" src=\"https:\/\/www.unioviedo.es\/gelp\/wp-content\/uploads\/2022\/03\/1200px-Logotipo_del_Ministerio_de_Ciencia_e_Innovaci\u00f3n.svg_-300x93.png\" class=\"\" alt=\"\" \/>    <\/div>\n<div class=\"kc-elm kc-css-998781\" style=\"height: 20px; clear: both; width:100%;\"><\/div><div class=\"kc-elm kc-css-918090 kc_text_block\"><\/p>\n<h4>IDE\/2024\/000756<\/h4>\n<p><strong>Programa de Subvenciones para grupos de investigaci\u00f3n de organismos del Principado de Asturias<\/strong><\/p>\n<p>\n<\/div><\/div><\/div><\/div><\/div><\/section><section class=\"kc-elm kc-css-104417 kc_row\"><div class=\"kc-row-container  kc-container\"><div class=\"kc-wrap-columns\"><div class=\"kc-elm kc-css-906028 kc_col-sm-12 kc_column kc_col-sm-12\"><div class=\"kc-col-container\"><div class=\"kc-elm kc-css-31122\">\n\t<div class=\"kc-carousel_images kc-elm kc-css-31122\">\n\t\n\t\t<div class=\"kc-carousel-images owl-carousel-images kc-sync1 \" data-owl-i-options='{\"items\":\"4\",\"tablet\":\"4\",\"mobile\":\"4\",\"speed\":\"500\",\"navigation\":\"\",\"pagination\":\"\",\"autoheight\":\"\",\"progressbar\":\"\",\"delay\":\"8\",\"autoplay\":\"yes\",\"showthumb\":\"\",\"num_thumb\":\"5\"}'>\n\t\n\t\t\t\t\t<div class=\"item\">\n\t\n\t\t\t\t\t\t\t<img decoding=\"async\" src=\"https:\/\/www.unioviedo.es\/gelp\/wp-content\/uploads\/2025\/02\/PAsturias.png\"  alt=\"\"\/>\n\t\n\t\t\t\t\n\t\t\t<\/div>\n\t\n\t\t\t\t\t<div class=\"item\">\n\t\n\t\t\t\t\t\t\t<img decoding=\"async\" src=\"https:\/\/www.unioviedo.es\/gelp\/wp-content\/uploads\/2025\/02\/Sekuens.jpg\"  alt=\"\"\/>\n\t\n\t\t\t\t\n\t\t\t<\/div>\n\t\n\t\t\t\t\t<div class=\"item\">\n\t\n\t\t\t\t\t\t\t<img decoding=\"async\" src=\"https:\/\/www.unioviedo.es\/gelp\/wp-content\/uploads\/2025\/02\/Cofinanciado_EU.png\"  alt=\"\"\/>\n\t\n\t\t\t\t\n\t\t\t<\/div>\n\t\n\t\t\t\t\t<div class=\"item\">\n\t\n\t\t\t\t\t\t\t<img decoding=\"async\" src=\"https:\/\/www.unioviedo.es\/gelp\/wp-content\/uploads\/2025\/02\/FondosEuropeos.png\"  alt=\"\"\/>\n\t\n\t\t\t\t\n\t\t\t<\/div>\n\t\n\t\t\t\n\t\t<\/div>\n\t\n\t\t\t<\/div>\n<\/div>\n<\/div><\/div><\/div><\/div><\/section><\/p>\n","protected":false},"excerpt":{"rendered":"","protected":false},"author":1,"featured_media":0,"parent":0,"menu_order":5,"comment_status":"closed","ping_status":"closed","template":"","meta":{"footnotes":""},"class_list":["post-655","page","type-page","status-publish","hentry"],"_links":{"self":[{"href":"https:\/\/www.unioviedo.es\/gelp\/wp-json\/wp\/v2\/pages\/655","targetHints":{"allow":["GET"]}}],"collection":[{"href":"https:\/\/www.unioviedo.es\/gelp\/wp-json\/wp\/v2\/pages"}],"about":[{"href":"https:\/\/www.unioviedo.es\/gelp\/wp-json\/wp\/v2\/types\/page"}],"author":[{"embeddable":true,"href":"https:\/\/www.unioviedo.es\/gelp\/wp-json\/wp\/v2\/users\/1"}],"replies":[{"embeddable":true,"href":"https:\/\/www.unioviedo.es\/gelp\/wp-json\/wp\/v2\/comments?post=655"}],"version-history":[{"count":31,"href":"https:\/\/www.unioviedo.es\/gelp\/wp-json\/wp\/v2\/pages\/655\/revisions"}],"predecessor-version":[{"id":2787,"href":"https:\/\/www.unioviedo.es\/gelp\/wp-json\/wp\/v2\/pages\/655\/revisions\/2787"}],"wp:attachment":[{"href":"https:\/\/www.unioviedo.es\/gelp\/wp-json\/wp\/v2\/media?parent=655"}],"curies":[{"name":"wp","href":"https:\/\/api.w.org\/{rel}","templated":true}]}}