{"id":11,"date":"2014-05-08T14:44:53","date_gmt":"2014-05-08T14:44:53","guid":{"rendered":"http:\/\/www.unioviedo.es\/grupoetic\/?page_id=11"},"modified":"2023-10-24T10:23:27","modified_gmt":"2023-10-24T10:23:27","slug":"enlaces","status":"publish","type":"page","link":"https:\/\/www.unioviedo.es\/grupoetic\/enlaces\/","title":{"rendered":"ENLACES"},"content":{"rendered":"<p><img loading=\"lazy\" decoding=\"async\" class=\"wp-image-1047 size-full aligncenter\" src=\"http:\/\/www.unioviedo.es\/grupoetic\/wp-content\/uploads\/2014\/05\/LOGO-IETIC-EVEA-1.png\" alt=\"\" width=\"3315\" height=\"2586\" srcset=\"https:\/\/www.unioviedo.es\/grupoetic\/wp-content\/uploads\/2014\/05\/LOGO-IETIC-EVEA-1.png 3315w, https:\/\/www.unioviedo.es\/grupoetic\/wp-content\/uploads\/2014\/05\/LOGO-IETIC-EVEA-1-300x234.png 300w, https:\/\/www.unioviedo.es\/grupoetic\/wp-content\/uploads\/2014\/05\/LOGO-IETIC-EVEA-1-768x599.png 768w, https:\/\/www.unioviedo.es\/grupoetic\/wp-content\/uploads\/2014\/05\/LOGO-IETIC-EVEA-1-1024x799.png 1024w\" sizes=\"(max-width: 3315px) 100vw, 3315px\" \/><\/p>\n<ul>\n<li><a href=\"https:\/\/ieticevea.grupos.uniovi.es\/\" target=\"_blank\" rel=\"noopener\"><b>P\u00e1gina del Equipo IETIC-EVEA en la Universidad de Oviedo<\/b><\/a><\/li>\n<\/ul>\n<hr \/>\n<ul>\n<li><strong><a title=\"Universidad de Oviedo\" href=\"http:\/\/www.uniovi.es\">UNIVERSIDAD DE OVIEDO<\/a><\/strong><\/li>\n<li><a href=\"https:\/\/fpe.uniovi.es\/\" target=\"_blank\" rel=\"noopener\"><strong>Facultad de Formaci\u00f3n del Profesorado y Educaci\u00f3n<\/strong><\/a> (Universidad de Oviedo)<\/li>\n<li><a href=\"https:\/\/dptoccedu.uniovi.es\/\" target=\"_blank\" rel=\"noopener\"><strong>Departamento de Ciencias de la Educaci\u00f3n<\/strong><\/a> (Universidad de Oviedo)<\/li>\n<\/ul>\n<hr \/>\n<ul>\n<li><strong><a title=\"Asociaci\u00f3n Asturiana de Pedagox\u00eda\" href=\"http:\/\/aspe.wordpress.com\/\">Asociaci\u00f3n Asturiana de Pedagog\u00eda\/Pedagox\u00eda<\/a><\/strong><\/li>\n<\/ul>\n","protected":false},"excerpt":{"rendered":"<p>P\u00e1gina del Equipo IETIC-EVEA en la Universidad de Oviedo UNIVERSIDAD DE OVIEDO Facultad de Formaci\u00f3n del Profesorado y Educaci\u00f3n (Universidad de Oviedo) Departamento de Ciencias de la Educaci\u00f3n (Universidad de Oviedo) Asociaci\u00f3n Asturiana de Pedagog\u00eda\/Pedagox\u00eda<\/p>\n","protected":false},"author":2,"featured_media":0,"parent":0,"menu_order":0,"comment_status":"closed","ping_status":"open","template":"","meta":{"footnotes":""},"_links":{"self":[{"href":"https:\/\/www.unioviedo.es\/grupoetic\/wp-json\/wp\/v2\/pages\/11"}],"collection":[{"href":"https:\/\/www.unioviedo.es\/grupoetic\/wp-json\/wp\/v2\/pages"}],"about":[{"href":"https:\/\/www.unioviedo.es\/grupoetic\/wp-json\/wp\/v2\/types\/page"}],"author":[{"embeddable":true,"href":"https:\/\/www.unioviedo.es\/grupoetic\/wp-json\/wp\/v2\/users\/2"}],"replies":[{"embeddable":true,"href":"https:\/\/www.unioviedo.es\/grupoetic\/wp-json\/wp\/v2\/comments?post=11"}],"version-history":[{"count":26,"href":"https:\/\/www.unioviedo.es\/grupoetic\/wp-json\/wp\/v2\/pages\/11\/revisions"}],"predecessor-version":[{"id":1048,"href":"https:\/\/www.unioviedo.es\/grupoetic\/wp-json\/wp\/v2\/pages\/11\/revisions\/1048"}],"wp:attachment":[{"href":"https:\/\/www.unioviedo.es\/grupoetic\/wp-json\/wp\/v2\/media?parent=11"}],"curies":[{"name":"wp","href":"https:\/\/api.w.org\/{rel}","templated":true}]}}

<p><img loading="lazy" decoding="async" class="wp-image-1047 size-full aligncenter" src="http://www.unioviedo.es/grupoetic/wp-content/uploads/2014/05/LOGO-IETIC-EVEA-1.png" alt="" width="3315" height="2586" srcset="https://www.unioviedo.es/grupoetic/wp-content/uploads/2014/05/LOGO-IETIC-EVEA-1.png 3315w, https://www.unioviedo.es/grupoetic/wp-content/uploads/2014/05/LOGO-IETIC-EVEA-1-300x234.png 300w, https://www.unioviedo.es/grupoetic/wp-content/uploads/2014/05/LOGO-IETIC-EVEA-1-768x599.png 768w, https://www.unioviedo.es/grupoetic/wp-content/uploads/2014/05/LOGO-IETIC-EVEA-1-1024x799.png 1024w" sizes="(max-width: 3315px) 100vw, 3315px" /></p>
<ul>
<li><a href="https://ieticevea.grupos.uniovi.es/" target="_blank" rel="noopener"><b>Página del Equipo IETIC-EVEA en la Universidad de Oviedo</b></a></li>
</ul>
<hr />
<ul>
<li><strong><a title="Universidad de Oviedo" href="http://www.uniovi.es">UNIVERSIDAD DE OVIEDO</a></strong></li>
<li><a href="https://fpe.uniovi.es/" target="_blank" rel="noopener"><strong>Facultad de Formación del Profesorado y Educación</strong></a> (Universidad de Oviedo)</li>
<li><a href="https://dptoccedu.uniovi.es/" target="_blank" rel="noopener"><strong>Departamento de Ciencias de la Educación</strong></a> (Universidad de Oviedo)</li>
</ul>
<hr />
<ul>
<li><strong><a title="Asociación Asturiana de Pedagoxía" href="http://aspe.wordpress.com/">Asociación Asturiana de Pedagogía/Pedagoxía</a></strong></li>
</ul>

<p>Página del Equipo IETIC-EVEA en la Universidad de Oviedo UNIVERSIDAD DE OVIEDO Facultad de Formación del Profesorado y Educación (Universidad de Oviedo) Departamento de Ciencias de la Educación (Universidad de Oviedo) Asociación Asturiana de Pedagogía/Pedagoxía</p>
