{"id":1661,"date":"2025-04-02T11:16:15","date_gmt":"2025-04-02T11:16:15","guid":{"rendered":"https:\/\/www.unioviedo.es\/grupoetic\/?page_id=1661"},"modified":"2026-03-10T21:25:00","modified_gmt":"2026-03-10T21:25:00","slug":"difusion-y-transferencia-globalabs","status":"publish","type":"page","link":"https:\/\/www.unioviedo.es\/grupoetic\/difusion-y-transferencia-globalabs\/","title":{"rendered":"Difusi\u00f3n y Transferencia GlobaLabs"},"content":{"rendered":"<p>En este apartado se ir\u00e1n incorporando actividades de difusi\u00f3n y transferencia vinculadas al proyecto GlobaLabs:<\/p>\n<h3><span style=\"color: #800080;\">Participaci\u00f3n en Jornadas y Congresos<\/span><\/h3>\n<p>Hevia, I., Fueyo, A. y Braga, G. (2025). <em>J\u00f3venes co-creando conocimiento sobre los retos globales en las aulas universitarias<\/em>. Contribuci\u00f3n a Simposio del <a href=\"https:\/\/www.cipies.org\/es\">I Congreso Internacional, Profesional e Interuniversitario de Educaci\u00f3n Social<\/a>. Santiago de Compostela, 8 y 9 de mayo.<\/p>\n<p>Hevia, I. y Fueyo, A. (2025). <em>Educaci\u00f3n con perspectiva global de los futuros profesionales de la pedagog\u00eda<\/em>. Comunicaci\u00f3n en las <a href=\"https:\/\/jornadasinnova.uniovi.es\/\">XVII Jornadas Internacionales de Innovaci\u00f3n Docente<\/a>. Oviedo, 8 y 9 de mayo.<\/p>\n<p>Vald\u00e9s, C. \u00a0(2025). <em>L\u00edneas de actuaci\u00f3n dirigidas al profesorado de Educaci\u00f3n Secundaria Obligatoria para el uso de videojuegos en educaci\u00f3n para la ciudadan\u00eda global<\/em>. Comunicaci\u00f3n en las <a href=\"https:\/\/jornadasinnova.uniovi.es\/\">XVII Jornadas Internacionales de Innovaci\u00f3n Docente<\/a>. Oviedo, 8 y 9 de mayo.<\/p>\n<p>Hevia, I., Fano, S., \u00a0Fueyo, A. y Braga, G. (2025). J<em>\u00f3venes y desaf\u00edos globales: construyendo ciudadania global con metodolog\u00edas participativas<\/em>. Comunicaci\u00f3n del simposium <em>\u00bfC\u00f3mo favorecer el engagement yanimar a la participaci\u00f3n para darrespuesta a retos globales? <\/em>dentro del <a href=\"https:\/\/vciea-cea.uclm.es\">V Congreso Internacional Engagement de los Alumnos en la Comunidad Escolar y en el Aprendizaje<\/a> Toledo, 23, 24 y 25 de junio.<\/p>\n<p>DePalma, R., Hevia, I., Calvo-Salvador, A. y Rodr\u00edguez-Hoyos, C. (2025). <span class=\"Y2IQFc\" lang=\"en\"><em>Youth participation in global challenges.<\/em> Comunicaci\u00f3n \u00a0en <a href=\"https:\/\/angel-network.net\/ANGELconference2025\">Academic Network for Global Education &amp; Learning Conference 2025<\/a>. Berl\u00edn, 5 y 6 de junio.\u00a0<\/span><\/p>\n<p>Vald\u00e9s, C., Fueyo, A. y Verdeja, M. (2025). <em>\u00bfJugar para aprender o para obedecer?. Percepci\u00f3n del alumnado de secundaria sobre la ideolog\u00eda y el capitalismo en los videojuegos<\/em>. Comunicaci\u00f3n presentada en las<a href=\"https:\/\/www.jute2025uva.es\/127263\/detail\/jute-2025.html\"> XXXII Jornadas Universitarias de Tecnolog\u00eda Educativa<\/a> celebradas los d\u00edas 25, 26 y 27 de junio en Valladolid.<\/p>\n<p>Calvo-Salvador, A., Hevia Artime, I. \u00a0DePalma Ungaro, R. y Rodr\u00edguez Hoyos, C. (2026). <em>Im\u00e1genes que ayudan a conversar. Fotoelicitaci\u00f3n en torno al constructo de personas j\u00f3venes c\u00f3mo investigadoras de restos globales (JIRG)<\/em>. <a href=\"https:\/\/educacioncomprometida2026.es\">I Congreso Internacional sobre Educaci\u00f3n Comprometida y Cr\u00edtica: Justicia Global, profesional docente y curriculum transformador<\/a>, celebrado en Barcelona del 22 al 24 de enero de 2026. <span data-ccp-props=\"{&quot;201341983&quot;:0,&quot;335559739&quot;:160,&quot;335559740&quot;:279}\">|\u00a0<a href=\"https:\/\/www.unioviedo.es\/grupoetic\/participacion-en-el-i-congreso-internacional-sobre-educacion-comprometida-y-critica\/\">Enlace a noticia<\/a><\/span><\/p>\n<p>Hevia, I., Fueyo, A. y Regueira, A. (2026). Juventud y ciudadan\u00eda global: experiencias de vida y construcci\u00f3n de conciencia en j\u00f3venes cooperantes. <a href=\"https:\/\/educacioncomprometida2026.es\">I Congreso Internacional sobre Educaci\u00f3n Comprometida y Cr\u00edtica: Justicia Global, profesional docente y curriculum transformador<\/a>, celebrado en Barcelona del 22 al 24 de enero de 2026. <span data-ccp-props=\"{&quot;201341983&quot;:0,&quot;335559739&quot;:160,&quot;335559740&quot;:279}\">|\u00a0<a href=\"https:\/\/www.unioviedo.es\/grupoetic\/participacion-en-el-i-congreso-internacional-sobre-educacion-comprometida-y-critica\/\">Enlace a notici<\/a>a<\/span><\/p>\n<h3><span style=\"color: #800080;\">Actividades de formaci\u00f3n e intercambio<\/span><\/h3>\n<p>Presentaci\u00f3n de los materiales del juego \u201c<em>Global Quest \u00bfQu\u00e9 pintamos en el planeta?\u00bb<\/em>. 19 de junio de 2025. <span data-ccp-props=\"{&quot;201341983&quot;:0,&quot;335559739&quot;:160,&quot;335559740&quot;:279}\">|\u00a0<a href=\"https:\/\/www.unioviedo.es\/grupoetic\/presentacion-de-los-materiales-del-global-quest-que-pintamos-en-el-planeta\/\">Enlace a noticia<\/a><\/span><\/p>\n<p>Encuentro con personal de Ayuda en Acci\u00f3n para el intercambio de metodolog\u00edas creativas para educar en ciudadan\u00eda global. 12 de junio 2025.<\/p>\n<p>Participaci\u00f3n en las XX Jornadas culturales IES Valle de Aller. 15 de mayo de 2025. <span data-ccp-props=\"{&quot;201341983&quot;:0,&quot;335559739&quot;:160,&quot;335559740&quot;:279}\">\u00a0|\u00a0<a href=\"https:\/\/www.unioviedo.es\/grupoetic\/participacion-en-las-xx-jornadas-culturales-ies-valle-de-aller-con-el-taller-global-quest-un-juego-exploratorio-y-participativo-sobre-ciudadania-global\/\">Enlace a noticia<\/a><\/span><\/p>\n<p><span data-contrast=\"auto\">Webinar <em>Crisis y tensiones entre la formaci\u00f3n y la ense\u00f1anza de las nuevas tecnolog\u00edas<\/em><\/span><i><span data-contrast=\"auto\">. <\/span><\/i><span data-contrast=\"auto\">13 de mayo de <\/span><span data-contrast=\"auto\">2025.<\/span><span data-ccp-props=\"{&quot;201341983&quot;:0,&quot;335559739&quot;:160,&quot;335559740&quot;:279}\">\u00a0|\u00a0<a href=\"https:\/\/www.unioviedo.es\/grupoetic\/webinario-crisis-y-tensiones-entre-la-formacion-y-la-ensenanza-de-las-nuevas-tecnologias\/\">Enlace a noticia<\/a><\/span><\/p>\n<p><span data-contrast=\"auto\">Webinar intersedes\u00a0<\/span><i><span data-contrast=\"auto\">Juventud investigando sobre retos globales. <\/span><\/i><span data-contrast=\"auto\">22 de enero de <\/span><span data-contrast=\"auto\">2025.<\/span><span data-ccp-props=\"{&quot;201341983&quot;:0,&quot;335559739&quot;:160,&quot;335559740&quot;:279}\">\u00a0|\u00a0<a href=\"https:\/\/www.unioviedo.es\/grupoetic\/webinario-juventud-investigando-sobre-temas-globales\/\">Enlace a noticia<\/a><\/span><\/p>\n<p>Primer encuentro Iberoamericano de Ciencia Abierta y Educaci\u00f3n. 24 de octubre de 2024.<span data-ccp-props=\"{&quot;201341983&quot;:0,&quot;335559739&quot;:160,&quot;335559740&quot;:279}\">\u00a0|\u00a0<a href=\"https:\/\/www.unioviedo.es\/grupoetic\/primer-encuentro-iberoamericano-de-redes-de-ciencia-abierta-y-educacion\/\">Enlace a noticia<\/a><\/span><\/p>\n<h3><span style=\"color: #800080;\">Conferencias<\/span><\/h3>\n<p>Fueyo, A. Participaci\u00f3n en la mesa redonda \u00abUna revisi\u00f3n multinivel de la Educaci\u00f3n para el Desarrollo en Asturias\u00bb. 25 de septiembre de 2025.\u00a0 <span data-ccp-props=\"{&quot;201341983&quot;:0,&quot;335559739&quot;:160,&quot;335559740&quot;:279}\">|\u00a0<a href=\"https:\/\/www.unioviedo.es\/grupoetic\/jornadas-educacion-para-el-desarrollo-sostenible\/\">Enlace a noticia<\/a><\/span><\/p>\n<p>Fueyo, A. Conferencia \u00abEducar en la era de la inteligencia artificial\u00bb. 13 de septiembre de 2025. <span data-ccp-props=\"{&quot;201341983&quot;:0,&quot;335559739&quot;:160,&quot;335559740&quot;:279}\">|\u00a0<a href=\"https:\/\/www.unioviedo.es\/grupoetic\/conferencia-educar-en-la-era-de-la-inteligencia-artificial\/\">Enlace a noticia<\/a><\/span><\/p>\n<h3><span style=\"color: #800080;\">Becas<\/span><\/h3>\n<p>Beca SEKUENS (Agencia de Ciencia, Competitividad Empresarial e Innovaci\u00f3n del Principado de Asturias) a trav\u00e9s del proyecto <em>\u201cInteligencia Artificial, \u00bfaliada o enemiga para enfrentar los desaf\u00edos globales?. Investigar desde un enfoque de ciencia abierta<\/em>\u201d de D\u00aa. Izabela Alexandra Rosalin Florian conforme a la ayuda con referencia IDE\/2024\/000818 publicada en la Resoluci\u00f3n de 30 de diciembre de 2024 (BOPA de <span class=\"s1\">21<\/span> de enero 2025).<\/p>\n<p>Beca SEKUENS (Agencia de Ciencia, Competitividad Empresarial e Innovaci\u00f3n del Principado de Asturias) a trav\u00e9s del proyecto <em>\u201cInvestigaci\u00f3n participativa en laboratorios juveniles de ciudadan\u00eda global<\/em>\u201d de D. Juan Aguayo Bravo conforme a la ayuda con referencia IDE\/2024\/000818 publicada en la Resoluci\u00f3n de 30 de diciembre de 2024 (BOPA de <span class=\"s1\">21<\/span> de enero 2025).6<\/p>\n<h3><span style=\"color: #800080;\">Contratos y convenios con la administraci\u00f3n y\/o entidades privadas<\/span><\/h3>\n<p>Proyecto \u201c<i>Derechos digitales y ODS4 en tiempos de algoritmos: promoviendo el <\/i><i>pensamiento cr\u00edtico en alumnado universitario<\/i>\u201d. Ayuda en Acci\u00f3n 2025-2026. Proyecto FUO FUO-25-125<\/p>\n","protected":false},"excerpt":{"rendered":"<p>En este apartado se ir\u00e1n incorporando actividades de difusi\u00f3n y transferencia vinculadas al proyecto GlobaLabs: Participaci\u00f3n en Jornadas y Congresos Hevia, I., Fueyo, A. y Braga, G. (2025). J\u00f3venes co-creando conocimiento sobre los retos globales en las aulas universitarias. Contribuci\u00f3n a Simposio del I Congreso Internacional, Profesional e Interuniversitario de Educaci\u00f3n Social. Santiago de Compostela, 8 y 9 de mayo. Hevia, I. y Fueyo, A. (2025). Educaci\u00f3n con perspectiva global de los futuros profesionales de la pedagog\u00eda. Comunicaci\u00f3n en las XVII Jornadas Internacionales de Innovaci\u00f3n Docente. Oviedo, 8 y 9 de mayo. Vald\u00e9s, C. \u00a0(2025). L\u00edneas de actuaci\u00f3n dirigidas al profesorado de Educaci\u00f3n Secundaria Obligatoria para el uso de videojuegos en educaci\u00f3n para la ciudadan\u00eda global. Comunicaci\u00f3n en las XVII Jornadas Internacionales de Innovaci\u00f3n Docente. Oviedo, 8 y 9 de mayo. Hevia, I., Fano, S., \u00a0Fueyo, A. y Braga, G. (2025). J\u00f3venes y desaf\u00edos globales: construyendo ciudadania global con metodolog\u00edas participativas. Comunicaci\u00f3n del simposium \u00bfC\u00f3mo favorecer el engagement yanimar a la participaci\u00f3n para darrespuesta a retos globales? dentro del V Congreso Internacional Engagement de los Alumnos en la Comunidad Escolar y en el Aprendizaje Toledo, 23, 24 y 25 de junio. DePalma, R., Hevia, I., Calvo-Salvador, A. y Rodr\u00edguez-Hoyos, C. [&hellip;]<\/p>\n","protected":false},"author":6,"featured_media":0,"parent":0,"menu_order":0,"comment_status":"closed","ping_status":"closed","template":"","meta":{"footnotes":""},"_links":{"self":[{"href":"https:\/\/www.unioviedo.es\/grupoetic\/wp-json\/wp\/v2\/pages\/1661"}],"collection":[{"href":"https:\/\/www.unioviedo.es\/grupoetic\/wp-json\/wp\/v2\/pages"}],"about":[{"href":"https:\/\/www.unioviedo.es\/grupoetic\/wp-json\/wp\/v2\/types\/page"}],"author":[{"embeddable":true,"href":"https:\/\/www.unioviedo.es\/grupoetic\/wp-json\/wp\/v2\/users\/6"}],"replies":[{"embeddable":true,"href":"https:\/\/www.unioviedo.es\/grupoetic\/wp-json\/wp\/v2\/comments?post=1661"}],"version-history":[{"count":13,"href":"https:\/\/www.unioviedo.es\/grupoetic\/wp-json\/wp\/v2\/pages\/1661\/revisions"}],"predecessor-version":[{"id":1864,"href":"https:\/\/www.unioviedo.es\/grupoetic\/wp-json\/wp\/v2\/pages\/1661\/revisions\/1864"}],"wp:attachment":[{"href":"https:\/\/www.unioviedo.es\/grupoetic\/wp-json\/wp\/v2\/media?parent=1661"}],"curies":[{"name":"wp","href":"https:\/\/api.w.org\/{rel}","templated":true}]}}

Difusión y Transferencia GlobaLabs

<p>En este apartado se irán incorporando actividades de difusión y transferencia vinculadas al proyecto GlobaLabs:</p>
<h3><span style="color: #800080;">Participación en Jornadas y Congresos</span></h3>
<p>Hevia, I., Fueyo, A. y Braga, G. (2025). <em>Jóvenes co-creando conocimiento sobre los retos globales en las aulas universitarias</em>. Contribución a Simposio del <a href="https://www.cipies.org/es">I Congreso Internacional, Profesional e Interuniversitario de Educación Social</a>. Santiago de Compostela, 8 y 9 de mayo.</p>
<p>Hevia, I. y Fueyo, A. (2025). <em>Educación con perspectiva global de los futuros profesionales de la pedagogía</em>. Comunicación en las <a href="https://jornadasinnova.uniovi.es/">XVII Jornadas Internacionales de Innovación Docente</a>. Oviedo, 8 y 9 de mayo.</p>
<p>Valdés, C.  (2025). <em>Líneas de actuación dirigidas al profesorado de Educación Secundaria Obligatoria para el uso de videojuegos en educación para la ciudadanía global</em>. Comunicación en las <a href="https://jornadasinnova.uniovi.es/">XVII Jornadas Internacionales de Innovación Docente</a>. Oviedo, 8 y 9 de mayo.</p>
<p>Hevia, I., Fano, S.,  Fueyo, A. y Braga, G. (2025). J<em>óvenes y desafíos globales: construyendo ciudadania global con metodologías participativas</em>. Comunicación del simposium <em>¿Cómo favorecer el engagement yanimar a la participación para darrespuesta a retos globales? </em>dentro del <a href="https://vciea-cea.uclm.es">V Congreso Internacional Engagement de los Alumnos en la Comunidad Escolar y en el Aprendizaje</a> Toledo, 23, 24 y 25 de junio.</p>
<p>DePalma, R., Hevia, I., Calvo-Salvador, A. y Rodríguez-Hoyos, C. (2025). <span class="Y2IQFc" lang="en"><em>Youth participation in global challenges.</em> Comunicación  en <a href="https://angel-network.net/ANGELconference2025">Academic Network for Global Education &amp; Learning Conference 2025</a>. Berlín, 5 y 6 de junio. </span></p>
<p>Valdés, C., Fueyo, A. y Verdeja, M. (2025). <em>¿Jugar para aprender o para obedecer?. Percepción del alumnado de secundaria sobre la ideología y el capitalismo en los videojuegos</em>. Comunicación presentada en las<a href="https://www.jute2025uva.es/127263/detail/jute-2025.html"> XXXII Jornadas Universitarias de Tecnología Educativa</a> celebradas los días 25, 26 y 27 de junio en Valladolid.</p>
<p>Calvo-Salvador, A., Hevia Artime, I.  DePalma Ungaro, R. y Rodríguez Hoyos, C. (2026). <em>Imágenes que ayudan a conversar. Fotoelicitación en torno al constructo de personas jóvenes cómo investigadoras de restos globales (JIRG)</em>. <a href="https://educacioncomprometida2026.es">I Congreso Internacional sobre Educación Comprometida y Crítica: Justicia Global, profesional docente y curriculum transformador</a>, celebrado en Barcelona del 22 al 24 de enero de 2026. <span data-ccp-props="{&quot;201341983&quot;:0,&quot;335559739&quot;:160,&quot;335559740&quot;:279}">| <a href="https://www.unioviedo.es/grupoetic/participacion-en-el-i-congreso-internacional-sobre-educacion-comprometida-y-critica/">Enlace a noticia</a></span></p>
<p>Hevia, I., Fueyo, A. y Regueira, A. (2026). Juventud y ciudadanía global: experiencias de vida y construcción de conciencia en jóvenes cooperantes. <a href="https://educacioncomprometida2026.es">I Congreso Internacional sobre Educación Comprometida y Crítica: Justicia Global, profesional docente y curriculum transformador</a>, celebrado en Barcelona del 22 al 24 de enero de 2026. <span data-ccp-props="{&quot;201341983&quot;:0,&quot;335559739&quot;:160,&quot;335559740&quot;:279}">| <a href="https://www.unioviedo.es/grupoetic/participacion-en-el-i-congreso-internacional-sobre-educacion-comprometida-y-critica/">Enlace a notici</a>a</span></p>
<h3><span style="color: #800080;">Actividades de formación e intercambio</span></h3>
<p>Presentación de los materiales del juego “<em>Global Quest ¿Qué pintamos en el planeta?»</em>. 19 de junio de 2025. <span data-ccp-props="{&quot;201341983&quot;:0,&quot;335559739&quot;:160,&quot;335559740&quot;:279}">| <a href="https://www.unioviedo.es/grupoetic/presentacion-de-los-materiales-del-global-quest-que-pintamos-en-el-planeta/">Enlace a noticia</a></span></p>
<p>Encuentro con personal de Ayuda en Acción para el intercambio de metodologías creativas para educar en ciudadanía global. 12 de junio 2025.</p>
<p>Participación en las XX Jornadas culturales IES Valle de Aller. 15 de mayo de 2025. <span data-ccp-props="{&quot;201341983&quot;:0,&quot;335559739&quot;:160,&quot;335559740&quot;:279}"> | <a href="https://www.unioviedo.es/grupoetic/participacion-en-las-xx-jornadas-culturales-ies-valle-de-aller-con-el-taller-global-quest-un-juego-exploratorio-y-participativo-sobre-ciudadania-global/">Enlace a noticia</a></span></p>
<p><span data-contrast="auto">Webinar <em>Crisis y tensiones entre la formación y la enseñanza de las nuevas tecnologías</em></span><i><span data-contrast="auto">. </span></i><span data-contrast="auto">13 de mayo de </span><span data-contrast="auto">2025.</span><span data-ccp-props="{&quot;201341983&quot;:0,&quot;335559739&quot;:160,&quot;335559740&quot;:279}"> | <a href="https://www.unioviedo.es/grupoetic/webinario-crisis-y-tensiones-entre-la-formacion-y-la-ensenanza-de-las-nuevas-tecnologias/">Enlace a noticia</a></span></p>
<p><span data-contrast="auto">Webinar intersedes </span><i><span data-contrast="auto">Juventud investigando sobre retos globales. </span></i><span data-contrast="auto">22 de enero de </span><span data-contrast="auto">2025.</span><span data-ccp-props="{&quot;201341983&quot;:0,&quot;335559739&quot;:160,&quot;335559740&quot;:279}"> | <a href="https://www.unioviedo.es/grupoetic/webinario-juventud-investigando-sobre-temas-globales/">Enlace a noticia</a></span></p>
<p>Primer encuentro Iberoamericano de Ciencia Abierta y Educación. 24 de octubre de 2024.<span data-ccp-props="{&quot;201341983&quot;:0,&quot;335559739&quot;:160,&quot;335559740&quot;:279}"> | <a href="https://www.unioviedo.es/grupoetic/primer-encuentro-iberoamericano-de-redes-de-ciencia-abierta-y-educacion/">Enlace a noticia</a></span></p>
<h3><span style="color: #800080;">Conferencias</span></h3>
<p>Fueyo, A. Participación en la mesa redonda «Una revisión multinivel de la Educación para el Desarrollo en Asturias». 25 de septiembre de 2025.  <span data-ccp-props="{&quot;201341983&quot;:0,&quot;335559739&quot;:160,&quot;335559740&quot;:279}">| <a href="https://www.unioviedo.es/grupoetic/jornadas-educacion-para-el-desarrollo-sostenible/">Enlace a noticia</a></span></p>
<p>Fueyo, A. Conferencia «Educar en la era de la inteligencia artificial». 13 de septiembre de 2025. <span data-ccp-props="{&quot;201341983&quot;:0,&quot;335559739&quot;:160,&quot;335559740&quot;:279}">| <a href="https://www.unioviedo.es/grupoetic/conferencia-educar-en-la-era-de-la-inteligencia-artificial/">Enlace a noticia</a></span></p>
<h3><span style="color: #800080;">Becas</span></h3>
<p>Beca SEKUENS (Agencia de Ciencia, Competitividad Empresarial e Innovación del Principado de Asturias) a través del proyecto <em>“Inteligencia Artificial, ¿aliada o enemiga para enfrentar los desafíos globales?. Investigar desde un enfoque de ciencia abierta</em>” de Dª. Izabela Alexandra Rosalin Florian conforme a la ayuda con referencia IDE/2024/000818 publicada en la Resolución de 30 de diciembre de 2024 (BOPA de <span class="s1">21</span> de enero 2025).</p>
<p>Beca SEKUENS (Agencia de Ciencia, Competitividad Empresarial e Innovación del Principado de Asturias) a través del proyecto <em>“Investigación participativa en laboratorios juveniles de ciudadanía global</em>” de D. Juan Aguayo Bravo conforme a la ayuda con referencia IDE/2024/000818 publicada en la Resolución de 30 de diciembre de 2024 (BOPA de <span class="s1">21</span> de enero 2025).6</p>
<h3><span style="color: #800080;">Contratos y convenios con la administración y/o entidades privadas</span></h3>
<p>Proyecto “<i>Derechos digitales y ODS4 en tiempos de algoritmos: promoviendo el </i><i>pensamiento crítico en alumnado universitario</i>”. Ayuda en Acción 2025-2026. Proyecto FUO FUO-25-125</p>

<p>En este apartado se irán incorporando actividades de difusión y transferencia vinculadas al proyecto GlobaLabs: Participación en Jornadas y Congresos Hevia, I., Fueyo, A. y Braga, G. (2025). Jóvenes co-creando conocimiento sobre los retos globales en las aulas universitarias. Contribución a Simposio del I Congreso Internacional, Profesional e Interuniversitario de Educación Social. Santiago de Compostela, 8 y 9 de mayo. Hevia, I. y Fueyo, A. (2025). Educación con perspectiva global de los futuros profesionales de la pedagogía. Comunicación en las XVII Jornadas Internacionales de Innovación Docente. Oviedo, 8 y 9 de mayo. Valdés, C.  (2025). Líneas de actuación dirigidas al profesorado de Educación Secundaria Obligatoria para el uso de videojuegos en educación para la ciudadanía global. Comunicación en las XVII Jornadas Internacionales de Innovación Docente. Oviedo, 8 y 9 de mayo. Hevia, I., Fano, S.,  Fueyo, A. y Braga, G. (2025). Jóvenes y desafíos globales: construyendo ciudadania global con metodologías participativas. Comunicación del simposium ¿Cómo favorecer el engagement yanimar a la participación para darrespuesta a retos globales? dentro del V Congreso Internacional Engagement de los Alumnos en la Comunidad Escolar y en el Aprendizaje Toledo, 23, 24 y 25 de junio. DePalma, R., Hevia, I., Calvo-Salvador, A. y Rodríguez-Hoyos, C. [&hellip;]</p>
