{"id":34,"date":"2014-05-09T10:56:54","date_gmt":"2014-05-09T10:56:54","guid":{"rendered":"http:\/\/www.unioviedo.es\/grupoetic\/?page_id=34"},"modified":"2014-06-22T19:52:01","modified_gmt":"2014-06-22T19:52:01","slug":"estrategia","status":"publish","type":"page","link":"https:\/\/www.unioviedo.es\/grupoetic\/estrategia\/","title":{"rendered":"ESTRATEGIA"},"content":{"rendered":"<p style=\"color: #777777;\"><a href=\"http:\/\/www.unioviedo.es\/grupoetic\/wp-content\/uploads\/2014\/05\/ecolearning2.png\"><img loading=\"lazy\" decoding=\"async\" class=\"size-full wp-image-103 aligncenter\" src=\"http:\/\/www.unioviedo.es\/grupoetic\/wp-content\/uploads\/2014\/05\/ecolearning2.png\" alt=\"ecolearning2\" width=\"620\" height=\"230\" srcset=\"https:\/\/www.unioviedo.es\/grupoetic\/wp-content\/uploads\/2014\/05\/ecolearning2.png 620w, https:\/\/www.unioviedo.es\/grupoetic\/wp-content\/uploads\/2014\/05\/ecolearning2-300x111.png 300w\" sizes=\"(max-width: 620px) 100vw, 620px\" \/><\/a><\/p>\n<p style=\"color: #777777;\"><span style=\"color: #000000;\">De manera que los objetivos del Proyecto sean cubiertos de manera plena y eficiente, <strong>ECO<\/strong> desarrolla su actividad de acuerdo a un plan de trabajo consistente en 6 paquetes de trabajo (<strong>WP<\/strong>, Work Packages):<\/span><\/p>\n<ul>\n<li><strong>WP1<\/strong>: Coordinaci\u00f3n del Proyecto.<\/li>\n<li><strong>WP2<\/strong>: Metodolog\u00eda y especificaciones de los pilotos.\u00a0<span style=\"color: #999999;\">[Dise\u00f1o y desarrollo del modelo pedag\u00f3gico ECO]<\/span><\/li>\n<li><strong>WP3<\/strong>: Arquitectura e Integraci\u00f3n del Servicio.\u00a0<span style=\"color: #999999;\">[Dise\u00f1o y desarrollo tecnol\u00f3gico de la plataforma ECO]<\/span><\/li>\n<li><strong>WP4<\/strong>: Despliegue del Servicio y Validaci\u00f3n.\u00a0<span style=\"color: #999999;\">[Puesta en marcha de los cursos MOOC y su evaluaci\u00f3n]<\/span><\/li>\n<li><strong>WP5<\/strong>: Diseminaci\u00f3n y comunicaci\u00f3n.<\/li>\n<li><strong>WP6<\/strong>: Explotaci\u00f3n, comercializaci\u00f3n y marketing.<\/li>\n<\/ul>\n<p style=\"color: #777777;\"><span style=\"color: #000000;\">Si bien el Equipo de la Universidad de Oviedo (<strong>UNIOVI Team<\/strong>) desarrolla de forma\u00a0significativa su trabajo en numerosas tareas de los paquetes de trabajo anteriormente listados, caben destacar nuestra presencia en las siguientes:<\/span><\/p>\n<ul>\n<li><strong>T.1.1<\/strong> (WP1): Organizaci\u00f3n y monitorizaci\u00f3n del proyecto.<\/li>\n<li><strong>T.2.1.<\/strong> (WP2): An\u00e1lisis de los existentes servicios y plataformas MOOC.<\/li>\n<li><strong>T.2.2.<\/strong> (WP2): Dise\u00f1o instruccional y escenarios para los MOOC y los sMOOC.<\/li>\n<li><strong>T.2.4.<\/strong> (WP2): Requisitos Web 2.0.<\/li>\n<li><strong>T. 3.3.e.<\/strong> (WP3): Implementaci\u00f3n y prueba del prototipo.<\/li>\n<li><strong>T.3.5. (WP3):\u00a0<\/strong>Integraci\u00f3n de la plataforma ECO MOOC en la web 2.0.<\/li>\n<li><strong>T.4.1. (WP4):<\/strong> Planificaci\u00f3n y apoyo de los pilotos.<\/li>\n<li><strong>T.4.9. (WP4):<\/strong> Ejecuci\u00f3n del servicio piloto \u2013 Hub 8.<\/li>\n<li><strong>T.4.12. (WP4):<\/strong> Evaluaci\u00f3n del piloto y de los resultados.<\/li>\n<li><strong>T.5.1. (WP5):<\/strong> Plan de diseminaci\u00f3n del proyecto ECO.<\/li>\n<li><strong>T.5.2. (WP5):<\/strong> P\u00e1gina web e identidad del proyecto.<\/li>\n<li><strong>T.5.3. (WP5):<\/strong> Eventos del proyecto y talleres de trabajo-difusi\u00f3n.<\/li>\n<\/ul>\n<p>&nbsp;<\/p>\n<p><img loading=\"lazy\" decoding=\"async\" class=\"alignnone  wp-image-88 aligncenter\" src=\"http:\/\/www.unioviedo.es\/grupoetic\/wp-content\/uploads\/2014\/05\/eco-logo-mal-300x144.png\" alt=\"ECO LOGO\" width=\"183\" height=\"88\" srcset=\"https:\/\/www.unioviedo.es\/grupoetic\/wp-content\/uploads\/2014\/05\/eco-logo-mal-300x144.png 300w, https:\/\/www.unioviedo.es\/grupoetic\/wp-content\/uploads\/2014\/05\/eco-logo-mal.png 409w\" sizes=\"(max-width: 183px) 100vw, 183px\" \/><\/p>\n<p style=\"text-align: center;\"><img loading=\"lazy\" decoding=\"async\" src=\"http:\/\/www.unioviedo.es\/grupoetic\/wp-content\/uploads\/2014\/05\/Logo_cip_ECO-2-e1395828571466.png\" alt=\"Logo_cip_ECO-2-e1395828571466\" width=\"72\" height=\"54\" \/><img loading=\"lazy\" decoding=\"async\" src=\"http:\/\/www.unioviedo.es\/grupoetic\/wp-content\/uploads\/2014\/05\/European_Commission_ECO-1-e1395306793829.jpeg\" alt=\"European_Commission_ECO-1-e1395306793829\" width=\"46\" height=\"54\" \/><\/p>\n","protected":false},"excerpt":{"rendered":"<p>De manera que los objetivos del Proyecto sean cubiertos de manera plena y eficiente, ECO desarrolla su actividad de acuerdo a un plan de trabajo consistente en 6 paquetes de trabajo (WP, Work Packages): WP1: Coordinaci\u00f3n del Proyecto. WP2: Metodolog\u00eda y especificaciones de los pilotos.\u00a0[Dise\u00f1o y desarrollo del modelo pedag\u00f3gico ECO] WP3: Arquitectura e Integraci\u00f3n del Servicio.\u00a0[Dise\u00f1o y desarrollo tecnol\u00f3gico de la plataforma ECO] WP4: Despliegue del Servicio y Validaci\u00f3n.\u00a0[Puesta en marcha de los cursos MOOC y su evaluaci\u00f3n] WP5: Diseminaci\u00f3n y comunicaci\u00f3n. WP6: Explotaci\u00f3n, comercializaci\u00f3n y marketing. Si bien el Equipo de la Universidad de Oviedo (UNIOVI Team) desarrolla de forma\u00a0significativa su trabajo en numerosas tareas de los paquetes de trabajo anteriormente listados, caben destacar nuestra presencia en las siguientes: T.1.1 (WP1): Organizaci\u00f3n y monitorizaci\u00f3n del proyecto. T.2.1. (WP2): An\u00e1lisis de los existentes servicios y plataformas MOOC. T.2.2. (WP2): Dise\u00f1o instruccional y escenarios para los MOOC y los sMOOC. T.2.4. (WP2): Requisitos Web 2.0. T. 3.3.e. (WP3): Implementaci\u00f3n y prueba del prototipo. T.3.5. (WP3):\u00a0Integraci\u00f3n de la plataforma ECO MOOC en la web 2.0. T.4.1. (WP4): Planificaci\u00f3n y apoyo de los pilotos. T.4.9. (WP4): Ejecuci\u00f3n del servicio piloto \u2013 Hub 8. T.4.12. (WP4): Evaluaci\u00f3n del piloto y de los resultados. [&hellip;]<\/p>\n","protected":false},"author":2,"featured_media":0,"parent":0,"menu_order":0,"comment_status":"closed","ping_status":"open","template":"","meta":{"footnotes":""},"_links":{"self":[{"href":"https:\/\/www.unioviedo.es\/grupoetic\/wp-json\/wp\/v2\/pages\/34"}],"collection":[{"href":"https:\/\/www.unioviedo.es\/grupoetic\/wp-json\/wp\/v2\/pages"}],"about":[{"href":"https:\/\/www.unioviedo.es\/grupoetic\/wp-json\/wp\/v2\/types\/page"}],"author":[{"embeddable":true,"href":"https:\/\/www.unioviedo.es\/grupoetic\/wp-json\/wp\/v2\/users\/2"}],"replies":[{"embeddable":true,"href":"https:\/\/www.unioviedo.es\/grupoetic\/wp-json\/wp\/v2\/comments?post=34"}],"version-history":[{"count":7,"href":"https:\/\/www.unioviedo.es\/grupoetic\/wp-json\/wp\/v2\/pages\/34\/revisions"}],"predecessor-version":[{"id":110,"href":"https:\/\/www.unioviedo.es\/grupoetic\/wp-json\/wp\/v2\/pages\/34\/revisions\/110"}],"wp:attachment":[{"href":"https:\/\/www.unioviedo.es\/grupoetic\/wp-json\/wp\/v2\/media?parent=34"}],"curies":[{"name":"wp","href":"https:\/\/api.w.org\/{rel}","templated":true}]}}