{"id":569,"date":"2015-11-15T10:56:34","date_gmt":"2015-11-15T10:56:34","guid":{"rendered":"http:\/\/www.unioviedo.es\/grupoetic\/?page_id=569"},"modified":"2016-04-09T16:22:49","modified_gmt":"2016-04-09T16:22:49","slug":"experiencias-docentes","status":"publish","type":"page","link":"https:\/\/www.unioviedo.es\/grupoetic\/experiencias-docentes\/","title":{"rendered":"EXPERIENCIAS DOCENTES"},"content":{"rendered":"<p style=\"text-align: justify;\">A lo largo de la vida docente son muchas las actividades que se realizan en el aula, experiencias\u00a0innovadoras en donde se pone en valor la ruptura con los m\u00e9todos de ense\u00f1anza tradicionales y se busca la vinculaci\u00f3n con el medio que nos rodea, con la aplicabilidad de aquello que estamos ense\u00f1ando. Hemos querido recoger algunas de estas experiencias que hemos desarrollado con nuestros\/as estudiantes universitarios\/as y que tanto nos han ense\u00f1ado, son s\u00f3lo una peque\u00f1a muestra de lo que a lo largo de estos a\u00f1os hemos realizado.<\/p>\n<p style=\"text-align: justify;\"><span style=\"color: #ff5100;\"><strong>Experiencia 1:<\/strong><\/span><\/p>\n<h1 style=\"text-align: justify;\"><span style=\"color: #ffcc00;\"><strong>TICLLOREUPEDAGOG\u00cdA\u00a0<\/strong><\/span><\/h1>\n<p style=\"text-align: justify;\">Experiencia basada en una jornada de intercambio y convivencia del alumnado de 1\u00ba del Grado de Pedagog\u00eda de la Universidad de Oviedo de las asignatura \u00ab<strong><em>Tecnolog\u00eda Educativa<\/em><\/strong>\u00bb y el alumnado de 5\u00ba y 6\u00ba de Primaria del C.P El Lloreu de Xix\u00f3n. Esta\u00a0experiencia se desarrolla en el CP el Lloreu con la puesta en marcha de talleres en cada una de las aulas del tercer ciclo, talleres en los cuales el alumnado de Primaria ense\u00f1a al alumnado de Pedagog\u00eda el funcionamiento de unas herramientas inform\u00e1ticas y ejemplificaciones de su uso en el aula; para posteriormente invertir los roles de los\/las alumnos\/as.<\/p>\n<p style=\"text-align: justify;\"><a href=\"http:\/\/www.unioviedo.es\/grupoetic\/wp-content\/uploads\/2015\/11\/Captura-de-pantalla-2015-11-21-a-las-19.01.10.png\"><img loading=\"lazy\" decoding=\"async\" class=\"alignnone wp-image-619 \" src=\"http:\/\/www.unioviedo.es\/grupoetic\/wp-content\/uploads\/2015\/11\/Captura-de-pantalla-2015-11-21-a-las-19.01.10.png\" alt=\"Captura de pantalla 2015-11-21 a la(s) 19.01.10\" width=\"920\" height=\"469\" srcset=\"https:\/\/www.unioviedo.es\/grupoetic\/wp-content\/uploads\/2015\/11\/Captura-de-pantalla-2015-11-21-a-las-19.01.10.png 947w, https:\/\/www.unioviedo.es\/grupoetic\/wp-content\/uploads\/2015\/11\/Captura-de-pantalla-2015-11-21-a-las-19.01.10-300x153.png 300w\" sizes=\"(max-width: 920px) 100vw, 920px\" \/><\/a><\/p>\n<p style=\"text-align: justify;\">Esta experiencia puede verse en diferentes espacios web:<\/p>\n<ul>\n<li style=\"text-align: justify;\">Blog Asignatura Tecnolog\u00eda Educativa Uniovi 2014\u00a0<a href=\"http:\/\/tecnoeducast14.blogspot.com.es\" target=\"_blank\">http:\/\/tecnoeducast14.blogspot.com.es<\/a><\/li>\n<li style=\"text-align: justify;\">Blog Asignatura Tecnolog\u00eda Educativa Uniovi 2015\u00a0<a href=\"http:\/\/tecnoeducast15.blogspot.com.es\" target=\"_blank\">http:\/\/tecnoeducast15.blogspot.com.es<\/a><\/li>\n<li style=\"text-align: justify;\">Ticlloreupedagogia\u00a0<a href=\"https:\/\/sites.google.com\/a\/cplloreu.es\/ticlloreupedagogia\/home\" target=\"_blank\">https:\/\/sites.google.com\/a\/cplloreu.es\/ticlloreupedagogia\/home<\/a><\/li>\n<\/ul>\n<p style=\"text-align: justify;\"><span style=\"color: #ff5100;\"><strong>Experiencia 2:<\/strong>\u00a0<\/span><\/p>\n<h1 style=\"text-align: justify;\"><span style=\"color: #ffcc00;\"><strong>EDUCACI\u00d3N PARA EL DESARROLLO\u00a0<\/strong><\/span><\/h1>\n<p style=\"text-align: justify;\">Dentro de la asignatura \u00ab<em><strong>Educaci\u00f3n para la Cooperaci\u00f3n y el Desarrollo Humano Sostenible<\/strong><\/em>\u00bb del Grado de Pedagog\u00eda de la Universidad de Oviedo, se vienen desarrollando desde el a\u00f1o 2013 una serie de actividades \u00a0que favorezcan el llevar a las aulas universitarias el trabajo que\u00a0las entidades sociales asturianas realizan en temas de Educaci\u00f3n para el Desarrollo.\u00a0En el Bog de la asignatura se recogen\u00a0\u00a0 algunas de las visitas que se reciben durante la signatura, experiencias con un enfoque pedag\u00f3gico, trabajos de estudiantes, actividades que se desarrollan en Asturias\u2026. todo ello con el prop\u00f3sito de generar un espacio de encuentro para quienes est\u00e1n interesados e interesadas en estos temas.<\/p>\n<p style=\"text-align: justify;\">Blog:\u00a0<a href=\"https:\/\/epdpedagoxia.wordpress.com\u00a0\" target=\"_blank\">https:\/\/epdpedagoxia.wordpress.com\u00a0<\/a><\/p>\n<p style=\"text-align: justify;\"><span style=\"color: #ffffff;\">I<\/span><\/p>\n","protected":false},"excerpt":{"rendered":"<p>A lo largo de la vida docente son muchas las actividades que se realizan en el aula, experiencias\u00a0innovadoras en donde se pone en valor la ruptura con los m\u00e9todos de ense\u00f1anza tradicionales y se busca la vinculaci\u00f3n con el medio que nos rodea, con la aplicabilidad de aquello que estamos ense\u00f1ando. Hemos querido recoger algunas de estas experiencias que hemos desarrollado con nuestros\/as estudiantes universitarios\/as y que tanto nos han ense\u00f1ado, son s\u00f3lo una peque\u00f1a muestra de lo que a lo largo de estos a\u00f1os hemos realizado. Experiencia 1: TICLLOREUPEDAGOG\u00cdA\u00a0 Experiencia basada en una jornada de intercambio y convivencia del alumnado de 1\u00ba del Grado de Pedagog\u00eda de la Universidad de Oviedo de las asignatura \u00abTecnolog\u00eda Educativa\u00bb y el alumnado de 5\u00ba y 6\u00ba de Primaria del C.P El Lloreu de Xix\u00f3n. Esta\u00a0experiencia se desarrolla en el CP el Lloreu con la puesta en marcha de talleres en cada una de las aulas del tercer ciclo, talleres en los cuales el alumnado de Primaria ense\u00f1a al alumnado de Pedagog\u00eda el funcionamiento de unas herramientas inform\u00e1ticas y ejemplificaciones de su uso en el aula; para posteriormente invertir los roles de los\/las alumnos\/as. Esta experiencia puede verse en diferentes espacios web: Blog [&hellip;]<\/p>\n","protected":false},"author":1,"featured_media":0,"parent":0,"menu_order":0,"comment_status":"open","ping_status":"open","template":"","meta":{"footnotes":""},"_links":{"self":[{"href":"https:\/\/www.unioviedo.es\/grupoetic\/wp-json\/wp\/v2\/pages\/569"}],"collection":[{"href":"https:\/\/www.unioviedo.es\/grupoetic\/wp-json\/wp\/v2\/pages"}],"about":[{"href":"https:\/\/www.unioviedo.es\/grupoetic\/wp-json\/wp\/v2\/types\/page"}],"author":[{"embeddable":true,"href":"https:\/\/www.unioviedo.es\/grupoetic\/wp-json\/wp\/v2\/users\/1"}],"replies":[{"embeddable":true,"href":"https:\/\/www.unioviedo.es\/grupoetic\/wp-json\/wp\/v2\/comments?post=569"}],"version-history":[{"count":9,"href":"https:\/\/www.unioviedo.es\/grupoetic\/wp-json\/wp\/v2\/pages\/569\/revisions"}],"predecessor-version":[{"id":634,"href":"https:\/\/www.unioviedo.es\/grupoetic\/wp-json\/wp\/v2\/pages\/569\/revisions\/634"}],"wp:attachment":[{"href":"https:\/\/www.unioviedo.es\/grupoetic\/wp-json\/wp\/v2\/media?parent=569"}],"curies":[{"name":"wp","href":"https:\/\/api.w.org\/{rel}","templated":true}]}}