{"id":1157,"date":"2012-02-10T21:45:24","date_gmt":"2012-02-10T20:45:24","guid":{"rendered":"http:\/\/www.unioviedo.es\/gsd\/miwordpress\/?page_id=23"},"modified":"2024-08-29T10:50:57","modified_gmt":"2024-08-29T08:50:57","slug":"members","status":"publish","type":"page","link":"https:\/\/www.unioviedo.es\/gsd\/members\/","title":{"rendered":"Members"},"content":{"rendered":"\n\n<table id=\"tablepress-1\" class=\"tablepress tablepress-id-1\">\n<tbody class=\"row-striping row-hover\">\n<tr class=\"row-1\">\n\t<td class=\"column-1\">Paula \u00c1lvarez Lombardero<\/td><td class=\"column-2\">Universidad de Oviedo<\/td><td class=\"column-3\">alvarezlompaula@uniovi.es<\/td><td class=\"column-4\"><a href=\"https:\/\/portalinvestigacion.uniovi.es\/investigadores\/1301888\/detalle\">Website<\/a><\/td><td class=\"column-5\"><em>ResearcherID<\/em><\/td>\n<\/tr>\n<tr class=\"row-2\">\n\t<td class=\"column-1\">F\u00e1tima Drubi<\/td><td class=\"column-2\">Universidad de Oviedo<\/td><td class=\"column-3\">drubifatima@uniovi.es<\/td><td class=\"column-4\"><a href=\"https:\/\/portalinvestigacion.uniovi.es\/investigadores\/217149\/detalle\">Website<\/a><\/td><td class=\"column-5\"><a href=\"http:\/\/www.researcherid.com\/rid\/B-7754-2009\">ResearcherID<\/a><\/td>\n<\/tr>\n<tr class=\"row-3\">\n\t<td class=\"column-1\">Pablo G. Barrientos<\/td><td class=\"column-2\">Universidade Federal Fluminense<\/td><td class=\"column-3\">pgbarrientos@id.uff.br<\/td><td class=\"column-4\"><a href=\"http:\/\/lattes.cnpq.br\/5473569053866010\">Website<\/a><\/td><td class=\"column-5\"><a href=\"http:\/\/lattes.cnpq.br\/5473569053866010\">ResearcherID<\/a><\/td>\n<\/tr>\n<tr class=\"row-4\">\n\t<td class=\"column-1\">Santiago Iba\u00f1ez<\/td><td class=\"column-2\">Universidad de Oviedo<\/td><td class=\"column-3\">mesa@uniovi.es<\/td><td class=\"column-4\"><a href=\"https:\/\/portalinvestigacion.uniovi.es\/investigadores\/219210\/detalle\">Website<\/a><\/td><td class=\"column-5\"><a href=\"http:\/\/www.researcherid.com\/rid\/K-1967-2014\">ResearcherID<\/a><\/td>\n<\/tr>\n<tr class=\"row-5\">\n\t<td class=\"column-1\">Diego Noriega<\/td><td class=\"column-2\">Universidad de Oviedo<\/td><td class=\"column-3\">noriegadiego@uniovi.es<\/td><td class=\"column-4\"><a href=\"https:\/\/portalinvestigacion.uniovi.es\/investigadores\/218217\/detalle\">Website<\/a><\/td><td class=\"column-5\"><em>ResearcherID<\/em><\/td>\n<\/tr>\n<tr class=\"row-6\">\n\t<td class=\"column-1\">Set P\u00e9rez-Gonz\u00e1lez<\/td><td class=\"column-2\">Universidad de Oviedo<\/td><td class=\"column-3\">perezset@uniovi.es<\/td><td class=\"column-4\"><a href=\"https:\/\/portalinvestigacion.uniovi.es\/investigadores\/219226\/detalle\">Website<\/a><\/td><td class=\"column-5\"><a href=\"http:\/\/www.researcherid.com\/rid\/IQV-0956-2023\">ResearcherID<\/a><\/td>\n<\/tr>\n<tr class=\"row-7\">\n\t<td class=\"column-1\">Luc\u00eda P\u00e9rez-P\u00e9rez<\/td><td class=\"column-2\">Universidad de Oviedo<\/td><td class=\"column-3\">perezplucia@uniovi.es<\/td><td class=\"column-4\"><a href=\"https:\/\/portalinvestigacion.uniovi.es\/investigadores\/218140\/detalle\">Website<\/a><\/td><td class=\"column-5\"><a href=\"http:\/\/www.researcherid.com\/rid\/GPX-7458-2022\">ResearcherID<\/a><\/td>\n<\/tr>\n<tr class=\"row-8\">\n\t<td class=\"column-1\">Francisco Prieto-Castrillo<\/td><td class=\"column-2\">Universidad de Oviedo<\/td><td class=\"column-3\">prietofrancisco@uniovi.es<\/td><td class=\"column-4\"><a href=\"https:\/\/portalinvestigacion.uniovi.es\/investigadores\/218010\/detalle\">Website<\/a><\/td><td class=\"column-5\"><em>ResearcherID<\/em><\/td>\n<\/tr>\n<tr class=\"row-9\">\n\t<td class=\"column-1\">Antonio Pumari\u00f1o<\/td><td class=\"column-2\">Universidad de Oviedo<\/td><td class=\"column-3\"><\/td><td class=\"column-4\"><a href=\"https:\/\/portalinvestigacion.uniovi.es\/investigadores\/218025\/detalle\">Website<\/a><\/td><td class=\"column-5\"><a href=\"http:\/\/www.researcherid.com\/rid\/K-4256-2014\">ResearcherID<\/a><\/td>\n<\/tr>\n<tr class=\"row-10\">\n\t<td class=\"column-1\">Jos\u00e9 \u00c1ngel Rodr\u00edguez<\/td><td class=\"column-2\">Universidad de Oviedo<\/td><td class=\"column-3\">jarodriguez@uniovi.es<\/td><td class=\"column-4\"><a href=\"https:\/\/portalinvestigacion.uniovi.es\/investigadores\/218177\/detalle\">Website<\/a><\/td><td class=\"column-5\"><a href=\"http:\/\/www.researcherid.com\/rid\/K-2755-2014\">ResearcherID<\/a><\/td>\n<\/tr>\n<tr class=\"row-11\">\n\t<td class=\"column-1\">Pablo S. Casas<\/td><td class=\"column-2\">Universidad de Oviedo<\/td><td class=\"column-3\">pabloscasas@uniovi.es<\/td><td class=\"column-4\"><a href=\"https:\/\/portalinvestigacion.uniovi.es\/investigadores\/218380\/detalle\">Website<\/a><\/td><td class=\"column-5\"><em>ResearcherID<\/em><\/td>\n<\/tr>\n<tr class=\"row-12\">\n\t<td class=\"column-1\">Jes\u00fas S. P\u00e9rez del R\u00edo<\/td><td class=\"column-2\">Universidad de Oviedo<\/td><td class=\"column-3\">jspr@uniovi.es<\/td><td class=\"column-4\"><a href=\"https:\/\/portalinvestigacion.uniovi.es\/investigadores\/219658\/detalle\">Website<\/a><\/td><td class=\"column-5\"><a href=\"http:\/\/www.researcherid.com\/rid\/K-2286-2014\">ResearcherID<\/a><\/td>\n<\/tr>\n<tr class=\"row-13\">\n\t<td class=\"column-1\">Enrique Vigil<\/td><td class=\"column-2\">Universidad de Oviedo<\/td><td class=\"column-3\">vigilkike@gmail.com<\/td><td class=\"column-4\"><a href=\"https:\/\/portalinvestigacion.uniovi.es\/investigadores\/218517\/detalle\">Website<\/a><\/td><td class=\"column-5\"><a href=\"http:\/\/www.researcherid.com\/rid\/B-4438-2017\">ResearcherID<\/a><\/td>\n<\/tr>\n<\/tbody>\n<\/table>\n<!-- #tablepress-1 from cache -->\n","protected":false},"excerpt":{"rendered":"","protected":false},"author":1,"featured_media":0,"parent":0,"menu_order":0,"comment_status":"closed","ping_status":"closed","template":"","meta":{"footnotes":""},"class_list":["post-1157","page","type-page","status-publish","hentry"],"_links":{"self":[{"href":"https:\/\/www.unioviedo.es\/gsd\/wp-json\/wp\/v2\/pages\/1157","targetHints":{"allow":["GET"]}}],"collection":[{"href":"https:\/\/www.unioviedo.es\/gsd\/wp-json\/wp\/v2\/pages"}],"about":[{"href":"https:\/\/www.unioviedo.es\/gsd\/wp-json\/wp\/v2\/types\/page"}],"author":[{"embeddable":true,"href":"https:\/\/www.unioviedo.es\/gsd\/wp-json\/wp\/v2\/users\/1"}],"replies":[{"embeddable":true,"href":"https:\/\/www.unioviedo.es\/gsd\/wp-json\/wp\/v2\/comments?post=1157"}],"version-history":[{"count":2,"href":"https:\/\/www.unioviedo.es\/gsd\/wp-json\/wp\/v2\/pages\/1157\/revisions"}],"predecessor-version":[{"id":1479,"href":"https:\/\/www.unioviedo.es\/gsd\/wp-json\/wp\/v2\/pages\/1157\/revisions\/1479"}],"wp:attachment":[{"href":"https:\/\/www.unioviedo.es\/gsd\/wp-json\/wp\/v2\/media?parent=1157"}],"curies":[{"name":"wp","href":"https:\/\/api.w.org\/{rel}","templated":true}]}}