{"id":136,"date":"2021-02-21T00:10:07","date_gmt":"2021-02-20T23:10:07","guid":{"rendered":"https:\/\/www.unioviedo.es\/idelrio\/?page_id=136"},"modified":"2025-03-19T09:48:18","modified_gmt":"2025-03-19T08:48:18","slug":"docencia-de-master-y-doctorado","status":"publish","type":"page","link":"https:\/\/www.unioviedo.es\/idelrio\/index.php\/docencia-de-master-y-doctorado\/","title":{"rendered":"Docencia de M\u00e1ster y Doctorado"},"content":{"rendered":"\n<p><strong><mark style=\"background-color:rgba(0, 0, 0, 0);color:#00847d\" class=\"has-inline-color\">Curso 2025-202<\/mark><\/strong>6<\/p>\n\n\n\n<p><mark style=\"background-color:rgba(0, 0, 0, 0);color:#00847d\" class=\"has-inline-color\">T\u00e9cnicas de Caracterizaci\u00f3n de Compuestos Inorg\u00e1nicos<\/mark><\/p>\n\n\n\n<p>M\u00e1ster Universitario en Qu\u00edmica&nbsp;y Desarrollo Sostenible. Facultad de Qu\u00edmica de Oviedo<\/p>\n\n\n\n<p><strong><mark style=\"background-color:rgba(0, 0, 0, 0);color:#00847d\" class=\"has-inline-color\">Curso 2024-2025<\/mark><\/strong><\/p>\n\n\n\n<p><mark style=\"background-color:rgba(0, 0, 0, 0);color:#00847d\" class=\"has-inline-color\">T\u00e9cnicas de Caracterizaci\u00f3n de Compuestos Inorg\u00e1nicos<\/mark><\/p>\n\n\n\n<p>M\u00e1ster Universitario en Qu\u00edmica&nbsp;y Desarrollo Sostenible. Facultad de Qu\u00edmica de Oviedo<\/p>\n\n\n\n<p><strong><mark style=\"background-color:rgba(0, 0, 0, 0);color:#00847d\" class=\"has-inline-color\">Curso 2023-2024<\/mark><\/strong><\/p>\n\n\n\n<p><mark style=\"background-color:rgba(0, 0, 0, 0);color:#00847d\" class=\"has-inline-color\">T\u00e9cnicas de Caracterizaci\u00f3n de Compuestos Inorg\u00e1nicos<\/mark><\/p>\n\n\n\n<p>M\u00e1ster Universitario en Qu\u00edmica&nbsp;y Desarrollo Sostenible. Facultad de Qu\u00edmica de Oviedo<\/p>\n\n\n\n<p><strong><mark style=\"background-color:rgba(0, 0, 0, 0);color:#00847d\" class=\"has-inline-color\">Curso 2022-2023<\/mark><\/strong><\/p>\n\n\n\n<p><mark style=\"background-color:rgba(0, 0, 0, 0);color:#00847d\" class=\"has-inline-color\">T\u00e9cnicas de Caracterizaci\u00f3n de Compuestos Inorg\u00e1nicos<\/mark><\/p>\n\n\n\n<p>M\u00e1ster Universitario en Qu\u00edmica&nbsp;y Desarrollo Sostenible. Facultad de Qu\u00edmica de Oviedo<\/p>\n\n\n\n<p><strong><span style=\"color:#00847d\" class=\"has-inline-color\">Curso 2021-2022<\/span><\/strong><\/p>\n\n\n\n<p><mark style=\"background-color:rgba(0, 0, 0, 0);color:#00847d\" class=\"has-inline-color\">T\u00e9cnicas de Caracterizaci\u00f3n de Compuestos Inorg\u00e1nicos<\/mark><\/p>\n\n\n\n<p>M\u00e1ster Universitario en Qu\u00edmica&nbsp;y Desarrollo Sostenible. Facultad de Qu\u00edmica de Oviedo<\/p>\n\n\n\n<p><mark style=\"background-color:rgba(0, 0, 0, 0);color:#00847d\" class=\"has-inline-color\"><strong>Curso 2020-2021<\/strong><\/mark><\/p>\n\n\n\n<p><mark style=\"background-color:rgba(0, 0, 0, 0);color:#00847d\" class=\"has-inline-color\">T\u00e9cnicas de Caracterizaci\u00f3n de Compuestos Inorg\u00e1nicos<\/mark><\/p>\n\n\n\n<p>M\u00e1ster Universitario en Qu\u00edmica&nbsp;y Desarrollo Sostenible. Facultad de Qu\u00edmica de Oviedo<\/p>\n\n\n\n<p><strong><span style=\"color:#00847d\" class=\"has-inline-color\">Curso 2019-2020<\/span><\/strong><\/p>\n\n\n\n<p><mark style=\"background-color:rgba(0, 0, 0, 0);color:#00847d\" class=\"has-inline-color\">T\u00e9cnicas de Caracterizaci\u00f3n de Compuestos Inorg\u00e1nicos<\/mark><\/p>\n\n\n\n<p>M\u00e1ster Universitario en Qu\u00edmica&nbsp;y Desarrollo Sostenible. Facultad de Qu\u00edmica de Oviedo<\/p>\n\n\n\n<p><strong><span style=\"color:#00847d\" class=\"has-inline-color\">Curso 2018-2019<\/span><\/strong><\/p>\n\n\n\n<p><mark style=\"background-color:rgba(0, 0, 0, 0);color:#00847d\" class=\"has-inline-color\">T\u00e9cnicas de Caracterizaci\u00f3n de Compuestos Inorg\u00e1nicos<\/mark><\/p>\n\n\n\n<p>M\u00e1ster Universitario en Qu\u00edmica&nbsp;y Desarrollo Sostenible. Facultad de Qu\u00edmica de Oviedo<\/p>\n\n\n\n<p><mark style=\"background-color:rgba(0, 0, 0, 0);color:#00847d\" class=\"has-inline-color\"><strong>Curso 2017-2018<\/strong><\/mark><\/p>\n\n\n\n<p><mark style=\"background-color:rgba(0, 0, 0, 0);color:#00847d\" class=\"has-inline-color\">T\u00e9cnicas de Caracterizaci\u00f3n de Compuestos Inorg\u00e1nicos<\/mark><\/p>\n\n\n\n<p>M\u00e1ster Universitario en Qu\u00edmica&nbsp;y Desarrollo Sostenible. Facultad de Qu\u00edmica de Oviedo<\/p>\n\n\n\n<p><strong><span style=\"color:#00847d\" class=\"has-inline-color\">Curso 2016-2017<\/span><\/strong><\/p>\n\n\n\n<p><mark style=\"background-color:rgba(0, 0, 0, 0);color:#00847d\" class=\"has-inline-color\">T\u00e9cnicas de Caracterizaci\u00f3n de Compuestos Inorg\u00e1nicos<\/mark><\/p>\n\n\n\n<p>M\u00e1ster Universitario en Qu\u00edmica&nbsp;y Desarrollo Sostenible. Facultad de Qu\u00edmica de Oviedo<\/p>\n\n\n\n<p><strong><span style=\"color:#00847d\" class=\"has-inline-color\">Curso 2015-2016<\/span><\/strong><\/p>\n\n\n\n<p><mark style=\"background-color:rgba(0, 0, 0, 0);color:#00847d\" class=\"has-inline-color\">T\u00e9cnicas de Caracterizaci\u00f3n de Compuestos Inorg\u00e1nicos<\/mark><\/p>\n\n\n\n<p>M\u00e1ster Universitario en Qu\u00edmica&nbsp;y Desarrollo Sostenible. Facultad de Qu\u00edmica de Oviedo<\/p>\n\n\n\n<p><mark style=\"background-color:rgba(0, 0, 0, 0);color:#00847d\" class=\"has-inline-color\"><strong>Curso 2014-2015<\/strong><\/mark><\/p>\n\n\n\n<p><mark style=\"background-color:rgba(0, 0, 0, 0);color:#00847d\" class=\"has-inline-color\">T\u00e9cnicas de Caracterizaci\u00f3n de Compuestos Inorg\u00e1nicos<\/mark><\/p>\n\n\n\n<p>M\u00e1ster Universitario en Qu\u00edmica&nbsp;y Desarrollo Sostenible. Facultad de Qu\u00edmica de Oviedo<\/p>\n\n\n\n<p><strong><span style=\"color:#00847d\" class=\"has-inline-color\">Curso 2013-2014<\/span><\/strong><\/p>\n\n\n\n<p><mark style=\"background-color:rgba(0, 0, 0, 0);color:#00847d\" class=\"has-inline-color\">T\u00e9cnicas de Caracterizaci\u00f3n de Compuestos Inorg\u00e1nicos<\/mark><\/p>\n\n\n\n<p>M\u00e1ster Universitario en Qu\u00edmica&nbsp;y Desarrollo Sostenible. Facultad de Qu\u00edmica de Oviedo<\/p>\n\n\n\n<p><strong><span style=\"color:#00847d\" class=\"has-inline-color\">Curso 2012-2013<\/span><\/strong><\/p>\n\n\n\n<p><mark style=\"background-color:rgba(0, 0, 0, 0);color:#00847d\" class=\"has-inline-color\">T\u00e9cnicas de Caracterizaci\u00f3n de Compuestos Inorg\u00e1nicos<\/mark><\/p>\n\n\n\n<p>M\u00e1ster Universitario en Qu\u00edmica&nbsp;y Desarrollo Sostenible. Facultad de Qu\u00edmica de Oviedo<\/p>\n\n\n\n<p><strong><span style=\"color:#00847d\" class=\"has-inline-color\">Curso 2011-2012<\/span><\/strong><\/p>\n\n\n\n<p><mark style=\"background-color:rgba(0, 0, 0, 0);color:#00847d\" class=\"has-inline-color\">T\u00e9cnicas de Caracterizaci\u00f3n de Compuestos Inorg\u00e1nicos<\/mark><\/p>\n\n\n\n<p>M\u00e1ster Universitario en Qu\u00edmica&nbsp;y Desarrollo Sostenible. Facultad de Qu\u00edmica de Oviedo<\/p>\n","protected":false},"excerpt":{"rendered":"<p>Curso 2025-2026 T\u00e9cnicas de Caracterizaci\u00f3n de Compuestos Inorg\u00e1nicos M\u00e1ster Universitario en Qu\u00edmica&nbsp;y Desarrollo Sostenible. Facultad de Qu\u00edmica de Oviedo Curso 2024-2025 T\u00e9cnicas de Caracterizaci\u00f3n de Compuestos Inorg\u00e1nicos M\u00e1ster Universitario en Qu\u00edmica&nbsp;y Desarrollo Sostenible. Facultad de Qu\u00edmica de Oviedo Curso 2023-2024 T\u00e9cnicas de Caracterizaci\u00f3n de Compuestos Inorg\u00e1nicos M\u00e1ster Universitario en Qu\u00edmica&nbsp;y Desarrollo Sostenible. Facultad de Qu\u00edmica &hellip; <\/p>\n<p class=\"link-more\"><a href=\"https:\/\/www.unioviedo.es\/idelrio\/index.php\/docencia-de-master-y-doctorado\/\" class=\"more-link\">Continuar leyendo<span class=\"screen-reader-text\"> \u00abDocencia de M\u00e1ster y Doctorado\u00bb<\/span><\/a><\/p>\n","protected":false},"author":1,"featured_media":213,"parent":0,"menu_order":0,"comment_status":"closed","ping_status":"closed","template":"","meta":{"footnotes":""},"class_list":["post-136","page","type-page","status-publish","has-post-thumbnail","hentry"],"_links":{"self":[{"href":"https:\/\/www.unioviedo.es\/idelrio\/index.php\/wp-json\/wp\/v2\/pages\/136","targetHints":{"allow":["GET"]}}],"collection":[{"href":"https:\/\/www.unioviedo.es\/idelrio\/index.php\/wp-json\/wp\/v2\/pages"}],"about":[{"href":"https:\/\/www.unioviedo.es\/idelrio\/index.php\/wp-json\/wp\/v2\/types\/page"}],"author":[{"embeddable":true,"href":"https:\/\/www.unioviedo.es\/idelrio\/index.php\/wp-json\/wp\/v2\/users\/1"}],"replies":[{"embeddable":true,"href":"https:\/\/www.unioviedo.es\/idelrio\/index.php\/wp-json\/wp\/v2\/comments?post=136"}],"version-history":[{"count":14,"href":"https:\/\/www.unioviedo.es\/idelrio\/index.php\/wp-json\/wp\/v2\/pages\/136\/revisions"}],"predecessor-version":[{"id":337,"href":"https:\/\/www.unioviedo.es\/idelrio\/index.php\/wp-json\/wp\/v2\/pages\/136\/revisions\/337"}],"wp:featuredmedia":[{"embeddable":true,"href":"https:\/\/www.unioviedo.es\/idelrio\/index.php\/wp-json\/wp\/v2\/media\/213"}],"wp:attachment":[{"href":"https:\/\/www.unioviedo.es\/idelrio\/index.php\/wp-json\/wp\/v2\/media?parent=136"}],"curies":[{"name":"wp","href":"https:\/\/api.w.org\/{rel}","templated":true}]}}

Docencia de Máster y Doctorado

<p><strong><mark style="background-color:rgba(0, 0, 0, 0);color:#00847d" class="has-inline-color">Curso 2025-202</mark></strong>6</p>



<p><mark style="background-color:rgba(0, 0, 0, 0);color:#00847d" class="has-inline-color">Técnicas de Caracterización de Compuestos Inorgánicos</mark></p>



<p>Máster Universitario en Química&nbsp;y Desarrollo Sostenible. Facultad de Química de Oviedo</p>



<p><strong><mark style="background-color:rgba(0, 0, 0, 0);color:#00847d" class="has-inline-color">Curso 2024-2025</mark></strong></p>



<p><mark style="background-color:rgba(0, 0, 0, 0);color:#00847d" class="has-inline-color">Técnicas de Caracterización de Compuestos Inorgánicos</mark></p>



<p>Máster Universitario en Química&nbsp;y Desarrollo Sostenible. Facultad de Química de Oviedo</p>



<p><strong><mark style="background-color:rgba(0, 0, 0, 0);color:#00847d" class="has-inline-color">Curso 2023-2024</mark></strong></p>



<p><mark style="background-color:rgba(0, 0, 0, 0);color:#00847d" class="has-inline-color">Técnicas de Caracterización de Compuestos Inorgánicos</mark></p>



<p>Máster Universitario en Química&nbsp;y Desarrollo Sostenible. Facultad de Química de Oviedo</p>



<p><strong><mark style="background-color:rgba(0, 0, 0, 0);color:#00847d" class="has-inline-color">Curso 2022-2023</mark></strong></p>



<p><mark style="background-color:rgba(0, 0, 0, 0);color:#00847d" class="has-inline-color">Técnicas de Caracterización de Compuestos Inorgánicos</mark></p>



<p>Máster Universitario en Química&nbsp;y Desarrollo Sostenible. Facultad de Química de Oviedo</p>



<p><strong><span style="color:#00847d" class="has-inline-color">Curso 2021-2022</span></strong></p>



<p><mark style="background-color:rgba(0, 0, 0, 0);color:#00847d" class="has-inline-color">Técnicas de Caracterización de Compuestos Inorgánicos</mark></p>



<p>Máster Universitario en Química&nbsp;y Desarrollo Sostenible. Facultad de Química de Oviedo</p>



<p><mark style="background-color:rgba(0, 0, 0, 0);color:#00847d" class="has-inline-color"><strong>Curso 2020-2021</strong></mark></p>



<p><mark style="background-color:rgba(0, 0, 0, 0);color:#00847d" class="has-inline-color">Técnicas de Caracterización de Compuestos Inorgánicos</mark></p>



<p>Máster Universitario en Química&nbsp;y Desarrollo Sostenible. Facultad de Química de Oviedo</p>



<p><strong><span style="color:#00847d" class="has-inline-color">Curso 2019-2020</span></strong></p>



<p><mark style="background-color:rgba(0, 0, 0, 0);color:#00847d" class="has-inline-color">Técnicas de Caracterización de Compuestos Inorgánicos</mark></p>



<p>Máster Universitario en Química&nbsp;y Desarrollo Sostenible. Facultad de Química de Oviedo</p>



<p><strong><span style="color:#00847d" class="has-inline-color">Curso 2018-2019</span></strong></p>



<p><mark style="background-color:rgba(0, 0, 0, 0);color:#00847d" class="has-inline-color">Técnicas de Caracterización de Compuestos Inorgánicos</mark></p>



<p>Máster Universitario en Química&nbsp;y Desarrollo Sostenible. Facultad de Química de Oviedo</p>



<p><mark style="background-color:rgba(0, 0, 0, 0);color:#00847d" class="has-inline-color"><strong>Curso 2017-2018</strong></mark></p>



<p><mark style="background-color:rgba(0, 0, 0, 0);color:#00847d" class="has-inline-color">Técnicas de Caracterización de Compuestos Inorgánicos</mark></p>



<p>Máster Universitario en Química&nbsp;y Desarrollo Sostenible. Facultad de Química de Oviedo</p>



<p><strong><span style="color:#00847d" class="has-inline-color">Curso 2016-2017</span></strong></p>



<p><mark style="background-color:rgba(0, 0, 0, 0);color:#00847d" class="has-inline-color">Técnicas de Caracterización de Compuestos Inorgánicos</mark></p>



<p>Máster Universitario en Química&nbsp;y Desarrollo Sostenible. Facultad de Química de Oviedo</p>



<p><strong><span style="color:#00847d" class="has-inline-color">Curso 2015-2016</span></strong></p>



<p><mark style="background-color:rgba(0, 0, 0, 0);color:#00847d" class="has-inline-color">Técnicas de Caracterización de Compuestos Inorgánicos</mark></p>



<p>Máster Universitario en Química&nbsp;y Desarrollo Sostenible. Facultad de Química de Oviedo</p>



<p><mark style="background-color:rgba(0, 0, 0, 0);color:#00847d" class="has-inline-color"><strong>Curso 2014-2015</strong></mark></p>



<p><mark style="background-color:rgba(0, 0, 0, 0);color:#00847d" class="has-inline-color">Técnicas de Caracterización de Compuestos Inorgánicos</mark></p>



<p>Máster Universitario en Química&nbsp;y Desarrollo Sostenible. Facultad de Química de Oviedo</p>



<p><strong><span style="color:#00847d" class="has-inline-color">Curso 2013-2014</span></strong></p>



<p><mark style="background-color:rgba(0, 0, 0, 0);color:#00847d" class="has-inline-color">Técnicas de Caracterización de Compuestos Inorgánicos</mark></p>



<p>Máster Universitario en Química&nbsp;y Desarrollo Sostenible. Facultad de Química de Oviedo</p>



<p><strong><span style="color:#00847d" class="has-inline-color">Curso 2012-2013</span></strong></p>



<p><mark style="background-color:rgba(0, 0, 0, 0);color:#00847d" class="has-inline-color">Técnicas de Caracterización de Compuestos Inorgánicos</mark></p>



<p>Máster Universitario en Química&nbsp;y Desarrollo Sostenible. Facultad de Química de Oviedo</p>



<p><strong><span style="color:#00847d" class="has-inline-color">Curso 2011-2012</span></strong></p>



<p><mark style="background-color:rgba(0, 0, 0, 0);color:#00847d" class="has-inline-color">Técnicas de Caracterización de Compuestos Inorgánicos</mark></p>



<p>Máster Universitario en Química&nbsp;y Desarrollo Sostenible. Facultad de Química de Oviedo</p>

<p>Curso 2025-2026 Técnicas de Caracterización de Compuestos Inorgánicos Máster Universitario en Química&nbsp;y Desarrollo Sostenible. Facultad de Química de Oviedo Curso 2024-2025 Técnicas de Caracterización de Compuestos Inorgánicos Máster Universitario en Química&nbsp;y Desarrollo Sostenible. Facultad de Química de Oviedo Curso 2023-2024 Técnicas de Caracterización de Compuestos Inorgánicos Máster Universitario en Química&nbsp;y Desarrollo Sostenible. Facultad de Química &hellip; </p>
<p class="link-more"><a href="https://www.unioviedo.es/idelrio/index.php/docencia-de-master-y-doctorado/" class="more-link">Continuar leyendo<span class="screen-reader-text"> «Docencia de Máster y Doctorado»</span></a></p>
