{"id":53,"date":"2017-01-30T13:26:21","date_gmt":"2017-01-30T13:26:21","guid":{"rendered":"https:\/\/www.unioviedo.es\/idelrio\/?page_id=53"},"modified":"2025-11-11T09:27:37","modified_gmt":"2025-11-11T08:27:37","slug":"docencia-de-grado","status":"publish","type":"page","link":"https:\/\/www.unioviedo.es\/idelrio\/index.php\/docencia\/docencia-de-grado\/","title":{"rendered":"Docencia de Grado"},"content":{"rendered":"\n<p class=\"has-text-color has-link-color wp-elements-f6573baa970537c379e18f1cc262dc24\" style=\"color:#00847d\"><strong>Curso 2025-2026<\/strong><\/p>\n\n\n\n<p class=\"has-text-color\" style=\"color:#00847d\">Laboratorio de Qu\u00edmica I<\/p>\n\n\n\n<p>Segundo Curso de Grado en Ingenier\u00eda Qu\u00edmica. Facultad de Qu\u00edmica de Oviedo<\/p>\n\n\n\n<p class=\"has-text-color\" style=\"color:#00847d\">Basic Laboratory Operations<\/p>\n\n\n\n<p>Primer Curso de Grado en Qu\u00edmica (Grado biling\u00fce). Facultad de Qu\u00edmica de Oviedo<\/p>\n\n\n\n<p class=\"has-text-color has-link-color wp-elements-bbc1a65803932368affbbca6a2ae560f\" style=\"color:#00847d\"><strong>Curso 2024-2025<\/strong><\/p>\n\n\n\n<p class=\"has-text-color\" style=\"color:#00847d\">Laboratorio de Qu\u00edmica I<\/p>\n\n\n\n<p>Segundo Curso de Grado en Ingenier\u00eda Qu\u00edmica. Facultad de Qu\u00edmica de Oviedo<\/p>\n\n\n\n<p class=\"has-text-color\" style=\"color:#00847d\">Basic Laboratory Operations<\/p>\n\n\n\n<p>Primer Curso de Grado en Qu\u00edmica (Grado biling\u00fce). Facultad de Qu\u00edmica de Oviedo<\/p>\n\n\n\n<p class=\"has-text-color\" style=\"color:#00847d\"><strong>Curso 2023-2024<\/strong><\/p>\n\n\n\n<p class=\"has-text-color\" style=\"color:#00847d\">Laboratorio de Qu\u00edmica I<\/p>\n\n\n\n<p>Segundo Curso de Grado en Ingenier\u00eda Qu\u00edmica. Facultad de Qu\u00edmica de Oviedo<\/p>\n\n\n\n<p class=\"has-text-color\" style=\"color:#00847d\">Qu\u00edmica<\/p>\n\n\n\n<p>Primer Curso de Grado en Ingenier\u00eda de Tecnolog\u00edas Industriales. Escuela Polit\u00e9cnica de Ingenier\u00eda de Gij\u00f3n<\/p>\n\n\n\n<p class=\"has-text-color\" style=\"color:#00847d\">Basic Laboratory Operations<\/p>\n\n\n\n<p>Primer Curso de Grado en Qu\u00edmica (Grado biling\u00fce). Facultad de Qu\u00edmica de Oviedo<\/p>\n\n\n\n<p class=\"has-text-color\" style=\"color:#00847d\">Chemistry<\/p>\n\n\n\n<p>Primer Curso de Grado en Ingenier\u00eda de Tecnolog\u00edas Industriales (Grado biling\u00fce). Escuela Polit\u00e9cnica de Ingenier\u00eda de Gij\u00f3n<\/p>\n\n\n\n<p class=\"has-text-color\" style=\"color:#00847d\"><strong>Curso 2022-2023<\/strong><\/p>\n\n\n\n<p class=\"has-text-color\" style=\"color:#00847d\">Qu\u00edmica<\/p>\n\n\n\n<p>Primer Curso de Grado en Geolog\u00eda. Facultad de Qu\u00edmica de Oviedo<\/p>\n\n\n\n<p class=\"has-text-color\" style=\"color:#00847d\">Experimentaci\u00f3n en Qu\u00edmica Inorg\u00e1nica I<\/p>\n\n\n\n<p>Tercer Curso de Grado en Qu\u00edmica. Facultad de Qu\u00edmica de Oviedo<\/p>\n\n\n\n<p class=\"has-text-color\" style=\"color:#00847d\">Basic Laboratory Operations<\/p>\n\n\n\n<p>Primer Curso de Grado en Qu\u00edmica (Grado biling\u00fce). Facultad de Qu\u00edmica de Oviedo<\/p>\n\n\n\n<p class=\"has-text-color\" style=\"color:#00847d\">Chemistry<\/p>\n\n\n\n<p>Primer Curso de Grado en Ingenier\u00eda de Tecnolog\u00edas Industriales (Grado biling\u00fce). Escuela Polit\u00e9cnica de Ingenier\u00eda de Gij\u00f3n<\/p>\n\n\n<p class=\"paragraph_style\"><span style=\"color: #00847d;\"><strong>Curso 2021-2022<\/strong><\/span><\/p>\n<p class=\"paragraph_style_1\"><span style=\"color: #00847d;\">Qu\u00edmica<\/span><\/p>\n<p class=\"paragraph_style_2\">Primer Curso de Grado en Geolog\u00eda. Facultad de Qu\u00edmica de Oviedo<\/p>\n<p class=\"paragraph_style_1\"><span style=\"color: #00847d;\">Laboratorio de Qu\u00edmica I<\/span><\/p>\n<p class=\"paragraph_style_2\">Segundo Curso de Grado en Ingenier\u00eda Qu\u00edmica. Facultad de Qu\u00edmica de Oviedo<\/p>\n<p class=\"paragraph_style_1\"><span style=\"color: #00847d;\">Basic Laboratory Operations<\/span><\/p>\n<p class=\"paragraph_style_2\">Primer Curso de Grado en Qu\u00edmica (Grado biling\u00fce). Facultad de Qu\u00edmica de Oviedo<\/p>\n<p class=\"paragraph_style_1\"><span style=\"color: #00847d; font-size: inherit;\">Experimentaci\u00f3n en Qu\u00edmica Inorg\u00e1nica II<\/span><\/p>\n<p class=\"paragraph_style_2\">Cuarto Curso de Grado en Qu\u00edmica. Facultad de Qu\u00edmica de Oviedo<\/p>\n<p class=\"paragraph_style_1\"><span style=\"color: #00847d;\"><span style=\"caret-color: #00847d;\">Qu\u00edmica<\/span><\/span><\/p>\n<p class=\"paragraph_style_2\">Primer Curso de Grado en Ingenier\u00eda de Tecnolog\u00edas Industriales. Escuela Polit\u00e9cnica de Ingenier\u00eda de Gij\u00f3n<\/p>\n<p class=\"paragraph_style\"><span style=\"color: #00847d;\"><strong>Curso 2020-2021<\/strong><\/span><\/p>\n<p class=\"paragraph_style_1\"><span style=\"color: #00847d;\">Chemistry<\/span><\/p>\n<p class=\"paragraph_style_2\">Primer Curso de Grado en Ingenier\u00eda de Tecnolog\u00edas Industriales (Grado biling\u00fce). Escuela Polit\u00e9cnica de Ingenier\u00eda de Gij\u00f3n<\/p>\n<p class=\"paragraph_style_1\"><span style=\"color: #00847d;\">Basic Laboratory Operations<\/span><\/p>\n<p class=\"paragraph_style_2\">Primer Curso de Grado en Qu\u00edmica (Grado biling\u00fce). Facultad de Qu\u00edmica de Oviedo<\/p>\n<p class=\"paragraph_style\"><span style=\"color: #00847d;\"><strong>Curso 2019-2020<\/strong><\/span><\/p>\n<p class=\"paragraph_style_1\"><span style=\"color: #00847d;\">Basic Laboratory Operations<\/span><\/p>\n<p class=\"paragraph_style_2\">Primer Curso de Grado en Qu\u00edmica (Grado biling\u00fce). Facultad de Qu\u00edmica de Oviedo<\/p>\n<p class=\"paragraph_style\"><span style=\"color: #00847d;\"><strong>Curso 2018-2019<\/strong><\/span><\/p>\n<p class=\"paragraph_style_1\"><span style=\"color: #00847d;\">Basic Laboratory Operations<\/span><\/p>\n<p class=\"paragraph_style_2\">Primer Curso de Grado en Qu\u00edmica (Grado biling\u00fce). Facultad de Qu\u00edmica de Oviedo<\/p>\n<p class=\"paragraph_style_1\"><span style=\"color: #00847d;\">Qu\u00edmica<\/span><\/p>\n<p class=\"paragraph_style_2\">Primer Curso de Grado en Ingenier\u00eda de Tecnolog\u00edas Industriales. Escuela Polit\u00e9cnica de Ingenier\u00eda de Gij\u00f3n<\/p>\n<p class=\"paragraph_style\"><span style=\"color: #00847d;\"><strong>Curso 2017-2018<\/strong><\/span><\/p>\n<p class=\"paragraph_style_1\"><span style=\"color: #00847d;\">Basic Laboratory Operations<\/span><\/p>\n<p class=\"paragraph_style_2\">Primer Curso de Grado en Qu\u00edmica (Grado biling\u00fce). Facultad de Qu\u00edmica de Oviedo<\/p>\n<p class=\"paragraph_style\"><span style=\"color: #00847d;\"><strong>Curso 2016-2017<\/strong><\/span><\/p>\n<p class=\"paragraph_style_1\"><span style=\"color: #00847d;\">Basic Laboratory Operations<\/span><\/p>\n<p class=\"paragraph_style_2\">Primer Curso de Grado en Qu\u00edmica (Grado biling\u00fce). Facultad de Qu\u00edmica de Oviedo<\/p>\n<p class=\"paragraph_style_1\"><span style=\"color: #00847d;\">Operaciones B\u00e1sicas de Laboratorio<\/span><\/p>\n<p class=\"paragraph_style_2\">Primer Curso de Grado en Qu\u00edmica. Facultad de Qu\u00edmica de Oviedo<\/p>\n<p class=\"paragraph_style\"><span style=\"color: #00847d;\"><strong>Curso 2015-2016<\/strong><\/span><\/p>\n<p class=\"paragraph_style_1\"><span style=\"color: #00847d;\">Basic Laboratory Operations<\/span><\/p>\n<p class=\"paragraph_style_2\">Primer Curso de Grado en Qu\u00edmica (Grupo Biling\u00fce). Facultad de Qu\u00edmica de Oviedo<\/p>\n<p class=\"paragraph_style\"><span style=\"color: #00847d;\"><strong>Curso 2014-2015<\/strong><\/span><\/p>\n<p class=\"paragraph_style_1\"><span style=\"color: #00847d;\">Qu\u00edmica<\/span><\/p>\n<p class=\"paragraph_style_2\">Primer Curso de Grado en Ingenier\u00eda de Tecnolog\u00edas Industriales. Escuela Polit\u00e9cnica de Ingenier\u00eda de Gij\u00f3n<\/p>\n<p class=\"paragraph_style\"><span style=\"color: #00847d;\"><strong>Curso 2013-2014<\/strong><\/span><\/p>\n<p class=\"paragraph_style_1\"><span style=\"color: #00847d;\">Qu\u00edmica<\/span><\/p>\n<p class=\"paragraph_style_2\">Primer Curso de Grado en Ingenier\u00eda de Tecnolog\u00edas Industriales. Escuela Polit\u00e9cnica de Ingenier\u00eda de Gij\u00f3n<\/p>\n<p class=\"paragraph_style_1\"><span style=\"color: #00847d;\">Qu\u00edmica<\/span><\/p>\n<p class=\"paragraph_style_2\">Primer Curso de Grado en Ingenier\u00eda de Tecnolog\u00edas Mineras. Escuela T\u00e9cnica Superior de Ingenieros de Minas de Oviedo<\/p>\n<p class=\"paragraph_style\"><span style=\"color: #00847d;\"><strong>Curso 2012-2013<\/strong><\/span><\/p>\n<p class=\"paragraph_style_1\"><span style=\"color: #00847d;\">Qu\u00edmica<\/span><\/p>\n<p class=\"paragraph_style_2\">Primer Curso de Grado en Ingenier\u00eda de Tecnolog\u00edas Industriales. Escuela Polit\u00e9cnica de Ingenier\u00eda de Gij\u00f3n<\/p>\n<p class=\"paragraph_style_1\"><span style=\"color: #00847d;\">Qu\u00edmica<\/span><\/p>\n<p class=\"paragraph_style_2\">Primer Curso de Grado en Ingenier\u00eda de Tecnolog\u00edas Mineras. Escuela T\u00e9cnica Superior de Ingenieros de Minas de Oviedo<\/p>\n<p class=\"paragraph_style_5\"><span style=\"color: #00847d;\"><strong>Curso 2011-2012<\/strong><\/span><\/p>\n<p class=\"paragraph_style_1\"><span style=\"color: #00847d;\">Qu\u00edmica<\/span><\/p>\n<p class=\"paragraph_style_2\">Primer Curso de Grado en Ingenier\u00eda de Tecnolog\u00edas Industriales. Escuela Polit\u00e9cnica de Ingenier\u00eda de Gij\u00f3n<\/p>\n<p class=\"paragraph_style_1\"><span style=\"color: #00847d;\">Conceptos y Modelos en Qu\u00edmica Inorg\u00e1nica<\/span><\/p>\n<p class=\"paragraph_style_2\">Segundo Curso de Grado en Qu\u00edmica. Facultad de Qu\u00edmica de Oviedo<\/p>","protected":false},"excerpt":{"rendered":"<p>Curso 2025-2026 Laboratorio de Qu\u00edmica I Segundo Curso de Grado en Ingenier\u00eda Qu\u00edmica. Facultad de Qu\u00edmica de Oviedo Basic Laboratory Operations Primer Curso de Grado en Qu\u00edmica (Grado biling\u00fce). Facultad de Qu\u00edmica de Oviedo Curso 2024-2025 Laboratorio de Qu\u00edmica I Segundo Curso de Grado en Ingenier\u00eda Qu\u00edmica. Facultad de Qu\u00edmica de Oviedo Basic Laboratory Operations &hellip; <\/p>\n<p class=\"link-more\"><a href=\"https:\/\/www.unioviedo.es\/idelrio\/index.php\/docencia\/docencia-de-grado\/\" class=\"more-link\">Continuar leyendo<span class=\"screen-reader-text\"> \u00abDocencia de Grado\u00bb<\/span><\/a><\/p>\n","protected":false},"author":1,"featured_media":219,"parent":51,"menu_order":0,"comment_status":"closed","ping_status":"closed","template":"","meta":{"footnotes":""},"class_list":["post-53","page","type-page","status-publish","has-post-thumbnail","hentry"],"_links":{"self":[{"href":"https:\/\/www.unioviedo.es\/idelrio\/index.php\/wp-json\/wp\/v2\/pages\/53","targetHints":{"allow":["GET"]}}],"collection":[{"href":"https:\/\/www.unioviedo.es\/idelrio\/index.php\/wp-json\/wp\/v2\/pages"}],"about":[{"href":"https:\/\/www.unioviedo.es\/idelrio\/index.php\/wp-json\/wp\/v2\/types\/page"}],"author":[{"embeddable":true,"href":"https:\/\/www.unioviedo.es\/idelrio\/index.php\/wp-json\/wp\/v2\/users\/1"}],"replies":[{"embeddable":true,"href":"https:\/\/www.unioviedo.es\/idelrio\/index.php\/wp-json\/wp\/v2\/comments?post=53"}],"version-history":[{"count":18,"href":"https:\/\/www.unioviedo.es\/idelrio\/index.php\/wp-json\/wp\/v2\/pages\/53\/revisions"}],"predecessor-version":[{"id":348,"href":"https:\/\/www.unioviedo.es\/idelrio\/index.php\/wp-json\/wp\/v2\/pages\/53\/revisions\/348"}],"up":[{"embeddable":true,"href":"https:\/\/www.unioviedo.es\/idelrio\/index.php\/wp-json\/wp\/v2\/pages\/51"}],"wp:featuredmedia":[{"embeddable":true,"href":"https:\/\/www.unioviedo.es\/idelrio\/index.php\/wp-json\/wp\/v2\/media\/219"}],"wp:attachment":[{"href":"https:\/\/www.unioviedo.es\/idelrio\/index.php\/wp-json\/wp\/v2\/media?parent=53"}],"curies":[{"name":"wp","href":"https:\/\/api.w.org\/{rel}","templated":true}]}}