{"id":1031,"date":"2022-11-24T13:16:07","date_gmt":"2022-11-24T12:16:07","guid":{"rendered":"https:\/\/www.unioviedo.es\/inmotusalus\/?page_id=1031"},"modified":"2023-01-03T16:10:35","modified_gmt":"2023-01-03T15:10:35","slug":"quienes-somos","status":"publish","type":"page","link":"https:\/\/www.unioviedo.es\/inmotusalus\/quienes-somos\/","title":{"rendered":"Quienes somos"},"content":{"rendered":"<p>[et_pb_section fb_built=\u00bb1&#8243; _builder_version=\u00bb4.16.1&#8243; _module_preset=\u00bbdefault\u00bb global_colors_info=\u00bb{}\u00bb][et_pb_row _builder_version=\u00bb4.16.1&#8243; _module_preset=\u00bbdefault\u00bb global_colors_info=\u00bb{}\u00bb][et_pb_column type=\u00bb4_4&#8243; _builder_version=\u00bb4.16.1&#8243; _module_preset=\u00bbdefault\u00bb global_colors_info=\u00bb{}\u00bb][et_pb_text _builder_version=\u00bb4.16.1&#8243; _module_preset=\u00bbdefault\u00bb header_3_font=\u00bb|600|||||||\u00bb header_3_text_color=\u00bb#bccf17&#8243; header_3_line_height=\u00bb1.5em\u00bb global_colors_info=\u00bb{}\u00bb]<\/p>\n<h3 style=\"text-align: center;\">La Red \u201cin motu salus\u201d est\u00e1 integrada por grupos de investigaci\u00f3n de 9 universidades y por entidades orientadas al entrenamiento.<\/h3>\n<p>[\/et_pb_text][et_pb_image src=\u00bbhttps:\/\/www.unioviedo.es\/inmotusalus\/wp-content\/uploads\/2023\/01\/Mapa-espana-1.png\u00bb title_text=\u00bbMapa espa\u00f1a\u00bb align=\u00bbcenter\u00bb _builder_version=\u00bb4.16.1&#8243; _module_preset=\u00bbdefault\u00bb global_colors_info=\u00bb{}\u00bb][\/et_pb_image][et_pb_text _builder_version=\u00bb4.16.1&#8243; _module_preset=\u00bbdefault\u00bb global_colors_info=\u00bb{}\u00bb]<\/p>\n<p style=\"text-align: center;\"><strong>Miembros colaboradores de la red no Espa\u00f1oles<br \/><\/strong><\/p>\n<p>[\/et_pb_text][et_pb_image src=\u00bbhttps:\/\/www.unioviedo.es\/inmotusalus\/wp-content\/uploads\/2023\/01\/mapamundi.png\u00bb title_text=\u00bbmapamundi\u00bb align=\u00bbcenter\u00bb _builder_version=\u00bb4.16.1&#8243; _module_preset=\u00bbdefault\u00bb width=\u00bb65%\u00bb width_tablet=\u00bb80%\u00bb width_phone=\u00bb100%\u00bb width_last_edited=\u00bbon|phone\u00bb global_colors_info=\u00bb{}\u00bb][\/et_pb_image][et_pb_text _builder_version=\u00bb4.16.1&#8243; _module_preset=\u00bbdefault\u00bb header_3_font=\u00bb|600|||||||\u00bb header_3_text_color=\u00bb#bccf17&#8243; header_4_text_color=\u00bb#6B6B6B\u00bb header_4_line_height=\u00bb1.3em\u00bb global_colors_info=\u00bb{}\u00bb]<\/p>\n<h3 class=\"module--translations-translatedtext js-module--translations-translatedtext\"><strong>Link to CVs alphabetically:<\/strong><\/h3>\n<p>&nbsp;<\/p>\n<h4><strong>Alejandro Luc\u00eda Mulas.<\/strong><br \/>Universidad Europea de Madrid.<\/h4>\n<p><a href=\"https:\/\/universidadeuropea.es\/madrid\/noticias\/alejandro-lucia-entre-los-mejores-expertos-en-investigacion-deportiva-a-nivel-mundial\">https:\/\/universidadeuropea.es\/madrid\/noticias\/alejandro-lucia-entre-los-mejores-expertos-en-investigacion-deportiva-a-nivel-mundial<\/a><\/p>\n<p><a href=\"https:\/\/orcid.org\/0000-0002-3025-2060\">https:\/\/orcid.org\/0000-0002-3025-2060<\/a><\/p>\n<p>&nbsp;<\/p>\n<h4><strong>\u00c1ngel Enrique D\u00edaz Mart\u00ednez.<\/strong><br \/>CELAD. CSD.<\/h4>\n<p><a href=\"https:\/\/celad.culturaydeporte.gob.es\/inicio.html\">https:\/\/celad.culturaydeporte.gob.es\/inicio.html<\/a><\/p>\n<p><a href=\"https:\/\/orcid.org\/0000-0002-6215-0093\">https:\/\/orcid.org\/0000-0002-6215-0093<\/a><\/p>\n<p>&nbsp;<\/p>\n<h4><strong>Benjamin Fern\u00e1ndez Garc\u00eda.<\/strong><br \/>Universidad de Oviedo.<\/h4>\n<p><a href=\"http:\/\/grupos.uniovi.es\/web\/fernandezbenjamin\/contacto\">http:\/\/grupos.uniovi.es\/web\/fernandezbenjamin\/contacto<\/a><\/p>\n<p><a href=\"https:\/\/orcid.org\/0000-0002-2391-680X\">https:\/\/orcid.org\/0000-0002-2391-680X<\/a><\/p>\n<p>&nbsp;<\/p>\n<h4><strong>Cristina Blasco Lafarga.<\/strong><br \/>Universidad de Valencia.<\/h4>\n<p><a href=\"https:\/\/www.uv.es\/uvweb\/universidad\/es\/ficha-persona-1285950309813.html?p2=mablasl3&amp;idA=true\">https:\/\/www.uv.es\/uvweb\/universidad\/es\/ficha-persona-1285950309813.html?p2=mablasl3&amp;idA=true<\/a><\/p>\n<p><a href=\"https:\/\/orcid.org\/0000-0001-8798-306X\">https:\/\/orcid.org\/0000-0001-8798-306X<\/a><\/p>\n<p>&nbsp;<\/p>\n<h4><strong>Cristina Tom\u00e1s Zapico.<\/strong><br \/>Universidad de Oviedo.<\/h4>\n<p><a href=\"https:\/\/biofun.uniovi.es\/areas\/fisiologia\/-\/asset_publisher\/0009\/content\/tomas-zapico-cristina-1?redirect=%2Fareas%2Ffisiologia\">https:\/\/biofun.uniovi.es\/areas\/fisiologia\/-\/asset_publisher\/0009\/content\/tomas-zapico-cristina-1?redirect=%2Fareas%2Ffisiologia<\/a><\/p>\n<p><a href=\"http:\/\/orcid.org\/0000-0001-7823-0410\">http:\/\/orcid.org\/0000-0001-7823-0410<\/a><\/p>\n<p>&nbsp;<\/p>\n<h4><strong>Eduardo Iglesias-Guti\u00e9rrez.<\/strong><br \/>Universidad de Oviedo.<\/h4>\n<p><a href=\"https:\/\/orcid.org\/0000-0002-3063-1562\">https:\/\/orcid.org\/0000-0002-3063-1562<\/a><\/p>\n<p><a href=\"https:\/\/biofun.uniovi.es\/areas\/fisiologia\/-\/asset_publisher\/0009\/content\/iglesias-gutierrez-eduardo-1?redirect=%2Fareas%2Ffisiologia\">https:\/\/biofun.uniovi.es\/areas\/fisiologia\/-\/asset_publisher\/0009\/content\/iglesias-gutierrez-eduardo-1?redirect=%2Fareas%2Ffisiologia<\/a><\/p>\n<p>&nbsp;<\/p>\n<h4><strong>Eduardo Ortega Rinc\u00f3n.<\/strong><br \/>Universidad de Extremadura<\/h4>\n<p><a href=\"https:\/\/www.unex.es\/conoce-la-uex\/departamentos\/ficha_personal?idDpto=Y022&amp;personal=1&amp;idPro=orincon\">https:\/\/www.unex.es\/conoce-la-uex\/departamentos\/ficha_personal?idDpto=Y022&amp;personal=1&amp;idPro=orincon<\/a><\/p>\n<p>&nbsp;<\/p>\n<h4><strong>Germ\u00e1n Vicente Rodriguez.<\/strong><br \/>Universidad de Zaragoza<\/h4>\n<p><a href=\"https:\/\/fisiatria_enfermeria.unizar.es\/personal\/german-vicente-rodriguez\">https:\/\/fisiatria_enfermeria.unizar.es\/personal\/german-vicente-rodriguez<\/a><\/p>\n<p><a href=\"https:\/\/orcid.org\/0000-0002-4303-4097\">https:\/\/orcid.org\/0000-0002-4303-4097<\/a><\/p>\n<p>&nbsp;<\/p>\n<h4><strong>Hugo Olmedillas.<\/strong><br \/>Universidad de Oviedo.<\/h4>\n<p><a href=\"https:\/\/biofun.uniovi.es\/areas\/fisiologia\/-\/asset_publisher\/0009\/content\/olmedillas-fernandez-hugo-1?redirect=%2Fareas%2Ffisiologia\">https:\/\/biofun.uniovi.es\/areas\/fisiologia\/-\/asset_publisher\/0009\/content\/olmedillas-fernandez-hugo-1?redirect=%2Fareas%2Ffisiologia<\/a><\/p>\n<p><a href=\"https:\/\/orcid.org\/0000-0003-4625-2759\">https:\/\/orcid.org\/0000-0003-4625-2759<\/a><\/p>\n<p>&nbsp;<\/p>\n<h4><strong>Iv\u00e1n Chulvi Medrano.<\/strong><br \/>Universidad de Valencia.<\/h4>\n<p><a href=\"https:\/\/www.uv.es\/uvweb\/universidad\/es\/ficha-persona-1285950309813.html?p2=chulmei&amp;idA=true\">https:\/\/www.uv.es\/uvweb\/universidad\/es\/ficha-persona-1285950309813.html?p2=chulmei&amp;idA=true<\/a><\/p>\n<p><a href=\"https:\/\/orcid.org\/0000-0002-6612-1759\">https:\/\/orcid.org\/0000-0002-6612-1759<\/a><\/p>\n<p>&nbsp;<\/p>\n<h4><strong>Jonatan Ruiz.<\/strong><br \/>Universidad de Granada.<\/h4>\n<p><a href=\"https:\/\/directorio.ugr.es\/static\/PersonalUGR\/*\/show\/a20d6700e5fa804183b7d2407cdc9d83\">https:\/\/directorio.ugr.es\/static\/PersonalUGR\/*\/show\/a20d6700e5fa804183b7d2407cdc9d83<\/a><\/p>\n<p><a href=\"http:\/\/orcid.org\/0000-0002-7548-7138\">http:\/\/orcid.org\/0000-0002-7548-7138<\/a><\/p>\n<p>&nbsp;<\/p>\n<h4><strong>Jos\u00e9 Antonio L\u00f3pez Calbet.<\/strong><br \/>Universidad de las Palmas de Gran Canaria<\/h4>\n<p><a href=\"https:\/\/www2.ulpgc.es\/index.php?pagina=crrPDI&amp;ver=pdi&amp;consulta=NDA0MzEzMTM=\">https:\/\/www2.ulpgc.es\/index.php?pagina=crrPDI&amp;ver=pdi&amp;consulta=NDA0MzEzMTM=<\/a><\/p>\n<p><a href=\"https:\/\/orcid.org\/0000-0002-9215-6234\">https:\/\/orcid.org\/0000-0002-9215-6234<\/a><\/p>\n<p>&nbsp;<\/p>\n<h4><strong>Jos\u00e9 Antonio de Paz Fern\u00e1ndez.<\/strong><br \/>Universidad de Le\u00f3n.<\/h4>\n<p><a href=\"https:\/\/online.unileon.es\/profesores\/de-paz-fernandez-jose-antonio\/\">https:\/\/online.unileon.es\/profesores\/de-paz-fernandez-jose-antonio\/<\/a><\/p>\n<p><a href=\"https:\/\/orcid.org\/0000-0002-4389-1777\">https:\/\/orcid.org\/0000-0002-4389-1777<\/a><\/p>\n<p>&nbsp;<\/p>\n<h4><strong>Jos\u00e9 Carlos Perales Losa.<\/strong><br \/>Universidad de Barcelona.<\/h4>\n<p><a href=\"http:\/\/www.ub.edu\/dpfisii\/webantiga\/grups_recerca\/perales.htm\">http:\/\/www.ub.edu\/dpfisii\/webantiga\/grups_recerca\/perales.htm<\/a><\/p>\n<p>&nbsp;<\/p>\n<h4><strong>Jos\u00e9 Luis Trejo P\u00e9rez.<\/strong><br \/>Instituto Cajal, CSIC.<\/h4>\n<p><a href=\"http:\/\/www.cajal.csic.es\/departamentos\/trejo-perez\/datos.html\">http:\/\/www.cajal.csic.es\/departamentos\/trejo-perez\/datos.html<\/a><\/p>\n<p>&nbsp;<\/p>\n<h4><strong>Mar\u00eda Jos\u00e9 Cuevas Gonz\u00e1lez.<\/strong><br \/>Universidad de Le\u00f3n.<\/h4>\n<p><a href=\"http:\/\/online.unileon.es\/profesores\/cuevas-gonzalez-maria-jose\/\">http:\/\/online.unileon.es\/profesores\/cuevas-gonzalez-maria-jose\/<\/a><\/p>\n<p><a href=\"https:\/\/orcid.org\/0000-0002-9122-8443\">https:\/\/orcid.org\/0000-0002-9122-8443<\/a><\/p>\n<p>&nbsp;<\/p>\n<h4><strong>Manuel Fern\u00e1ndez Sanjurjo.<\/strong><br \/>Finba-Ispa.<\/h4>\n<p><a href=\"https:\/\/www.ispasturias.es\/investigacion\/metabolismo\/intervenciones-traslacionales-para-la-salud\/\">https:\/\/www.ispasturias.es\/investigacion\/metabolismo\/intervenciones-traslacionales-para-la-salud\/<\/a><\/p>\n<p><a href=\"https:\/\/orcid.org\/0000-0003-4687-3379\">https:\/\/orcid.org\/0000-0003-4687-3379<\/a><\/p>\n<p>&nbsp;<\/p>\n<h4><strong>Pablo Garc\u00eda-Rov\u00e9s.<\/strong><br \/>Universidad de Barcelona.<\/h4>\n<p><a href=\"https:\/\/barcelona.academia.edu\/PabloMGarciaRoves\">https:\/\/barcelona.academia.edu\/PabloMGarciaRoves<\/a><\/p>\n<p><a href=\"https:\/\/orcid.org\/0000-0001-9826-1740\">https:\/\/orcid.org\/0000-0001-9826-1740<\/a><\/p>\n<p>&nbsp;<\/p>\n<h4><strong>Patricia Sampedro Piquero.<\/strong><br \/>Universidad Aut\u00f3noma de Madrid.<\/h4>\n<p><a href=\"https:\/\/www.uam.es\/Psicologia\/Patricia-Sampedro-Piquero\/1446825185238.htm?language=es&amp;pid=1242653779528title=Sampedro%20Piquero%20Patricia\">https:\/\/www.uam.es\/Psicologia\/Patricia-Sampedro-Piquero\/1446825185238.htm?language=es&amp;pid=1242653779528title=Sampedro%20Piquero%20Patricia<\/a><\/p>\n<p><a href=\"https:\/\/orcid.org\/0000-0001-7088-6327\">https:\/\/orcid.org\/0000-0001-7088-6327<\/a><\/p>\n<p>&nbsp;<\/p>\n<h4><strong>Pau Gama P\u00e9rez.<br \/><\/strong>Universidad de Barcelona.<\/h4>\n<p><a href=\"https:\/\/www.ub.edu\/web\/ub\/es\/recerca_innovacio\/recerca_a_la_UB\/grups\/fitxa\/E\/HORMONES\/equipInvestigador\/index.html\">https:\/\/www.ub.edu\/web\/ub\/es\/recerca_innovacio\/recerca_a_la_UB\/grups\/fitxa\/E\/HORMONES\/equipInvestigador\/index.html<\/a><\/p>\n<p>&nbsp;<\/p>\n<h4><strong>Susana Pulgar Mu\u00f1oz.<br \/><\/strong>Universidad Europea del Atl\u00e1ntico<\/h4>\n<p><a href=\"https:\/\/www.uneatlantico.es\/universidad\/profesores-e-investigadores?facultad=2&amp;title=&amp;page=11\">https:\/\/www.uneatlantico.es\/universidad\/profesores-e-investigadores?facultad=2&amp;title=&amp;page=11<\/a><\/p>\n<p>&nbsp;<\/p>\n<p>&nbsp;<\/p>\n<p>[\/et_pb_text][\/et_pb_column][\/et_pb_row][\/et_pb_section]<\/p>\n","protected":false},"excerpt":{"rendered":"<p>La Red \u201cin motu salus\u201d est\u00e1 integrada por grupos de investigaci\u00f3n de 9 universidades y por entidades orientadas al entrenamiento.Miembros colaboradores de la red no Espa\u00f1olesLink to CVs alphabetically: &nbsp; Alejandro Luc\u00eda Mulas.Universidad Europea de Madrid. https:\/\/universidadeuropea.es\/madrid\/noticias\/alejandro-lucia-entre-los-mejores-expertos-en-investigacion-deportiva-a-nivel-mundial https:\/\/orcid.org\/0000-0002-3025-2060 &nbsp; \u00c1ngel Enrique D\u00edaz Mart\u00ednez.CELAD. CSD. https:\/\/celad.culturaydeporte.gob.es\/inicio.html https:\/\/orcid.org\/0000-0002-6215-0093 &nbsp; Benjamin Fern\u00e1ndez Garc\u00eda.Universidad de Oviedo. http:\/\/grupos.uniovi.es\/web\/fernandezbenjamin\/contacto https:\/\/orcid.org\/0000-0002-2391-680X &nbsp; [&hellip;]<\/p>\n","protected":false},"author":1,"featured_media":0,"parent":0,"menu_order":0,"comment_status":"closed","ping_status":"closed","template":"","meta":{"_et_pb_use_builder":"on","_et_pb_old_content":"","_et_gb_content_width":"","footnotes":""},"class_list":["post-1031","page","type-page","status-publish","hentry"],"_links":{"self":[{"href":"https:\/\/www.unioviedo.es\/inmotusalus\/wp-json\/wp\/v2\/pages\/1031","targetHints":{"allow":["GET"]}}],"collection":[{"href":"https:\/\/www.unioviedo.es\/inmotusalus\/wp-json\/wp\/v2\/pages"}],"about":[{"href":"https:\/\/www.unioviedo.es\/inmotusalus\/wp-json\/wp\/v2\/types\/page"}],"author":[{"embeddable":true,"href":"https:\/\/www.unioviedo.es\/inmotusalus\/wp-json\/wp\/v2\/users\/1"}],"replies":[{"embeddable":true,"href":"https:\/\/www.unioviedo.es\/inmotusalus\/wp-json\/wp\/v2\/comments?post=1031"}],"version-history":[{"count":8,"href":"https:\/\/www.unioviedo.es\/inmotusalus\/wp-json\/wp\/v2\/pages\/1031\/revisions"}],"predecessor-version":[{"id":1254,"href":"https:\/\/www.unioviedo.es\/inmotusalus\/wp-json\/wp\/v2\/pages\/1031\/revisions\/1254"}],"wp:attachment":[{"href":"https:\/\/www.unioviedo.es\/inmotusalus\/wp-json\/wp\/v2\/media?parent=1031"}],"curies":[{"name":"wp","href":"https:\/\/api.w.org\/{rel}","templated":true}]}}