{"id":41749,"date":"2021-08-01T15:29:00","date_gmt":"2021-08-01T15:29:00","guid":{"rendered":"https:\/\/www.unioviedo.es\/jovellanos\/index.php\/publicaciones\/cuaderno-segundo-viaje-6-a-gijon-san-sebastian-valladolid-dia-30-de-agosto-de-1791\/"},"modified":"2021-08-01T15:29:00","modified_gmt":"2021-08-01T15:29:00","slug":"cuaderno-segundo-viaje-6-a-gijon-san-sebastian-valladolid-dia-30-de-agosto-de-1791","status":"publish","type":"publicaciones","link":"https:\/\/www.unioviedo.es\/jovellanos\/index.php\/publicaciones\/cuaderno-segundo-viaje-6-a-gijon-san-sebastian-valladolid-dia-30-de-agosto-de-1791\/","title":{"rendered":"Cuaderno segundo. Viaje 6. \u00b0 A. Gij\u00f3n &#8211; San Sebasti\u00e1n &#8211; Valladolid. D\u00eda 30 de agosto de 1791"},"content":{"rendered":"","protected":false},"template":"","tomos":[325],"adjuntos":[],"class_list":["post-41749","publicaciones","type-publicaciones","status-publish","hentry","tomos-diario-1o","description-off"],"_links":{"self":[{"href":"https:\/\/www.unioviedo.es\/jovellanos\/index.php\/wp-json\/wp\/v2\/publicaciones\/41749","targetHints":{"allow":["GET"]}}],"collection":[{"href":"https:\/\/www.unioviedo.es\/jovellanos\/index.php\/wp-json\/wp\/v2\/publicaciones"}],"about":[{"href":"https:\/\/www.unioviedo.es\/jovellanos\/index.php\/wp-json\/wp\/v2\/types\/publicaciones"}],"wp:attachment":[{"href":"https:\/\/www.unioviedo.es\/jovellanos\/index.php\/wp-json\/wp\/v2\/media?parent=41749"}],"wp:term":[{"taxonomy":"tomos","embeddable":true,"href":"https:\/\/www.unioviedo.es\/jovellanos\/index.php\/wp-json\/wp\/v2\/tomos?post=41749"},{"taxonomy":"adjuntos","embeddable":true,"href":"https:\/\/www.unioviedo.es\/jovellanos\/index.php\/wp-json\/wp\/v2\/adjuntos?post=41749"}],"curies":[{"name":"wp","href":"https:\/\/api.w.org\/{rel}","templated":true}]}}

Cuaderno segundo. Viaje 6. ° A. Gijón &#8211; San Sebastián &#8211; Valladolid. Día 30 de agosto de 1791
