{"id":314,"date":"2018-03-29T00:40:44","date_gmt":"2018-03-28T22:40:44","guid":{"rendered":"http:\/\/www.unioviedo.es\/leonardcohen\/?page_id=314"},"modified":"2018-04-29T23:30:35","modified_gmt":"2018-04-29T21:30:35","slug":"curso-de-interpretacion-echad-a-los-hombres-del-parlamento","status":"publish","type":"page","link":"https:\/\/www.unioviedo.es\/leonardcohen\/index.php\/curso-de-interpretacion-echad-a-los-hombres-del-parlamento\/","title":{"rendered":"Curso de interpretaci\u00f3n \u00ab\u00a1Echad a los hombres del Parlamento!\u00bb"},"content":{"rendered":"<h1><strong><em><a href=\"http:\/\/www.unioviedo.es\/leonardcohen\/wp-content\/uploads\/2018\/04\/Taller-Meller-e1523962192685.png\"><br \/>\n<\/a>\u00a1Echad a los hombres del Parlamento!<a href=\"http:\/\/www.unioviedo.es\/leonardcohen\/wp-content\/uploads\/2018\/04\/Captura-de-pantalla-2018-04-23-a-las-23.48.30.png\"><img loading=\"lazy\" decoding=\"async\" class=\"size-medium wp-image-346 alignright\" src=\"http:\/\/www.unioviedo.es\/leonardcohen\/wp-content\/uploads\/2018\/04\/Captura-de-pantalla-2018-04-23-a-las-23.48.30-213x300.png\" alt=\"\" width=\"213\" height=\"300\" srcset=\"https:\/\/www.unioviedo.es\/leonardcohen\/wp-content\/uploads\/2018\/04\/Captura-de-pantalla-2018-04-23-a-las-23.48.30-213x300.png 213w, https:\/\/www.unioviedo.es\/leonardcohen\/wp-content\/uploads\/2018\/04\/Captura-de-pantalla-2018-04-23-a-las-23.48.30.png 489w\" sizes=\"auto, (max-width: 213px) 100vw, 213px\" \/><\/a><\/em><\/strong><\/h1>\n<p>La C\u00e1tedra Leonard Cohen realiza un taller de interpretaci\u00f3n musical y dram\u00e1tica\u00a0 sobre <strong>canci\u00f3n de sal\u00f3n, caf\u00e9, opereta y cabaret en torno a\u00a0 los a\u00f1os 2<\/strong><\/p>\n<p><strong>0, 30 y 40<\/strong>. Se trata de un repertorio popular pero al mismo tiempo vinculado con lo \u00abacad\u00e9mico\u00bb que muestra su vertiente erotizante, pero tambi\u00e9n los aspectos ligados a las diatribas sociales y contextos socioculturales en que est\u00e1 sumergida una Europa convulsa: la modernidad reflejada en las nuevas tecnolog\u00edas (coche&#8230;), o nuevas formas de ocio, como el tenis,\u00a0 la incorporaci\u00f3n de ritmos extranjeros (rumba, machicha&#8230;) coexisten al lado de\u00a0 reivindicaciones feministas, de g\u00e9nero, o incluso pol\u00edticas. Se trabajar\u00e1 repertorio anglosaj\u00f3n (Kurt Weill, Bernstein), franc\u00e9s (Satie)\u00a0 y tambi\u00e9n\u00a0cupl\u00e9 espa\u00f1ol (Valverde, Lle\u00f3, Calleja).<\/p>\n<p><img loading=\"lazy\" decoding=\"async\" class=\"aligncenter size-medium wp-image-361\" src=\"http:\/\/www.unioviedo.es\/leonardcohen\/wp-content\/uploads\/2018\/04\/xIMG_0585-1.jpg.pagespeed.ic_.N3WDy75qEa-1-200x300.jpg\" alt=\"\" width=\"200\" height=\"300\" srcset=\"https:\/\/www.unioviedo.es\/leonardcohen\/wp-content\/uploads\/2018\/04\/xIMG_0585-1.jpg.pagespeed.ic_.N3WDy75qEa-1-200x300.jpg 200w, https:\/\/www.unioviedo.es\/leonardcohen\/wp-content\/uploads\/2018\/04\/xIMG_0585-1.jpg.pagespeed.ic_.N3WDy75qEa-1-768x1151.jpg 768w, https:\/\/www.unioviedo.es\/leonardcohen\/wp-content\/uploads\/2018\/04\/xIMG_0585-1.jpg.pagespeed.ic_.N3WDy75qEa-1-683x1024.jpg 683w, https:\/\/www.unioviedo.es\/leonardcohen\/wp-content\/uploads\/2018\/04\/xIMG_0585-1.jpg.pagespeed.ic_.N3WDy75qEa-1.jpg 1248w\" sizes=\"auto, (max-width: 200px) 100vw, 200px\" \/><\/p>\n<p>El <strong>t\u00edtulo<\/strong> del TALLER se debe a la canci\u00f3n<strong> \u00abRaus mit den M\u00e4nnern aus dem Reichstag\u00bb (\u00a1Echad a los hombres del Parlamento!)<em>, <\/em>del popular compositor de cabaret berlin\u00e9s<em>\u00a0<\/em>Friedrich Hollaender,<\/strong> escrita en 1926 durante la Rep\u00fablica de Weimar para la revista\u00a0<em>Von Mund zu Mund<\/em>\u00a0(\u00abDe boca en boca\u00bb) en la que<\/p>\n<p>, en un acto de reivindicaci\u00f3n feminista y de denuncia de la violencia masculina, la cantante asegura que<\/p>\n<pre>\"Los hombres son el problema de la humanidad\/\r\nest\u00e1n cegados por su vanidad\/ \r\nLas mujeres los hemos abrazado pasivamente\/\r\ncuando podr\u00edamos haberlos superado f\u00e1cilmente\".<\/pre>\n<p><iframe loading=\"lazy\" title=\"Claire Waldoff - Raus mit den M\u00e4nnern ausm Reichstag.m4v\" width=\"660\" height=\"495\" src=\"https:\/\/www.youtube.com\/embed\/ma9_rPNIykE?feature=oembed\" frameborder=\"0\" allow=\"accelerometer; autoplay; clipboard-write; encrypted-media; gyroscope; picture-in-picture; web-share\" referrerpolicy=\"strict-origin-when-cross-origin\" allowfullscreen><\/iframe><\/p>\n<p>Se realizaron do<\/p>\n<p>s talleres simult\u00e1neamente:<\/p>\n<ul>\n<li>Taller de interpretaci\u00f3n musical, llevado a cabo por <a href=\"http:\/\/www.borjamarino.com\/\"><strong>Borja Mari\u00f1o<\/strong>, maestro repetidor, pianista e investigador con una dilatada trayectoria en la que ha trabajado con directores como\u00a0Sir Colin Davis, Josep Pons, Miguel Roa, Guillermo Garc\u00eda Calvo, , Pedro Halffter, Alberto Zedda, etc.<\/a><\/li>\n<\/ul>\n<p>&nbsp;<\/p>\n<ul>\n<li>Taller de interpretaci\u00f3n dram\u00e1tica, dirigido por <a href=\"http:\/\/www.latejedorateatro.com\/quienesomos.html\"><strong>Nacho Ortega,<\/strong> actor y director teatral, y profesor del Escuela Superior de\u00a0 Arte Dram\u00e1tico. Ha participado en numerosos espect\u00e1culos, como el premiado \u00abComo ceniza blanca sobre una hoguera\u00bb de la compa\u00f1\u00eda La Tejedora de Sue\u00f1os.<\/a><\/li>\n<\/ul>\n<p><img loading=\"lazy\" decoding=\"async\" class=\"aligncenter size-medium wp-image-362\" src=\"http:\/\/www.unioviedo.es\/leonardcohen\/wp-content\/uploads\/2018\/04\/xIMG_0624.jpg.pagespeed.ic_.gtkJtepgOl-300x200.jpg\" alt=\"\" width=\"300\" height=\"200\" srcset=\"https:\/\/www.unioviedo.es\/leonardcohen\/wp-content\/uploads\/2018\/04\/xIMG_0624.jpg.pagespeed.ic_.gtkJtepgOl-300x200.jpg 300w, https:\/\/www.unioviedo.es\/leonardcohen\/wp-content\/uploads\/2018\/04\/xIMG_0624.jpg.pagespeed.ic_.gtkJtepgOl-768x512.jpg 768w, https:\/\/www.unioviedo.es\/leonardcohen\/wp-content\/uploads\/2018\/04\/xIMG_0624.jpg.pagespeed.ic_.gtkJtepgOl-1024x682.jpg 1024w, https:\/\/www.unioviedo.es\/leonardcohen\/wp-content\/uploads\/2018\/04\/xIMG_0624.jpg.pagespeed.ic_.gtkJtepgOl.jpg 1872w\" sizes=\"auto, (max-width: 300px) 100vw, 300px\" \/><\/p>\n<h2><strong>CALENDARIO<\/strong><\/h2>\n<p>D\u00edas: del 23 al 26 de abril.<\/p>\n<p>Horario: de 16:30 a 20:30 horas.<\/p>\n<p>Lugar: Edificio Hist\u00f3rico de la Universidad de Oviedo<\/p>\n<p><span style=\"font-size: 1rem;\"><strong>CONFERENCIA:<\/strong>\u00a0 En<a href=\"https:\/\/www.facebook.com\/operacafeoviedo\/\"><strong> \u00d3pera-Caf\u00e9<\/strong><\/a>, charla del Profesor Enrique Encabo, de la Universidad de Murcia, a las <span style=\"color: #ff0000;\">20:30<\/span> horas:\u00a0<strong><em>Tiempos modernos: el arte fr\u00edvolo (cupletistas y cupl\u00e9).<\/em><\/strong><\/span><\/p>\n<p><strong>CONCIERTO :\u00a0\u00a0<\/strong>En<a href=\"https:\/\/www.facebook.com\/lasalvaje.oviedo\/\">\u00a0<\/a><strong>La Salvaje,<\/strong>\u00a0a las <span style=\"color: #ff0000;\"><strong>20:00<\/strong><\/span> horas.<strong>\u00a0<\/strong><\/p>\n<h3><strong>FOTOGRAF\u00cdAS DEL CONCIERTO \u00a0EN <em>LA SALVAJE<\/em><\/strong><\/h3>\n<p>Fotogr\u00e1fica Oviedo<a href=\"https:\/\/www.fotograficaoviedo.com\"> :\u00a0https:\/\/www.fotograficaoviedo.com<\/a><\/p>\n<p><a href=\"http:\/\/www.unioviedo.es\/leonardcohen\/wp-content\/uploads\/2018\/04\/xIMG_0632.jpg.pagespeed.ic_.sMFoxsCLnL.jpg\"><img loading=\"lazy\" decoding=\"async\" class=\"aligncenter size-medium wp-image-349\" src=\"http:\/\/www.unioviedo.es\/leonardcohen\/wp-content\/uploads\/2018\/04\/xIMG_0632.jpg.pagespeed.ic_.sMFoxsCLnL-200x300.jpg\" alt=\"\" width=\"200\" height=\"300\" srcset=\"https:\/\/www.unioviedo.es\/leonardcohen\/wp-content\/uploads\/2018\/04\/xIMG_0632.jpg.pagespeed.ic_.sMFoxsCLnL-200x300.jpg 200w, https:\/\/www.unioviedo.es\/leonardcohen\/wp-content\/uploads\/2018\/04\/xIMG_0632.jpg.pagespeed.ic_.sMFoxsCLnL-768x1151.jpg 768w, https:\/\/www.unioviedo.es\/leonardcohen\/wp-content\/uploads\/2018\/04\/xIMG_0632.jpg.pagespeed.ic_.sMFoxsCLnL-683x1024.jpg 683w, https:\/\/www.unioviedo.es\/leonardcohen\/wp-content\/uploads\/2018\/04\/xIMG_0632.jpg.pagespeed.ic_.sMFoxsCLnL.jpg 1248w\" sizes=\"auto, (max-width: 200px) 100vw, 200px\" \/><\/a><\/p>\n<p><a href=\"http:\/\/www.unioviedo.es\/leonardcohen\/wp-content\/uploads\/2018\/04\/xIMG_0602.jpg.pagespeed.ic_.sAR4v-QrWJ.jpg\"><img loading=\"lazy\" decoding=\"async\" class=\"aligncenter size-medium wp-image-352\" src=\"http:\/\/www.unioviedo.es\/leonardcohen\/wp-content\/uploads\/2018\/04\/xIMG_0602.jpg.pagespeed.ic_.sAR4v-QrWJ-300x200.jpg\" alt=\"\" width=\"300\" height=\"200\" srcset=\"https:\/\/www.unioviedo.es\/leonardcohen\/wp-content\/uploads\/2018\/04\/xIMG_0602.jpg.pagespeed.ic_.sAR4v-QrWJ-300x200.jpg 300w, https:\/\/www.unioviedo.es\/leonardcohen\/wp-content\/uploads\/2018\/04\/xIMG_0602.jpg.pagespeed.ic_.sAR4v-QrWJ-768x512.jpg 768w, https:\/\/www.unioviedo.es\/leonardcohen\/wp-content\/uploads\/2018\/04\/xIMG_0602.jpg.pagespeed.ic_.sAR4v-QrWJ-1024x682.jpg 1024w, https:\/\/www.unioviedo.es\/leonardcohen\/wp-content\/uploads\/2018\/04\/xIMG_0602.jpg.pagespeed.ic_.sAR4v-QrWJ.jpg 1872w\" sizes=\"auto, (max-width: 300px) 100vw, 300px\" \/><\/a> <img loading=\"lazy\" decoding=\"async\" class=\"aligncenter size-medium wp-image-356\" src=\"http:\/\/www.unioviedo.es\/leonardcohen\/wp-content\/uploads\/2018\/04\/xIMG_0612-1080x675.jpg.pagespeed.ic_.OfF2uU4BBY-300x188.jpg\" alt=\"\" width=\"300\" height=\"188\" srcset=\"https:\/\/www.unioviedo.es\/leonardcohen\/wp-content\/uploads\/2018\/04\/xIMG_0612-1080x675.jpg.pagespeed.ic_.OfF2uU4BBY-300x188.jpg 300w, https:\/\/www.unioviedo.es\/leonardcohen\/wp-content\/uploads\/2018\/04\/xIMG_0612-1080x675.jpg.pagespeed.ic_.OfF2uU4BBY-768x480.jpg 768w, https:\/\/www.unioviedo.es\/leonardcohen\/wp-content\/uploads\/2018\/04\/xIMG_0612-1080x675.jpg.pagespeed.ic_.OfF2uU4BBY-1024x640.jpg 1024w, https:\/\/www.unioviedo.es\/leonardcohen\/wp-content\/uploads\/2018\/04\/xIMG_0612-1080x675.jpg.pagespeed.ic_.OfF2uU4BBY.jpg 1080w\" sizes=\"auto, (max-width: 300px) 100vw, 300px\" \/><\/p>\n<p><img loading=\"lazy\" decoding=\"async\" class=\"aligncenter size-medium wp-image-355\" src=\"http:\/\/www.unioviedo.es\/leonardcohen\/wp-content\/uploads\/2018\/04\/xIMG_0607.jpg.pagespeed.ic_.UHR1GyI_Eb-300x200.jpg\" alt=\"\" width=\"300\" height=\"200\" srcset=\"https:\/\/www.unioviedo.es\/leonardcohen\/wp-content\/uploads\/2018\/04\/xIMG_0607.jpg.pagespeed.ic_.UHR1GyI_Eb-300x200.jpg 300w, https:\/\/www.unioviedo.es\/leonardcohen\/wp-content\/uploads\/2018\/04\/xIMG_0607.jpg.pagespeed.ic_.UHR1GyI_Eb-768x512.jpg 768w, https:\/\/www.unioviedo.es\/leonardcohen\/wp-content\/uploads\/2018\/04\/xIMG_0607.jpg.pagespeed.ic_.UHR1GyI_Eb-1024x682.jpg 1024w, https:\/\/www.unioviedo.es\/leonardcohen\/wp-content\/uploads\/2018\/04\/xIMG_0607.jpg.pagespeed.ic_.UHR1GyI_Eb.jpg 1872w\" sizes=\"auto, (max-width: 300px) 100vw, 300px\" \/><\/p>\n<p><img loading=\"lazy\" decoding=\"async\" class=\"aligncenter size-medium wp-image-350\" src=\"http:\/\/www.unioviedo.es\/leonardcohen\/wp-content\/uploads\/2018\/04\/xIMG_0646.jpg.pagespeed.ic_.s2oFxA-cN3-300x200.jpg\" alt=\"\" width=\"300\" height=\"200\" srcset=\"https:\/\/www.unioviedo.es\/leonardcohen\/wp-content\/uploads\/2018\/04\/xIMG_0646.jpg.pagespeed.ic_.s2oFxA-cN3-300x200.jpg 300w, https:\/\/www.unioviedo.es\/leonardcohen\/wp-content\/uploads\/2018\/04\/xIMG_0646.jpg.pagespeed.ic_.s2oFxA-cN3-768x512.jpg 768w, https:\/\/www.unioviedo.es\/leonardcohen\/wp-content\/uploads\/2018\/04\/xIMG_0646.jpg.pagespeed.ic_.s2oFxA-cN3-1024x682.jpg 1024w, https:\/\/www.unioviedo.es\/leonardcohen\/wp-content\/uploads\/2018\/04\/xIMG_0646.jpg.pagespeed.ic_.s2oFxA-cN3.jpg 1872w\" sizes=\"auto, (max-width: 300px) 100vw, 300px\" \/><a href=\"http:\/\/www.unioviedo.es\/leonardcohen\/wp-content\/uploads\/2018\/04\/xIMG_0576.jpg.pagespeed.ic_.j5CVvaOE79.jpg\"><img loading=\"lazy\" decoding=\"async\" class=\"aligncenter size-medium wp-image-353\" src=\"http:\/\/www.unioviedo.es\/leonardcohen\/wp-content\/uploads\/2018\/04\/xIMG_0576.jpg.pagespeed.ic_.j5CVvaOE79-200x300.jpg\" alt=\"\" width=\"200\" height=\"300\" srcset=\"https:\/\/www.unioviedo.es\/leonardcohen\/wp-content\/uploads\/2018\/04\/xIMG_0576.jpg.pagespeed.ic_.j5CVvaOE79-200x300.jpg 200w, https:\/\/www.unioviedo.es\/leonardcohen\/wp-content\/uploads\/2018\/04\/xIMG_0576.jpg.pagespeed.ic_.j5CVvaOE79-768x1151.jpg 768w, https:\/\/www.unioviedo.es\/leonardcohen\/wp-content\/uploads\/2018\/04\/xIMG_0576.jpg.pagespeed.ic_.j5CVvaOE79-683x1024.jpg 683w, https:\/\/www.unioviedo.es\/leonardcohen\/wp-content\/uploads\/2018\/04\/xIMG_0576.jpg.pagespeed.ic_.j5CVvaOE79.jpg 1248w\" sizes=\"auto, (max-width: 200px) 100vw, 200px\" \/><\/a> <a href=\"http:\/\/www.unioviedo.es\/leonardcohen\/wp-content\/uploads\/2018\/04\/xIMG_0578.jpg.pagespeed.ic_.RkMKWdIXPk.jpg\"><img loading=\"lazy\" decoding=\"async\" class=\"size-medium wp-image-354 aligncenter\" src=\"http:\/\/www.unioviedo.es\/leonardcohen\/wp-content\/uploads\/2018\/04\/xIMG_0578.jpg.pagespeed.ic_.RkMKWdIXPk-300x200.jpg\" alt=\"\" width=\"300\" height=\"200\" srcset=\"https:\/\/www.unioviedo.es\/leonardcohen\/wp-content\/uploads\/2018\/04\/xIMG_0578.jpg.pagespeed.ic_.RkMKWdIXPk-300x200.jpg 300w, https:\/\/www.unioviedo.es\/leonardcohen\/wp-content\/uploads\/2018\/04\/xIMG_0578.jpg.pagespeed.ic_.RkMKWdIXPk-768x512.jpg 768w, https:\/\/www.unioviedo.es\/leonardcohen\/wp-content\/uploads\/2018\/04\/xIMG_0578.jpg.pagespeed.ic_.RkMKWdIXPk-1024x682.jpg 1024w, https:\/\/www.unioviedo.es\/leonardcohen\/wp-content\/uploads\/2018\/04\/xIMG_0578.jpg.pagespeed.ic_.RkMKWdIXPk.jpg 1872w\" sizes=\"auto, (max-width: 300px) 100vw, 300px\" \/><\/a><\/p>\n<p>&nbsp;<\/p>\n","protected":false},"excerpt":{"rendered":"<p>\u00a1Echad a los hombres del Parlamento! La C\u00e1tedra Leonard Cohen realiza un taller de interpretaci\u00f3n musical y dram\u00e1tica\u00a0 sobre canci\u00f3n de sal\u00f3n, caf\u00e9, opereta y cabaret en torno a\u00a0 los a\u00f1os 2 0, 30 y 40. Se trata de un repertorio popular pero al mismo tiempo vinculado con lo \u00abacad\u00e9mico\u00bb que muestra su vertiente erotizante, &hellip; <a href=\"https:\/\/www.unioviedo.es\/leonardcohen\/index.php\/curso-de-interpretacion-echad-a-los-hombres-del-parlamento\/\" class=\"more-link\">Sigue leyendo <span class=\"screen-reader-text\">Curso de interpretaci\u00f3n \u00ab\u00a1Echad a los hombres del Parlamento!\u00bb<\/span><\/a><\/p>\n","protected":false},"author":1,"featured_media":350,"parent":0,"menu_order":0,"comment_status":"closed","ping_status":"closed","template":"","meta":{"footnotes":""},"class_list":["post-314","page","type-page","status-publish","has-post-thumbnail","hentry"],"_links":{"self":[{"href":"https:\/\/www.unioviedo.es\/leonardcohen\/index.php\/wp-json\/wp\/v2\/pages\/314","targetHints":{"allow":["GET"]}}],"collection":[{"href":"https:\/\/www.unioviedo.es\/leonardcohen\/index.php\/wp-json\/wp\/v2\/pages"}],"about":[{"href":"https:\/\/www.unioviedo.es\/leonardcohen\/index.php\/wp-json\/wp\/v2\/types\/page"}],"author":[{"embeddable":true,"href":"https:\/\/www.unioviedo.es\/leonardcohen\/index.php\/wp-json\/wp\/v2\/users\/1"}],"replies":[{"embeddable":true,"href":"https:\/\/www.unioviedo.es\/leonardcohen\/index.php\/wp-json\/wp\/v2\/comments?post=314"}],"version-history":[{"count":19,"href":"https:\/\/www.unioviedo.es\/leonardcohen\/index.php\/wp-json\/wp\/v2\/pages\/314\/revisions"}],"predecessor-version":[{"id":364,"href":"https:\/\/www.unioviedo.es\/leonardcohen\/index.php\/wp-json\/wp\/v2\/pages\/314\/revisions\/364"}],"wp:featuredmedia":[{"embeddable":true,"href":"https:\/\/www.unioviedo.es\/leonardcohen\/index.php\/wp-json\/wp\/v2\/media\/350"}],"wp:attachment":[{"href":"https:\/\/www.unioviedo.es\/leonardcohen\/index.php\/wp-json\/wp\/v2\/media?parent=314"}],"curies":[{"name":"wp","href":"https:\/\/api.w.org\/{rel}","templated":true}]}}