{"id":108,"date":"2021-02-11T18:49:30","date_gmt":"2021-02-11T17:49:30","guid":{"rendered":"https:\/\/www.unioviedo.es\/masterTEAyDI\/?page_id=108"},"modified":"2021-06-24T10:19:12","modified_gmt":"2021-06-24T08:19:12","slug":"direccion-y-profesorado","status":"publish","type":"page","link":"https:\/\/www.unioviedo.es\/masterTEAyDI\/index.php\/direccion-y-profesorado\/","title":{"rendered":"Direcci\u00f3n y profesorado"},"content":{"rendered":"<h3 class=\"has-inline-color\" style=\"color: #03618a;\">Direcci\u00f3n<\/h3>\n\n\n<div class=\"wp-block-columns\">\n<div class=\"wp-block-column\">\n<img loading=\"lazy\" src=\"https:\/\/www.unioviedo.es\/masterTEAyDI\/wp-content\/uploads\/2021\/02\/Asun-6.png\" alt=\"Asunci\u00f3n Monsalve Gonz\u00e1lez\" width=\"234\" height=\"280\"><br>\n<em>Asunci\u00f3n Monsalve Gonz\u00e1lez<\/em><br>\nProfesora Titular del Departamento de Psicolog\u00eda<br>\nUniversidad de Oviedo\n<\/div>\n\n\n\n<div class=\"wp-block-column\">\n<img loading=\"lazy\" src=\"https:\/\/www.unioviedo.es\/masterTEAyDI\/wp-content\/uploads\/2021\/02\/Laura-E.-Go\u0301mez-5.jpg\" alt=\"Laura E. G\u00f3mez S\u00e1nchez\" width=\"193\" height=\"280\"><br>\n<em>Laura E. G\u00f3mez S\u00e1nchez<\/em><br>\nProfesora Titular del Departamento de Psicolog\u00eda<br>\nUniversidad de Oviedo\n<\/div>\n<\/div>\n\n\n<h3 class=\"has-inline-color\" style=\"color: #03618a;\">Profesorado<\/h3>\n<ul>\n<li>Aguinaga Fern\u00e1ndez, Gala (Logopeda. <em>Plena Inclusi\u00f3n Asturias<\/em>)<\/li>\n<li>Alcedo Rodr\u00edguez, M\u00aa \u00c1ngeles (Dra. en Psicolog\u00eda. <em>Universidad de Oviedo<\/em>-Facultad de Psicolog\u00eda)<\/li>\n<li>\u00c1lvarez Fern\u00e1ndez, A\u00edda (Licenciada en Periodismo. Experta en Accesibilidad cognitiva. <em>Plena Inclusi\u00f3n Asturias<\/em>)<\/li>\n<li>Ares, Tania&nbsp; (<em>Fundaci\u00f3n Vinjoy<\/em>)&nbsp;&nbsp;<\/li>\n<li>Atienza Bodes, Laura (<em>Fundaci\u00f3n Vinjoy<\/em>)<\/li>\n<li>Begega Losa, Azucena (Dra. en Psicolog\u00eda. <em>Universidad de Oviedo<\/em>-Facultad de Psicolog\u00eda)<\/li>\n<li>Chanca Zarda\u00edn, Pilar (Dra. en Psicolog\u00eda. <em>CZ Psic\u00f3logos<\/em>)&nbsp;<\/li>\n<li>Costales, Jos\u00e9 Luis (<em>Plena Inclusi\u00f3n Asturias<\/em>)<\/li>\n<li>Escotet, Gloria (<em>Plena Inclusi\u00f3n Asturias<\/em>)<\/li>\n<li>Estrada, Sandra&nbsp; (<em>Fundaci\u00f3n Vinjoy<\/em>)&nbsp;&nbsp;<\/li>\n<li>Fern\u00e1ndez \u00c1lvarez, Natalia (Dra. en Psicolog\u00eda. <em>Universidad de Oviedo<\/em>-Facultad de Psicolog\u00eda)<\/li>\n<li>Fern\u00e1ndez Freijo\u00f3, Juan \u00c1ngel&nbsp; (Diplomado en Logopedia. <em>Centro CEO \u2013 Lenguaje y Desarrollo<\/em>)<\/li>\n<li>Garc\u00eda Cabo, Raquel (<em>Fundaci\u00f3n Vinjoy<\/em>)<\/li>\n<li>Garc\u00eda Carenas, Lara (Dra. en Psicolog\u00eda. <em>ASPAYM<\/em>)<\/li>\n<li>Garc\u00eda Fern\u00e1ndez, Marina&nbsp; (<em>Fundaci\u00f3n Vinjoy<\/em>)&nbsp;&nbsp;<\/li>\n<li>Garc\u00eda Garc\u00eda, Patricia&nbsp;&nbsp;&nbsp; (<em>Fundaci\u00f3n Vinjoy<\/em>)<\/li>\n<li>Garc\u00eda Junco, Carlos (Logopeda y Maestro. <em>Universidad Internacional de La Rioja y Universitat Oberta de Catalunya. Fundaci\u00f3n Real Oviedo Genuine<\/em>)<\/li>\n<li>G\u00f3mez Alsar, Carlos (Diplomado en Derecho. Trabajador Social. <em>Plena Inclusi\u00f3n Asturias<\/em>)<\/li>\n<li>G\u00f3mez S\u00e1nchez, Laura E. &nbsp;(Dra. en Psicolog\u00eda. <em>Universidad de Oviedo<\/em>-Facultad de Psicolog\u00eda)<\/li>\n<li>Gonz\u00e1lez Collado, Carmen (Licenciada en Pedagog\u00eda. <em>Plena Inclusi\u00f3n Asturias<\/em>)&nbsp;&nbsp;&nbsp;&nbsp;&nbsp;<\/li>\n<li>Gonz\u00e1lez D\u00edaz, Isis&nbsp; (<em>Fundaci\u00f3n Vinjoy<\/em>)&nbsp;&nbsp;<\/li>\n<li>Hevia Garc\u00eda, Lidia (<em>Equipo Regional ACNEAE-UNIDAD TEA-Educastur<\/em>)<\/li>\n<li>Iglesias Garc\u00eda-Conde, Ana (<em>CP Educaci\u00f3n Especial Latores- Educastur<\/em>)<\/li>\n<li>Iglesias, Andrea&nbsp; (<em>Fundaci\u00f3n Vinjoy<\/em>)&nbsp;&nbsp;<\/li>\n<li>Land\u00edn Roura, Covadonga (Psic\u00f3loga. <em>Asociaci\u00f3n Gijonesa de Caridad- Cocina Econ\u00f3mica<\/em>)<\/li>\n<li>Larraceleta Gonz\u00e1lez, Aitor (Logopeda, Maestro de Pedagog\u00eda Terap\u00e9utica y de Audici\u00f3n y Lenguaje. <em>Equipo Regional ACNEAE- Educastur<\/em>)<\/li>\n<li>Logedo Garc\u00eda, Aurora (<em>Fundaci\u00f3n Vinjoy<\/em>)<\/li>\n<li>Mart\u00ednez Huerta, Virginia (<em>Fundaci\u00f3n Vinjoy<\/em>)<\/li>\n<li>Monsalve Gonz\u00e1lez, Asunci\u00f3n (Dra. en Psicolog\u00eda. <em>Universidad de Oviedo<\/em>-Facultad de Psicolog\u00eda)<\/li>\n<li>Mor\u00e1n Su\u00e1rez, Luc\u00eda (Dra. en Psicolog\u00eda. <em>Universidad de Oviedo<\/em>-Facultad de Psicolog\u00eda)<\/li>\n<li>Moreno, Susana&nbsp; (<em>Fundaci\u00f3n Vinjoy<\/em>)&nbsp;&nbsp;<\/li>\n<li>Palacios Rodr\u00edguez, M\u00f3nica (T\u00e9cnico Especialista en Delineaci\u00f3n Industrial. <em>ASPAYM<\/em>)<\/li>\n<li>Pedrosa Garc\u00eda, Ignacio (Dr. en Psicolog\u00eda. <em>CETYC<\/em>)<\/li>\n<li>Rivas Fern\u00e1ndez, Adolfo (<em>Fundaci\u00f3n Vinjoy<\/em>)<\/li>\n<li>Rodr\u00edguez Campoamor, Noelia (<em>Fundaci\u00f3n Vinjoy<\/em>)<\/li>\n<li>Sol\u00eds Garc\u00eda, Patricia (Dra. en Psicolog\u00eda. <em>Universidad de Oviedo-Facultad de Psicolog\u00eda <\/em>y <em>Universidad Internacional de la Rioja<\/em>)<\/li>\n<li>Soto D\u00edaz, Vanesa (<em>Fundaci\u00f3n Vinjoy<\/em>)<\/li>\n<li>Tasc\u00f3n Nu\u00f1ez, Judith (<em>Fundaci\u00f3n Vinjoy<\/em>)<\/li>\n<li>Trelles Garc\u00eda, Gema (Psic\u00f3loga. <em>Asociaci\u00f3n Asperger Asturias<\/em>)<\/li>\n<\/ul>\n<h3 class=\"has-inline-color\" style=\"color: #03618a;\">Secretar\u00eda<\/h3>\n<ul>\n<li>\u00c1ngel Prado Beovide (<em>Universidad de Oviedo<\/em>)<\/li>\n<\/ul>","protected":false},"excerpt":{"rendered":"<p>Direcci\u00f3n Asunci\u00f3n Monsalve Gonz\u00e1lez Profesora Titular del Departamento de Psicolog\u00eda Universidad de Oviedo Laura E. G\u00f3mez S\u00e1nchez Profesora Titular del Departamento de Psicolog\u00eda Universidad de Oviedo Profesorado Aguinaga Fern\u00e1ndez, Gala (Logopeda. Plena Inclusi\u00f3n Asturias) Alcedo Rodr\u00edguez, M\u00aa \u00c1ngeles (Dra. en Psicolog\u00eda. Universidad de Oviedo-Facultad de Psicolog\u00eda) \u00c1lvarez Fern\u00e1ndez, A\u00edda (Licenciada en Periodismo. Experta en Accesibilidad &hellip; <\/p>\n<p class=\"link-more\"><a href=\"https:\/\/www.unioviedo.es\/masterTEAyDI\/index.php\/direccion-y-profesorado\/\" class=\"more-link\">Continuar leyendo<span class=\"screen-reader-text\"> \u00abDirecci\u00f3n y profesorado\u00bb<\/span><\/a><\/p>\n","protected":false},"author":1,"featured_media":0,"parent":0,"menu_order":0,"comment_status":"closed","ping_status":"closed","template":"","meta":[],"_links":{"self":[{"href":"https:\/\/www.unioviedo.es\/masterTEAyDI\/index.php\/wp-json\/wp\/v2\/pages\/108"}],"collection":[{"href":"https:\/\/www.unioviedo.es\/masterTEAyDI\/index.php\/wp-json\/wp\/v2\/pages"}],"about":[{"href":"https:\/\/www.unioviedo.es\/masterTEAyDI\/index.php\/wp-json\/wp\/v2\/types\/page"}],"author":[{"embeddable":true,"href":"https:\/\/www.unioviedo.es\/masterTEAyDI\/index.php\/wp-json\/wp\/v2\/users\/1"}],"replies":[{"embeddable":true,"href":"https:\/\/www.unioviedo.es\/masterTEAyDI\/index.php\/wp-json\/wp\/v2\/comments?post=108"}],"version-history":[{"count":63,"href":"https:\/\/www.unioviedo.es\/masterTEAyDI\/index.php\/wp-json\/wp\/v2\/pages\/108\/revisions"}],"predecessor-version":[{"id":968,"href":"https:\/\/www.unioviedo.es\/masterTEAyDI\/index.php\/wp-json\/wp\/v2\/pages\/108\/revisions\/968"}],"wp:attachment":[{"href":"https:\/\/www.unioviedo.es\/masterTEAyDI\/index.php\/wp-json\/wp\/v2\/media?parent=108"}],"curies":[{"name":"wp","href":"https:\/\/api.w.org\/{rel}","templated":true}]}}

Dirección y profesorado

<h3 class="has-inline-color" style="color: #03618a;">Dirección</h3>


<div class="wp-block-columns">
<div class="wp-block-column">
<img loading="lazy" src="https://www.unioviedo.es/masterTEAyDI/wp-content/uploads/2021/02/Asun-6.png" alt="Asunción Monsalve González" width="234" height="280"><br>
<em>Asunción Monsalve González</em><br>
Profesora Titular del Departamento de Psicología<br>
Universidad de Oviedo
</div>



<div class="wp-block-column">
<img loading="lazy" src="https://www.unioviedo.es/masterTEAyDI/wp-content/uploads/2021/02/Laura-E.-Gómez-5.jpg" alt="Laura E. Gómez Sánchez" width="193" height="280"><br>
<em>Laura E. Gómez Sánchez</em><br>
Profesora Titular del Departamento de Psicología<br>
Universidad de Oviedo
</div>
</div>


<h3 class="has-inline-color" style="color: #03618a;">Profesorado</h3>
<ul>
<li>Aguinaga Fernández, Gala (Logopeda. <em>Plena Inclusión Asturias</em>)</li>
<li>Alcedo Rodríguez, Mª Ángeles (Dra. en Psicología. <em>Universidad de Oviedo</em>-Facultad de Psicología)</li>
<li>Álvarez Fernández, Aída (Licenciada en Periodismo. Experta en Accesibilidad cognitiva. <em>Plena Inclusión Asturias</em>)</li>
<li>Ares, Tania&nbsp; (<em>Fundación Vinjoy</em>)&nbsp;&nbsp;</li>
<li>Atienza Bodes, Laura (<em>Fundación Vinjoy</em>)</li>
<li>Begega Losa, Azucena (Dra. en Psicología. <em>Universidad de Oviedo</em>-Facultad de Psicología)</li>
<li>Chanca Zardaín, Pilar (Dra. en Psicología. <em>CZ Psicólogos</em>)&nbsp;</li>
<li>Costales, José Luis (<em>Plena Inclusión Asturias</em>)</li>
<li>Escotet, Gloria (<em>Plena Inclusión Asturias</em>)</li>
<li>Estrada, Sandra&nbsp; (<em>Fundación Vinjoy</em>)&nbsp;&nbsp;</li>
<li>Fernández Álvarez, Natalia (Dra. en Psicología. <em>Universidad de Oviedo</em>-Facultad de Psicología)</li>
<li>Fernández Freijoó, Juan Ángel&nbsp; (Diplomado en Logopedia. <em>Centro CEO – Lenguaje y Desarrollo</em>)</li>
<li>García Cabo, Raquel (<em>Fundación Vinjoy</em>)</li>
<li>García Carenas, Lara (Dra. en Psicología. <em>ASPAYM</em>)</li>
<li>García Fernández, Marina&nbsp; (<em>Fundación Vinjoy</em>)&nbsp;&nbsp;</li>
<li>García García, Patricia&nbsp;&nbsp;&nbsp; (<em>Fundación Vinjoy</em>)</li>
<li>García Junco, Carlos (Logopeda y Maestro. <em>Universidad Internacional de La Rioja y Universitat Oberta de Catalunya. Fundación Real Oviedo Genuine</em>)</li>
<li>Gómez Alsar, Carlos (Diplomado en Derecho. Trabajador Social. <em>Plena Inclusión Asturias</em>)</li>
<li>Gómez Sánchez, Laura E. &nbsp;(Dra. en Psicología. <em>Universidad de Oviedo</em>-Facultad de Psicología)</li>
<li>González Collado, Carmen (Licenciada en Pedagogía. <em>Plena Inclusión Asturias</em>)&nbsp;&nbsp;&nbsp;&nbsp;&nbsp;</li>
<li>González Díaz, Isis&nbsp; (<em>Fundación Vinjoy</em>)&nbsp;&nbsp;</li>
<li>Hevia García, Lidia (<em>Equipo Regional ACNEAE-UNIDAD TEA-Educastur</em>)</li>
<li>Iglesias García-Conde, Ana (<em>CP Educación Especial Latores- Educastur</em>)</li>
<li>Iglesias, Andrea&nbsp; (<em>Fundación Vinjoy</em>)&nbsp;&nbsp;</li>
<li>Landín Roura, Covadonga (Psicóloga. <em>Asociación Gijonesa de Caridad- Cocina Económica</em>)</li>
<li>Larraceleta González, Aitor (Logopeda, Maestro de Pedagogía Terapéutica y de Audición y Lenguaje. <em>Equipo Regional ACNEAE- Educastur</em>)</li>
<li>Logedo García, Aurora (<em>Fundación Vinjoy</em>)</li>
<li>Martínez Huerta, Virginia (<em>Fundación Vinjoy</em>)</li>
<li>Monsalve González, Asunción (Dra. en Psicología. <em>Universidad de Oviedo</em>-Facultad de Psicología)</li>
<li>Morán Suárez, Lucía (Dra. en Psicología. <em>Universidad de Oviedo</em>-Facultad de Psicología)</li>
<li>Moreno, Susana&nbsp; (<em>Fundación Vinjoy</em>)&nbsp;&nbsp;</li>
<li>Palacios Rodríguez, Mónica (Técnico Especialista en Delineación Industrial. <em>ASPAYM</em>)</li>
<li>Pedrosa García, Ignacio (Dr. en Psicología. <em>CETYC</em>)</li>
<li>Rivas Fernández, Adolfo (<em>Fundación Vinjoy</em>)</li>
<li>Rodríguez Campoamor, Noelia (<em>Fundación Vinjoy</em>)</li>
<li>Solís García, Patricia (Dra. en Psicología. <em>Universidad de Oviedo-Facultad de Psicología </em>y <em>Universidad Internacional de la Rioja</em>)</li>
<li>Soto Díaz, Vanesa (<em>Fundación Vinjoy</em>)</li>
<li>Tascón Nuñez, Judith (<em>Fundación Vinjoy</em>)</li>
<li>Trelles García, Gema (Psicóloga. <em>Asociación Asperger Asturias</em>)</li>
</ul>
<h3 class="has-inline-color" style="color: #03618a;">Secretaría</h3>
<ul>
<li>Ángel Prado Beovide (<em>Universidad de Oviedo</em>)</li>
</ul>

<p>Dirección Asunción Monsalve González Profesora Titular del Departamento de Psicología Universidad de Oviedo Laura E. Gómez Sánchez Profesora Titular del Departamento de Psicología Universidad de Oviedo Profesorado Aguinaga Fernández, Gala (Logopeda. Plena Inclusión Asturias) Alcedo Rodríguez, Mª Ángeles (Dra. en Psicología. Universidad de Oviedo-Facultad de Psicología) Álvarez Fernández, Aída (Licenciada en Periodismo. Experta en Accesibilidad &hellip; </p>
<p class="link-more"><a href="https://www.unioviedo.es/masterTEAyDI/index.php/direccion-y-profesorado/" class="more-link">Continuar leyendo<span class="screen-reader-text"> «Dirección y profesorado»</span></a></p>
