{"id":109,"date":"2021-02-11T18:49:30","date_gmt":"2021-02-11T17:49:30","guid":{"rendered":"https:\/\/www.unioviedo.es\/masterTEAyDI\/?page_id=109"},"modified":"2021-06-10T12:24:55","modified_gmt":"2021-06-10T10:24:55","slug":"programa-docente","status":"publish","type":"page","link":"https:\/\/www.unioviedo.es\/masterTEAyDI\/index.php\/programa-docente\/","title":{"rendered":"Programa docente y calendario"},"content":{"rendered":"\n<div class=\"wp-block-columns\">\n<div class=\"wp-block-column\">\n<p>El <em>M\u00e1ster en Trastorno del Espectro del Autismo y en Discapacidad Intelectual<\/em> tiene una duraci\u00f3n de <strong>1 a\u00f1o<\/strong>, organizado en dos semestres con un total de <strong>60 cr\u00e9ditos ECTS<\/strong>.<\/p>\n<\/div>\n\n\n\n<div class=\"wp-block-column\">\n<img loading=\"lazy\" src=\"https:\/\/www.unioviedo.es\/masterTEAyDI\/wp-content\/uploads\/2021\/02\/Foto-Poster-7.jpg\" alt=\"\" width=\"267\" height=\"178\">\n<\/div>\n<\/div>\n\n\n\n<p>El <em>M\u00e1ster en Trastorno del Espectro del Autismo y en Discapacidad Intelectual<\/em> de la Universidad de Oviedo te permite formarte en dos modalidades: presencial o presencial <em>on line<\/em>. Por tanto, al hacer la matr\u00edcula deber\u00e1s elegir la modalidad deseada. <\/p>\n<dl>\n<dt>Modalidad presencial.<\/dt>\n<dd>Las clases ser\u00e1n impartidas en la Facultad de Psicolog\u00eda de la Universidad de Oviedo (mi\u00e9rcoles, jueves y viernes de 16:00 a 20:00 horas).<\/dd>\n<dt>Modalidad presencial <em>on line<\/em>.<img loading=\"lazy\" src=\"https:\/\/www.unioviedo.es\/masterTEAyDI\/wp-content\/uploads\/2021\/03\/Teams.png\" alt=\"MS Teams\" width=\"67\" height=\"57\"><\/dt>\n<dd>Las clases impartidas en la Facultad de Psicolog\u00eda (mi\u00e9rcoles, jueves y viernes de 16:00 a 20:00 horas) se seguir\u00e1n en directo a trav\u00e9s de Microsoft Teams. La activaci\u00f3n de las c\u00e1maras y los micr\u00f3fonos permitir\u00e1n al alumnado una presencia activa y participativa.<\/dd>\n<\/dl>\n\n\n\n<h2 style=\"color:#03618a\">Contenido<\/h2>\n<div class=\"modulo_cont_docente\">\n<h3>M\u00d3DULO I. MARCO TE\u00d3RICO SOBRE DISCAPACIDAD<br>(36&nbsp;horas)<\/h3>\n<h4>ASIGNATURA: Marco te\u00f3rico sobre discapacidad<\/h4>\n<ol>\n<li>Evoluci\u00f3n hist\u00f3rica en la conceptualizaci\u00f3n y terminolog\u00eda.<\/li>\n<li>Prevalencia y clasificaci\u00f3n.<\/li>\n<li>Compromiso \u00e9tico de los profesionales con los Derechos de las personas con TEA o DI.<\/li>\n<li>Discapacidad, Tercer Sector e Inclusi\u00f3n Social.<\/li>\n<li>Pr\u00e1cticas.<\/li>\n<li>Seminarios sobre el TFM.<\/li>\n<\/ol>\n<\/div>\n\n<div class=\"modulo_cont_docente\">\n<h3>M\u00d3DULO II: DETECCI\u00d3N, DIAGN\u00d3STICO Y EVALUACI\u00d3N EN DI<br>(36&nbsp;horas)<\/h3>\n<h4>ASIGNATURA: Detecci\u00f3n, diagn\u00f3stico y evaluaci\u00f3n en DI<\/h4>\n<ol>\n<li>Prevalencia y etiolog\u00eda.<\/li>\n<li>Comprensi\u00f3n desde la historia y criterios diagn\u00f3sticos (AAIDD, APA, OMS).<\/li>\n<li>Detecci\u00f3n y evaluaci\u00f3n en DI.<\/li>\n<li>Las personas con Dl a lo largo del ciclo vital. M\u00e1s all\u00e1 del diagn\u00f3stico.<\/li>\n<li>Pr\u00e1cticas: presentaci\u00f3n y an\u00e1lisis de casos. Aplicaci\u00f3n de instrumentos.<\/li>\n<\/ol>\n<\/div>\n\n<div class=\"modulo_cont_docente\">\n<h3>M\u00d3DULO III: DETECCI\u00d3N, DIAGN\u00d3STICO Y EVALUACI\u00d3N EN TEA<br>(60&nbsp;horas)<\/h3>\n<h4>ASIGNATURA: Detecci\u00f3n, diagn\u00f3stico y evaluaci\u00f3n en TEA<\/h4>\n<ol>\n<li>Diagn\u00f3stico y evaluaci\u00f3n del TEA.<\/li>\n<li>Teor\u00edas en la explicaci\u00f3n del autismo.<\/li>\n<li>La fragmentaci\u00f3n del mundo, la Teor\u00eda de la Mente y el sistema de neuronas espejo. De la imitaci\u00f3n a la empat\u00eda.<\/li>\n<li>Pr\u00e1cticas: presentaci\u00f3n y an\u00e1lisis de casos. Aplicaci\u00f3n de instrumentos.<\/li>\n<\/ol>\n<\/div>\n\n<div class=\"modulo_cont_docente\">\n<h3>M\u00d3DULO IV: INTERVENCI\u00d3N EN TEA Y EN DI<br>(205&nbsp;horas)<\/h3>\n<h4>ASIGNATURA: Intervenci\u00f3n en TEA y en DI<\/h4>\n<ol>\n<li>Buenas pr\u00e1cticas de apoyo a personas con TEA o con DI.<\/li>\n<li>Modelo de Intervenci\u00f3n Socioeducativa Avanzada.<\/li>\n<li>\u00c1reas y herramientas de intervenci\u00f3n. <\/li>\n<li>Modelos espec\u00edficos de intervenci\u00f3n.<\/li>\n<li>Pr\u00e1cticas: an\u00e1lisis de casos y aplicaci\u00f3n de instrumentos.<\/li>\n<\/ol>\n<\/div>\n\n\n<table id=\"tabla_cont_docente\">\n<tbody>\n<tr>\n<th>ALUMNAS\/OS PRESENCIALES<\/th>\n<th>ALUMNAS\/OS EN L\u00cdNEA<br>(<em>Streaming<\/em>)<\/th>\n<\/tr>\n<tr>\n<td id=\"tcd11\">TRABAJO FIN DE M\u00c1STER (TFM)<br>(10&nbsp;ECTS)<\/td>\n<td id=\"tcd12\" rowspan=\"2\">TRABAJO FIN DE M\u00c1STER (TFM)<br>(15&nbsp;ECTS)<\/td>\n<\/tr>\n<tr>\n<td id=\"tcd21\">PR\u00c1CTICAS EN EMPRESAS Y CENTROS CONCERTADOS<br>Pr\u00e1cticas Externas (5&nbsp;ECTS)<\/td>\n<\/tr>\n<\/tbody>\n<\/table>\n\n\n<h2 style=\"color:#03618a\">Calendario y horario<\/h2>\n\n\n\n<div class=\"wp-block-columns\">\n<div class=\"wp-block-column\">\n<a href=\"https:\/\/www.uniovi.es\/vida\/calendario\"><img src=\"https:\/\/www.unioviedo.es\/masterTEAyDI\/wp-content\/uploads\/2021\/03\/Calendario-1-1.png\" alt=\"Calendario\"><br>Calendario acad\u00e9mico de la Universidad de Oviedo 2021\/2022<\/a>\n<\/div>\n\n\n\n<div class=\"wp-block-column\">\n<dl>\n<dt>Fecha de inicio:<\/dt>\n<dd>20 de octubre de 2021<\/dd>\n<dt>Fecha final:<\/dt>\n<dd>10 de junio de 2022<\/dd>\n<dt>Horario<\/dt>\n<dd>Mi\u00e9rcoles, jueves y viernes de 16:00 a 20:00<\/dd>\n<\/dl>\n<\/div>\n<\/div>\n\n\n\n<h2 style=\"color:#03618a\">D\u00edas lectivos del M\u00e1ster<\/h2>\n\n\n<p>2021<\/p>\n<li>octubre: 20, 21, 22, 27, 28 y 29<\/li>\n<li>noviembre: 3, 4, 5, 10, 11, 12, 17, 18, 19, 24 y 25<\/li>\n<li>diciembre: 1, 2, 3, 9, 10 y 15<\/li>\n<p> <\/p>\n<p>2022<\/p>\n<li>enero: 12, 13, 14, 19, 20, 21, 26 y 27<\/li>\n<li>febrero:  2, 3, 4, 9, 10, 11, 16, 17,18, 23 y 24<\/li>\n<li>marzo:  2, 3, 4, 9, 10, 11, 16, 17, 18, 23, 24, 25, 30 y 31<\/li>\n<li>abril:  1, 6, 7, 8, 20, 21, 22, 27, 28 y 29<\/li>\n<li>mayo:  4, 5, 6, 11, 12, 13, 18, 19, 20, 25, 26 y 27<\/li>\n<li>junio:  1, 2, 3, 8, 9 y 10<\/li>\n\n\n<h2 style=\"color:#03618a\">Lugar<\/h2>\n\n\n\n<div class=\"wp-block-columns\">\n<div class=\"wp-block-column\">\n<img loading=\"lazy\" src=\"https:\/\/www.unioviedo.es\/masterTEAyDI\/wp-content\/uploads\/2021\/03\/Facultad-2.png\" alt=\"\" width=\"284\" height=\"379\">\n<\/div>\n\n\n\n<div class=\"wp-block-column\">\n<address>\nFacultad de Psicolog\u00eda (aula 23 y seminario IV)<br>\nPlaza de Feijoo, s\/n<br>\n33003 Oviedo, Asturias\n<\/address>\n<\/div>\n<\/div>\n\n\n\n<figure class=\"wp-block-image\"><img src=\"https:\/\/www.unioviedo.es\/masterTEAyDI\/wp-content\/uploads\/2021\/03\/Facultad-1.png\" alt=\"\"\/><\/figure>\n","protected":false},"excerpt":{"rendered":"<p>El M\u00e1ster en Trastorno del Espectro del Autismo y en Discapacidad Intelectual tiene una duraci\u00f3n de 1 a\u00f1o, organizado en dos semestres con un total de 60 cr\u00e9ditos ECTS. El M\u00e1ster en Trastorno del Espectro del Autismo y en Discapacidad Intelectual de la Universidad de Oviedo te permite formarte en dos modalidades: presencial o presencial &hellip; <\/p>\n<p class=\"link-more\"><a href=\"https:\/\/www.unioviedo.es\/masterTEAyDI\/index.php\/programa-docente\/\" class=\"more-link\">Continuar leyendo<span class=\"screen-reader-text\"> \u00abPrograma docente y calendario\u00bb<\/span><\/a><\/p>\n","protected":false},"author":1,"featured_media":0,"parent":0,"menu_order":0,"comment_status":"closed","ping_status":"closed","template":"","meta":[],"_links":{"self":[{"href":"https:\/\/www.unioviedo.es\/masterTEAyDI\/index.php\/wp-json\/wp\/v2\/pages\/109"}],"collection":[{"href":"https:\/\/www.unioviedo.es\/masterTEAyDI\/index.php\/wp-json\/wp\/v2\/pages"}],"about":[{"href":"https:\/\/www.unioviedo.es\/masterTEAyDI\/index.php\/wp-json\/wp\/v2\/types\/page"}],"author":[{"embeddable":true,"href":"https:\/\/www.unioviedo.es\/masterTEAyDI\/index.php\/wp-json\/wp\/v2\/users\/1"}],"replies":[{"embeddable":true,"href":"https:\/\/www.unioviedo.es\/masterTEAyDI\/index.php\/wp-json\/wp\/v2\/comments?post=109"}],"version-history":[{"count":145,"href":"https:\/\/www.unioviedo.es\/masterTEAyDI\/index.php\/wp-json\/wp\/v2\/pages\/109\/revisions"}],"predecessor-version":[{"id":921,"href":"https:\/\/www.unioviedo.es\/masterTEAyDI\/index.php\/wp-json\/wp\/v2\/pages\/109\/revisions\/921"}],"wp:attachment":[{"href":"https:\/\/www.unioviedo.es\/masterTEAyDI\/index.php\/wp-json\/wp\/v2\/media?parent=109"}],"curies":[{"name":"wp","href":"https:\/\/api.w.org\/{rel}","templated":true}]}}

<div class="wp-block-columns">
<div class="wp-block-column">
<p>El <em>Máster en Trastorno del Espectro del Autismo y en Discapacidad Intelectual</em> tiene una duración de <strong>1 año</strong>, organizado en dos semestres con un total de <strong>60 créditos ECTS</strong>.</p>
</div>



<div class="wp-block-column">
<img loading="lazy" src="https://www.unioviedo.es/masterTEAyDI/wp-content/uploads/2021/02/Foto-Poster-7.jpg" alt="" width="267" height="178">
</div>
</div>



<p>El <em>Máster en Trastorno del Espectro del Autismo y en Discapacidad Intelectual</em> de la Universidad de Oviedo te permite formarte en dos modalidades: presencial o presencial <em>on line</em>. Por tanto, al hacer la matrícula deberás elegir la modalidad deseada. </p>
<dl>
<dt>Modalidad presencial.</dt>
<dd>Las clases serán impartidas en la Facultad de Psicología de la Universidad de Oviedo (miércoles, jueves y viernes de 16:00 a 20:00 horas).</dd>
<dt>Modalidad presencial <em>on line</em>.<img loading="lazy" src="https://www.unioviedo.es/masterTEAyDI/wp-content/uploads/2021/03/Teams.png" alt="MS Teams" width="67" height="57"></dt>
<dd>Las clases impartidas en la Facultad de Psicología (miércoles, jueves y viernes de 16:00 a 20:00 horas) se seguirán en directo a través de Microsoft Teams. La activación de las cámaras y los micrófonos permitirán al alumnado una presencia activa y participativa.</dd>
</dl>



<h2 style="color:#03618a">Contenido</h2>
<div class="modulo_cont_docente">
<h3>MÓDULO I. MARCO TEÓRICO SOBRE DISCAPACIDAD<br>(36&nbsp;horas)</h3>
<h4>ASIGNATURA: Marco teórico sobre discapacidad</h4>
<ol>
<li>Evolución histórica en la conceptualización y terminología.</li>
<li>Prevalencia y clasificación.</li>
<li>Compromiso ético de los profesionales con los Derechos de las personas con TEA o DI.</li>
<li>Discapacidad, Tercer Sector e Inclusión Social.</li>
<li>Prácticas.</li>
<li>Seminarios sobre el TFM.</li>
</ol>
</div>

<div class="modulo_cont_docente">
<h3>MÓDULO II: DETECCIÓN, DIAGNÓSTICO Y EVALUACIÓN EN DI<br>(36&nbsp;horas)</h3>
<h4>ASIGNATURA: Detección, diagnóstico y evaluación en DI</h4>
<ol>
<li>Prevalencia y etiología.</li>
<li>Comprensión desde la historia y criterios diagnósticos (AAIDD, APA, OMS).</li>
<li>Detección y evaluación en DI.</li>
<li>Las personas con Dl a lo largo del ciclo vital. Más allá del diagnóstico.</li>
<li>Prácticas: presentación y análisis de casos. Aplicación de instrumentos.</li>
</ol>
</div>

<div class="modulo_cont_docente">
<h3>MÓDULO III: DETECCIÓN, DIAGNÓSTICO Y EVALUACIÓN EN TEA<br>(60&nbsp;horas)</h3>
<h4>ASIGNATURA: Detección, diagnóstico y evaluación en TEA</h4>
<ol>
<li>Diagnóstico y evaluación del TEA.</li>
<li>Teorías en la explicación del autismo.</li>
<li>La fragmentación del mundo, la Teoría de la Mente y el sistema de neuronas espejo. De la imitación a la empatía.</li>
<li>Prácticas: presentación y análisis de casos. Aplicación de instrumentos.</li>
</ol>
</div>

<div class="modulo_cont_docente">
<h3>MÓDULO IV: INTERVENCIÓN EN TEA Y EN DI<br>(205&nbsp;horas)</h3>
<h4>ASIGNATURA: Intervención en TEA y en DI</h4>
<ol>
<li>Buenas prácticas de apoyo a personas con TEA o con DI.</li>
<li>Modelo de Intervención Socioeducativa Avanzada.</li>
<li>Áreas y herramientas de intervención. </li>
<li>Modelos específicos de intervención.</li>
<li>Prácticas: análisis de casos y aplicación de instrumentos.</li>
</ol>
</div>


<table id="tabla_cont_docente">
<tbody>
<tr>
<th>ALUMNAS/OS PRESENCIALES</th>
<th>ALUMNAS/OS EN LÍNEA<br>(<em>Streaming</em>)</th>
</tr>
<tr>
<td id="tcd11">TRABAJO FIN DE MÁSTER (TFM)<br>(10&nbsp;ECTS)</td>
<td id="tcd12" rowspan="2">TRABAJO FIN DE MÁSTER (TFM)<br>(15&nbsp;ECTS)</td>
</tr>
<tr>
<td id="tcd21">PRÁCTICAS EN EMPRESAS Y CENTROS CONCERTADOS<br>Prácticas Externas (5&nbsp;ECTS)</td>
</tr>
</tbody>
</table>


<h2 style="color:#03618a">Calendario y horario</h2>



<div class="wp-block-columns">
<div class="wp-block-column">
<a href="https://www.uniovi.es/vida/calendario"><img src="https://www.unioviedo.es/masterTEAyDI/wp-content/uploads/2021/03/Calendario-1-1.png" alt="Calendario"><br>Calendario académico de la Universidad de Oviedo 2021/2022</a>
</div>



<div class="wp-block-column">
<dl>
<dt>Fecha de inicio:</dt>
<dd>20 de octubre de 2021</dd>
<dt>Fecha final:</dt>
<dd>10 de junio de 2022</dd>
<dt>Horario</dt>
<dd>Miércoles, jueves y viernes de 16:00 a 20:00</dd>
</dl>
</div>
</div>



<h2 style="color:#03618a">Días lectivos del Máster</h2>


<p>2021</p>
<li>octubre: 20, 21, 22, 27, 28 y 29</li>
<li>noviembre: 3, 4, 5, 10, 11, 12, 17, 18, 19, 24 y 25</li>
<li>diciembre: 1, 2, 3, 9, 10 y 15</li>
<p> </p>
<p>2022</p>
<li>enero: 12, 13, 14, 19, 20, 21, 26 y 27</li>
<li>febrero:  2, 3, 4, 9, 10, 11, 16, 17,18, 23 y 24</li>
<li>marzo:  2, 3, 4, 9, 10, 11, 16, 17, 18, 23, 24, 25, 30 y 31</li>
<li>abril:  1, 6, 7, 8, 20, 21, 22, 27, 28 y 29</li>
<li>mayo:  4, 5, 6, 11, 12, 13, 18, 19, 20, 25, 26 y 27</li>
<li>junio:  1, 2, 3, 8, 9 y 10</li>


<h2 style="color:#03618a">Lugar</h2>



<div class="wp-block-columns">
<div class="wp-block-column">
<img loading="lazy" src="https://www.unioviedo.es/masterTEAyDI/wp-content/uploads/2021/03/Facultad-2.png" alt="" width="284" height="379">
</div>



<div class="wp-block-column">
<address>
Facultad de Psicología (aula 23 y seminario IV)<br>
Plaza de Feijoo, s/n<br>
33003 Oviedo, Asturias
</address>
</div>
</div>



<figure class="wp-block-image"><img src="https://www.unioviedo.es/masterTEAyDI/wp-content/uploads/2021/03/Facultad-1.png" alt=""/></figure>

<p>El Máster en Trastorno del Espectro del Autismo y en Discapacidad Intelectual tiene una duración de 1 año, organizado en dos semestres con un total de 60 créditos ECTS. El Máster en Trastorno del Espectro del Autismo y en Discapacidad Intelectual de la Universidad de Oviedo te permite formarte en dos modalidades: presencial o presencial &hellip; </p>
<p class="link-more"><a href="https://www.unioviedo.es/masterTEAyDI/index.php/programa-docente/" class="more-link">Continuar leyendo<span class="screen-reader-text"> «Programa docente y calendario»</span></a></p>
