{"id":4,"date":"2017-01-27T18:01:56","date_gmt":"2017-01-27T18:01:56","guid":{"rendered":"https:\/\/www.unioviedo.es\/masterTEAyDI\/?page_id=4"},"modified":"2021-06-21T11:27:46","modified_gmt":"2021-06-21T09:27:46","slug":"inicio","status":"publish","type":"page","link":"https:\/\/www.unioviedo.es\/masterTEAyDI\/","title":{"rendered":"Descripci\u00f3n"},"content":{"rendered":"\n<p id=\"rotulo_docencia\">Docencia presencial o presencial <em>on line<\/em><\/p>\n\n\n\n<div class=\"wp-block-columns\">\n<div class=\"wp-block-column\">\n<a href=\"https:\/\/www.uniovi.es\"><img src=\"https:\/\/www.unioviedo.es\/masterTEAyDI\/wp-content\/uploads\/2021\/02\/Logo-Uniovi-1.png\" alt=\"Universidad de Oviedo\"><\/a>\n<\/div>\n\n\n\n<div class=\"wp-block-column\">\n<a href=\"https:\/\/cei.uniovi.es\/postgrado\"><img src=\"https:\/\/www.unioviedo.es\/masterTEAyDI\/wp-content\/uploads\/2021\/02\/logo-CIP-2.png\" alt=\"CIP\"><\/a>\n<\/div>\n<\/div>\n\n\n\n<img loading=\"lazy\" src=\"https:\/\/www.unioviedo.es\/masterTEAyDI\/wp-content\/uploads\/2021\/02\/Foto-Poster-1.jpg\" alt=\"\" width=\"933\" height=\"623\">\n\n\n\n<h3 style=\"color:#03618a\" class=\"has-inline-color\">Inter\u00e9s acad\u00e9mico<\/h3>\n<p>Los contenidos ofrecidos en el <em>M\u00e1ster en Trastorno del Espectro del Autismo y en Discapacidad Intelectual<\/em> tienen como objetivo abordar desde la detecci\u00f3n, evaluaci\u00f3n y diagn\u00f3stico precoz, hasta la intervenci\u00f3n durante todo el ciclo vital de las personas con TEA o con DI. Para ello, el M\u00e1ster cuenta con un cuerpo docente compuesto tanto por profesado universitario como por profesionales de diferentes instituciones y centros del Principado de Asturias, lo que permite abarcar todas las \u00e1reas de intervenci\u00f3n. Esta interdisciplinariedad ofrece al alumnado la posibilidad de entrar en contacto con la realidad de las personas con TEA o con DI y de sus familias. Estar en contacto con el d\u00eda a d\u00eda de las instituciones es el mejor modo de formar profesionales competentes. Las instituciones y centros de servicios que colaboran en este proyecto hacen viable la formaci\u00f3n pr\u00e1ctica de los participantes en este M\u00e1ster.<\/p>\n<h3 style=\"color:#03618a\" class=\"has-inline-color\">Inter\u00e9s y demanda social<\/h3>\n<p>Las personas con Trastorno del Espectro del Autismo (TEA) y aquellas con Discapacidad Intelectual (DI) necesitan apoyos para poder desarrollarse y vivir como ciudadanos de pleno derecho y conseguir una plena inclusi\u00f3n. Por tanto, se hace imprescindible contar con profesionales formados en este \u00e1mbito que sean capaces de ofrecer las estrategias de apoyo e intervenci\u00f3n m\u00e1s adecuadas de acuerdo con las investigaciones y estudios neurocognitivos y psicosociales actuales.<\/p>\n<h3 style=\"color:#03618a\" class=\"has-inline-color\">Colaboraci\u00f3n con instituciones y centros<\/h3>\n<p>Se ha establecido la colaboraci\u00f3n con las instituciones y centros de referencia del Principado de Asturias en lo que respecta al Trastorno del Espectro del Autismo (TEA) y a la Discapacidad Intelectual (DI). Por ello, contamos con la colaboraci\u00f3n de profesionales de la Fundaci\u00f3n Vinjoy, de Plena Inclusi\u00f3n Asturias, de la Asociaci\u00f3n Asperger Asturias, del Equipo Regional ACNEAE-Unidad TEA y del CP de Educaci\u00f3n Especial Latores (Educastur), con profesionales de CZ Psic\u00f3logos, del Centro Ceo-Lenguaje y Desarrollo, as\u00ed como de Aspaym y del Centro Tecnol\u00f3gico de la Informaci\u00f3n y la Comunicaci\u00f3n (CETIC), como personal docente del M\u00e1ster. Esta colaboraci\u00f3n entre la Universidad y las instituciones y centros facilita la renovaci\u00f3n de los conocimientos y permite que el alumnado se acerque a la realidad y al d\u00eda a d\u00eda de los diferentes contextos de evaluaci\u00f3n e intervenci\u00f3n de personas con TEA o con DI. La colaboraci\u00f3n con instituciones y centros posibilita al alumnado la realizaci\u00f3n de las pr\u00e1cticas externas en centros de la Fundaci\u00f3n Vinjoy, de Plena Inclusi\u00f3n Asturias y de la Asociaci\u00f3n Asperger Asturias; a ellos se ha sumado este a\u00f1o la Fundaci\u00f3n Real Oviedo y el Centro Entramados. Dentro de la Fundaci\u00f3n Real Oviedo, encontramos el equipo Real Oviedo <em>Genuine<\/em>, formado \u00edntegramente por personas con m\u00e1s de 16 a\u00f1os de edad y m\u00e1s de un 33% de discapacidad intelectual y que compite en LaLiga Genuine Santander. Se trata de un proyecto integrador y socialmente responsable que busca normalizar la pr\u00e1ctica del f\u00fatbol, haciendo part\u00edcipe a la sociedad en el compromiso del f\u00fatbol profesional con la diversidad y la inclusi\u00f3n. Por su parte, Entramados es un centro interdisciplinar de apoyo al neurodesarrollo especializado en TEA en el que se ofrece un ambiente de pr\u00e1cticas activas en las que el alumnado interacciona en los diferentes servicios del centro.<\/p>\n\n\n\n<div class=\"wp-block-columns\">\n<div class=\"wp-block-column is-vertically-aligned-center\">\n<a href=\"https:\/\/www.vinjoy.es\/inicio\/\"><img src=\"https:\/\/www.unioviedo.es\/masterTEAyDI\/wp-content\/uploads\/2021\/05\/logo_Vinjoy.png\" alt=\"\"><\/a>\n<\/div>\n\n\n\n<div class=\"wp-block-column is-vertically-aligned-center\">\n<a href=\"https:\/\/www.plenainclusion.org\/\"><img src=\"https:\/\/www.unioviedo.es\/masterTEAyDI\/wp-content\/uploads\/2021\/02\/Logo-Plena-Inclusion-3.png\" alt=\"\"><\/a>\n<\/div>\n\n\n\n<div class=\"wp-block-column is-vertically-aligned-center\">\n<a href=\"https:\/\/aspergerasturias.org\/\"><img src=\"https:\/\/www.unioviedo.es\/masterTEAyDI\/wp-content\/uploads\/2021\/02\/Logo-AAA-4.png\" alt=\"\"><\/a>\n<\/div>\n<\/div>\n\n\n\n<div class=\"wp-block-columns\">\n<div class=\"wp-block-column is-vertically-aligned-center\">\n<a href=\"https:\/\/www.educastur.es\/consejeria\"><img src=\"https:\/\/www.unioviedo.es\/masterTEAyDI\/wp-content\/uploads\/2021\/04\/Logotipo20Consejeria20de20Educacion20de20Asturias.2020Cuadrado20escudo20arriba-1024x651.jpg\" alt=\"\"><\/a>\n<\/div>\n\n\n\n<div class=\"wp-block-column is-vertically-aligned-center\">\n<a href=\"http:\/\/www.czpsicologos.es\/\"><img src=\"https:\/\/www.unioviedo.es\/masterTEAyDI\/wp-content\/uploads\/2021\/03\/CZ-Logo-1024x307.png\" alt=\"\"><\/a>\n<\/div>\n\n\n\n<div class=\"wp-block-column is-vertically-aligned-center\">\n<a href=\"https:\/\/www.google.com\/url?sa=t&amp;rct=j&amp;q=&amp;esrc=s&amp;source=web&amp;cd=&amp;cad=rja&amp;uact=8&amp;ved=2ahUKEwjdvrLoibXwAhWHZMAKHRA7AB0QFjABegQIAxAD&amp;url=https%3A%2F%2Fwww.facebook.com%2Fpages%2Fcategory%2FSpeech-Pathologist%2FCEO-Lenguaje-y-Desarrollo-335961023899753%2F&amp;usg=AOvVaw15shXPdkxogeVG3Qo7Df5D\"><img src=\"https:\/\/www.unioviedo.es\/masterTEAyDI\/wp-content\/uploads\/2021\/02\/CEO-1.png\" alt=\"\"><\/a>\n<\/div>\n<\/div>\n\n\n\n<div class=\"wp-block-columns\">\n<div class=\"wp-block-column is-vertically-aligned-center\">\n<a href=\"https:\/\/www.aspaym-asturias.es\/\"><img src=\"https:\/\/www.unioviedo.es\/masterTEAyDI\/wp-content\/uploads\/2021\/02\/Aspaym-2.png\" alt=\"\"><\/a>\n<\/div>\n\n\n\n<div class=\"wp-block-column is-vertically-aligned-center\">\n<a href=\" https:\/\/www.fundacionctic.org\/\"><img src=\"https:\/\/www.unioviedo.es\/masterTEAyDI\/wp-content\/uploads\/2021\/02\/CTIC-1.png\" alt=\"\"><\/a>\n<\/div>\n\n\n\n<div class=\"wp-block-column is-vertically-aligned-center\">\n<a href=\"https:\/\/www.realoviedo.es\"><img src=\"https:\/\/www.unioviedo.es\/masterTEAyDI\/wp-content\/uploads\/2021\/02\/Logo-Fundacion-Real-Oviedo-1.png\" alt=\"\"><\/a>\n<\/div>\n<\/div>\n\n\n\n<div class=\"wp-block-columns\">\n<div class=\"wp-block-column is-vertically-aligned-center\">\n<a href=\"https:\/\/patiosyparquesdinamicos.com\/\"><img src=\"https:\/\/www.unioviedo.es\/masterTEAyDI\/wp-content\/uploads\/2021\/06\/LOGO-ENTRAMADOS-e1623748195466.png\" alt=\"Entramados\"><\/a>\n<\/div>\n\n\n\n<div class=\"wp-block-column is-vertically-aligned-center\"><\/div>\n\n\n\n<div class=\"wp-block-column is-vertically-aligned-center\"><\/div>\n<\/div>\n\n\n\n<p><\/p>\n","protected":false},"excerpt":{"rendered":"<p>Docencia presencial o presencial on line Inter\u00e9s acad\u00e9mico Los contenidos ofrecidos en el M\u00e1ster en Trastorno del Espectro del Autismo y en Discapacidad Intelectual tienen como objetivo abordar desde la detecci\u00f3n, evaluaci\u00f3n y diagn\u00f3stico precoz, hasta la intervenci\u00f3n durante todo el ciclo vital de las personas con TEA o con DI. Para ello, el M\u00e1ster &hellip; <\/p>\n<p class=\"link-more\"><a href=\"https:\/\/www.unioviedo.es\/masterTEAyDI\/\" class=\"more-link\">Continuar leyendo<span class=\"screen-reader-text\"> \u00abDescripci\u00f3n\u00bb<\/span><\/a><\/p>\n","protected":false},"author":1,"featured_media":0,"parent":0,"menu_order":0,"comment_status":"closed","ping_status":"closed","template":"","meta":[],"_links":{"self":[{"href":"https:\/\/www.unioviedo.es\/masterTEAyDI\/index.php\/wp-json\/wp\/v2\/pages\/4"}],"collection":[{"href":"https:\/\/www.unioviedo.es\/masterTEAyDI\/index.php\/wp-json\/wp\/v2\/pages"}],"about":[{"href":"https:\/\/www.unioviedo.es\/masterTEAyDI\/index.php\/wp-json\/wp\/v2\/types\/page"}],"author":[{"embeddable":true,"href":"https:\/\/www.unioviedo.es\/masterTEAyDI\/index.php\/wp-json\/wp\/v2\/users\/1"}],"replies":[{"embeddable":true,"href":"https:\/\/www.unioviedo.es\/masterTEAyDI\/index.php\/wp-json\/wp\/v2\/comments?post=4"}],"version-history":[{"count":72,"href":"https:\/\/www.unioviedo.es\/masterTEAyDI\/index.php\/wp-json\/wp\/v2\/pages\/4\/revisions"}],"predecessor-version":[{"id":964,"href":"https:\/\/www.unioviedo.es\/masterTEAyDI\/index.php\/wp-json\/wp\/v2\/pages\/4\/revisions\/964"}],"wp:attachment":[{"href":"https:\/\/www.unioviedo.es\/masterTEAyDI\/index.php\/wp-json\/wp\/v2\/media?parent=4"}],"curies":[{"name":"wp","href":"https:\/\/api.w.org\/{rel}","templated":true}]}}

Descripción

<p id="rotulo_docencia">Docencia presencial o presencial <em>on line</em></p>



<div class="wp-block-columns">
<div class="wp-block-column">
<a href="https://www.uniovi.es"><img src="https://www.unioviedo.es/masterTEAyDI/wp-content/uploads/2021/02/Logo-Uniovi-1.png" alt="Universidad de Oviedo"></a>
</div>



<div class="wp-block-column">
<a href="https://cei.uniovi.es/postgrado"><img src="https://www.unioviedo.es/masterTEAyDI/wp-content/uploads/2021/02/logo-CIP-2.png" alt="CIP"></a>
</div>
</div>



<img loading="lazy" src="https://www.unioviedo.es/masterTEAyDI/wp-content/uploads/2021/02/Foto-Poster-1.jpg" alt="" width="933" height="623">



<h3 style="color:#03618a" class="has-inline-color">Interés académico</h3>
<p>Los contenidos ofrecidos en el <em>Máster en Trastorno del Espectro del Autismo y en Discapacidad Intelectual</em> tienen como objetivo abordar desde la detección, evaluación y diagnóstico precoz, hasta la intervención durante todo el ciclo vital de las personas con TEA o con DI. Para ello, el Máster cuenta con un cuerpo docente compuesto tanto por profesado universitario como por profesionales de diferentes instituciones y centros del Principado de Asturias, lo que permite abarcar todas las áreas de intervención. Esta interdisciplinariedad ofrece al alumnado la posibilidad de entrar en contacto con la realidad de las personas con TEA o con DI y de sus familias. Estar en contacto con el día a día de las instituciones es el mejor modo de formar profesionales competentes. Las instituciones y centros de servicios que colaboran en este proyecto hacen viable la formación práctica de los participantes en este Máster.</p>
<h3 style="color:#03618a" class="has-inline-color">Interés y demanda social</h3>
<p>Las personas con Trastorno del Espectro del Autismo (TEA) y aquellas con Discapacidad Intelectual (DI) necesitan apoyos para poder desarrollarse y vivir como ciudadanos de pleno derecho y conseguir una plena inclusión. Por tanto, se hace imprescindible contar con profesionales formados en este ámbito que sean capaces de ofrecer las estrategias de apoyo e intervención más adecuadas de acuerdo con las investigaciones y estudios neurocognitivos y psicosociales actuales.</p>
<h3 style="color:#03618a" class="has-inline-color">Colaboración con instituciones y centros</h3>
<p>Se ha establecido la colaboración con las instituciones y centros de referencia del Principado de Asturias en lo que respecta al Trastorno del Espectro del Autismo (TEA) y a la Discapacidad Intelectual (DI). Por ello, contamos con la colaboración de profesionales de la Fundación Vinjoy, de Plena Inclusión Asturias, de la Asociación Asperger Asturias, del Equipo Regional ACNEAE-Unidad TEA y del CP de Educación Especial Latores (Educastur), con profesionales de CZ Psicólogos, del Centro Ceo-Lenguaje y Desarrollo, así como de Aspaym y del Centro Tecnológico de la Información y la Comunicación (CETIC), como personal docente del Máster. Esta colaboración entre la Universidad y las instituciones y centros facilita la renovación de los conocimientos y permite que el alumnado se acerque a la realidad y al día a día de los diferentes contextos de evaluación e intervención de personas con TEA o con DI. La colaboración con instituciones y centros posibilita al alumnado la realización de las prácticas externas en centros de la Fundación Vinjoy, de Plena Inclusión Asturias y de la Asociación Asperger Asturias; a ellos se ha sumado este año la Fundación Real Oviedo y el Centro Entramados. Dentro de la Fundación Real Oviedo, encontramos el equipo Real Oviedo <em>Genuine</em>, formado íntegramente por personas con más de 16 años de edad y más de un 33% de discapacidad intelectual y que compite en LaLiga Genuine Santander. Se trata de un proyecto integrador y socialmente responsable que busca normalizar la práctica del fútbol, haciendo partícipe a la sociedad en el compromiso del fútbol profesional con la diversidad y la inclusión. Por su parte, Entramados es un centro interdisciplinar de apoyo al neurodesarrollo especializado en TEA en el que se ofrece un ambiente de prácticas activas en las que el alumnado interacciona en los diferentes servicios del centro.</p>



<div class="wp-block-columns">
<div class="wp-block-column is-vertically-aligned-center">
<a href="https://www.vinjoy.es/inicio/"><img src="https://www.unioviedo.es/masterTEAyDI/wp-content/uploads/2021/05/logo_Vinjoy.png" alt=""></a>
</div>



<div class="wp-block-column is-vertically-aligned-center">
<a href="https://www.plenainclusion.org/"><img src="https://www.unioviedo.es/masterTEAyDI/wp-content/uploads/2021/02/Logo-Plena-Inclusion-3.png" alt=""></a>
</div>



<div class="wp-block-column is-vertically-aligned-center">
<a href="https://aspergerasturias.org/"><img src="https://www.unioviedo.es/masterTEAyDI/wp-content/uploads/2021/02/Logo-AAA-4.png" alt=""></a>
</div>
</div>



<div class="wp-block-columns">
<div class="wp-block-column is-vertically-aligned-center">
<a href="https://www.educastur.es/consejeria"><img src="https://www.unioviedo.es/masterTEAyDI/wp-content/uploads/2021/04/Logotipo20Consejeria20de20Educacion20de20Asturias.2020Cuadrado20escudo20arriba-1024x651.jpg" alt=""></a>
</div>



<div class="wp-block-column is-vertically-aligned-center">
<a href="http://www.czpsicologos.es/"><img src="https://www.unioviedo.es/masterTEAyDI/wp-content/uploads/2021/03/CZ-Logo-1024x307.png" alt=""></a>
</div>



<div class="wp-block-column is-vertically-aligned-center">
<a href="https://www.google.com/url?sa=t&amp;rct=j&amp;q=&amp;esrc=s&amp;source=web&amp;cd=&amp;cad=rja&amp;uact=8&amp;ved=2ahUKEwjdvrLoibXwAhWHZMAKHRA7AB0QFjABegQIAxAD&amp;url=https%3A%2F%2Fwww.facebook.com%2Fpages%2Fcategory%2FSpeech-Pathologist%2FCEO-Lenguaje-y-Desarrollo-335961023899753%2F&amp;usg=AOvVaw15shXPdkxogeVG3Qo7Df5D"><img src="https://www.unioviedo.es/masterTEAyDI/wp-content/uploads/2021/02/CEO-1.png" alt=""></a>
</div>
</div>



<div class="wp-block-columns">
<div class="wp-block-column is-vertically-aligned-center">
<a href="https://www.aspaym-asturias.es/"><img src="https://www.unioviedo.es/masterTEAyDI/wp-content/uploads/2021/02/Aspaym-2.png" alt=""></a>
</div>



<div class="wp-block-column is-vertically-aligned-center">
<a href=" https://www.fundacionctic.org/"><img src="https://www.unioviedo.es/masterTEAyDI/wp-content/uploads/2021/02/CTIC-1.png" alt=""></a>
</div>



<div class="wp-block-column is-vertically-aligned-center">
<a href="https://www.realoviedo.es"><img src="https://www.unioviedo.es/masterTEAyDI/wp-content/uploads/2021/02/Logo-Fundacion-Real-Oviedo-1.png" alt=""></a>
</div>
</div>



<div class="wp-block-columns">
<div class="wp-block-column is-vertically-aligned-center">
<a href="https://patiosyparquesdinamicos.com/"><img src="https://www.unioviedo.es/masterTEAyDI/wp-content/uploads/2021/06/LOGO-ENTRAMADOS-e1623748195466.png" alt="Entramados"></a>
</div>



<div class="wp-block-column is-vertically-aligned-center"></div>



<div class="wp-block-column is-vertically-aligned-center"></div>
</div>



<p></p>

<p>Docencia presencial o presencial on line Interés académico Los contenidos ofrecidos en el Máster en Trastorno del Espectro del Autismo y en Discapacidad Intelectual tienen como objetivo abordar desde la detección, evaluación y diagnóstico precoz, hasta la intervención durante todo el ciclo vital de las personas con TEA o con DI. Para ello, el Máster &hellip; </p>
<p class="link-more"><a href="https://www.unioviedo.es/masterTEAyDI/" class="more-link">Continuar leyendo<span class="screen-reader-text"> «Descripción»</span></a></p>
