{"id":1187,"date":"2024-07-06T00:40:35","date_gmt":"2024-07-05T22:40:35","guid":{"rendered":"https:\/\/www.unioviedo.es\/mastersiac\/?page_id=1187"},"modified":"2024-07-06T00:42:03","modified_gmt":"2024-07-05T22:42:03","slug":"calidad","status":"publish","type":"page","link":"https:\/\/www.unioviedo.es\/mastersiac\/index.php\/calidad\/","title":{"rendered":"Calidad"},"content":{"rendered":"\n\n\n<p style=\"text-align: justify;\"><span style=\"font-size: 12pt;\"><br \/>Toda la informaci\u00f3n sobre <strong>evaluaci\u00f3n de calidad del M\u00e1ster<\/strong> se encuentra disponible y permanentemente actualizada en la web institucional de la Universidad de Oviedo.<br \/><\/span><\/p>\n<p>Para consultarla, puedes hacerlo desde el siguiente enlace en el que deber\u00e1s seleccionar la pesta\u00f1a <strong>Informaci\u00f3n Adicional<\/strong>:<\/p>\n<p style=\"text-align: center;\"><span style=\"color: #ff0000;\"><strong><a style=\"color: #ff0000;\" href=\"https:\/\/www.uniovi.es\/estudia\/masteres\/socialesyjuridicas\/analisiscontable#informacion-adicional-976\">CONSULTA AQU\u00cd LA INFORMACI\u00d3N PERMANENTEMENTE ACTUALIZADA SOBRE CALIDAD DEL M\u00c1STER<\/a><\/strong><\/span><\/p>\n","protected":false},"excerpt":{"rendered":"<p>Toda la informaci\u00f3n sobre evaluaci\u00f3n de calidad del M\u00e1ster se encuentra disponible y permanentemente actualizada en la web institucional de la Universidad de Oviedo. Para consultarla, puedes hacerlo desde el siguiente enlace en el que deber\u00e1s seleccionar la pesta\u00f1a Informaci\u00f3n Adicional: CONSULTA AQU\u00cd LA INFORMACI\u00d3N PERMANENTEMENTE ACTUALIZADA SOBRE CALIDAD DEL M\u00c1STER<\/p>\n","protected":false},"author":1,"featured_media":0,"parent":0,"menu_order":0,"comment_status":"closed","ping_status":"closed","template":"","meta":{"footnotes":""},"class_list":["post-1187","page","type-page","status-publish","hentry"],"_links":{"self":[{"href":"https:\/\/www.unioviedo.es\/mastersiac\/index.php\/wp-json\/wp\/v2\/pages\/1187","targetHints":{"allow":["GET"]}}],"collection":[{"href":"https:\/\/www.unioviedo.es\/mastersiac\/index.php\/wp-json\/wp\/v2\/pages"}],"about":[{"href":"https:\/\/www.unioviedo.es\/mastersiac\/index.php\/wp-json\/wp\/v2\/types\/page"}],"author":[{"embeddable":true,"href":"https:\/\/www.unioviedo.es\/mastersiac\/index.php\/wp-json\/wp\/v2\/users\/1"}],"replies":[{"embeddable":true,"href":"https:\/\/www.unioviedo.es\/mastersiac\/index.php\/wp-json\/wp\/v2\/comments?post=1187"}],"version-history":[{"count":3,"href":"https:\/\/www.unioviedo.es\/mastersiac\/index.php\/wp-json\/wp\/v2\/pages\/1187\/revisions"}],"predecessor-version":[{"id":1192,"href":"https:\/\/www.unioviedo.es\/mastersiac\/index.php\/wp-json\/wp\/v2\/pages\/1187\/revisions\/1192"}],"wp:attachment":[{"href":"https:\/\/www.unioviedo.es\/mastersiac\/index.php\/wp-json\/wp\/v2\/media?parent=1187"}],"curies":[{"name":"wp","href":"https:\/\/api.w.org\/{rel}","templated":true}]}}